-- https://www.phpmyadmin.net/
--

START TRANSACTION;



--
-- Database: `mxcarmimeld_mxcar`
--

-- --------------------------------------------------------

--
-- Table structure for table `activations`
--

CREATE TABLE `activations` (
  `id` bigint(20) UNSIGNED NOT NULL,
  `user_id` bigint(20) UNSIGNED NOT NULL,
  `code` varchar(120) NOT NULL,
  `completed` tinyint(1) NOT NULL DEFAULT 0,
  `completed_at` timestamp NULL DEFAULT NULL,
  `created_at` timestamp NULL DEFAULT NULL,
  `updated_at` timestamp NULL DEFAULT NULL
) ENGINE=InnoDB DEFAULT CHARSET=utf8mb4 COLLATE=utf8mb4_unicode_ci;

--
-- Dumping data for table `activations`
--

INSERT INTO `activations` (`id`, `user_id`, `code`, `completed`, `completed_at`, `created_at`, `updated_at`) VALUES
(1, 1, 'pM3Z9I8JmmdcOqGdB9QLANMBRMiOk396', 1, '2025-08-01 08:35:40', '2025-08-01 08:35:40', '2025-08-01 08:35:40'),
(2, 3, '8okKBK6qdLacXuznhKHlW6gDwiyt13Uj', 1, '2025-08-22 08:35:08', '2025-08-22 08:35:08', '2025-08-22 08:35:08');

-- --------------------------------------------------------

--
-- Table structure for table `admin_notifications`
--

CREATE TABLE `admin_notifications` (
  `id` bigint(20) UNSIGNED NOT NULL,
  `title` varchar(191) NOT NULL,
  `action_label` varchar(191) DEFAULT NULL,
  `action_url` varchar(191) DEFAULT NULL,
  `description` varchar(400) DEFAULT NULL,
  `read_at` timestamp NULL DEFAULT NULL,
  `created_at` timestamp NULL DEFAULT NULL,
  `updated_at` timestamp NULL DEFAULT NULL,
  `permission` varchar(191) DEFAULT NULL
) ENGINE=InnoDB DEFAULT CHARSET=utf8mb4 COLLATE=utf8mb4_unicode_ci;

-- --------------------------------------------------------

--
-- Table structure for table `announcements`
--

CREATE TABLE `announcements` (
  `id` bigint(20) UNSIGNED NOT NULL,
  `name` varchar(191) NOT NULL,
  `content` text NOT NULL,
  `has_action` tinyint(1) NOT NULL DEFAULT 0,
  `action_label` varchar(60) DEFAULT NULL,
  `action_url` varchar(400) DEFAULT NULL,
  `action_open_new_tab` tinyint(1) NOT NULL DEFAULT 0,
  `dismissible` tinyint(1) NOT NULL DEFAULT 0,
  `start_date` datetime DEFAULT NULL,
  `end_date` datetime DEFAULT NULL,
  `is_active` tinyint(1) NOT NULL DEFAULT 1,
  `created_at` timestamp NULL DEFAULT NULL,
  `updated_at` timestamp NULL DEFAULT NULL
) ENGINE=InnoDB DEFAULT CHARSET=utf8mb4 COLLATE=utf8mb4_unicode_ci;

--
-- Dumping data for table `announcements`
--

INSERT INTO `announcements` (`id`, `name`, `content`, `has_action`, `action_label`, `action_url`, `action_open_new_tab`, `dismissible`, `start_date`, `end_date`, `is_active`, `created_at`, `updated_at`) VALUES
(1, 'Announcement 1', 'Drive Your Dream Car Today – Affordable Rentals at Your Fingertips!', 1, 'Book Now', '/', 0, 1, '2025-08-01 15:35:40', NULL, 1, '2025-08-01 08:35:40', '2025-08-01 08:35:40'),
(2, 'Announcement 2', 'Hit the Road in Style – Premium Car Rentals for Every Journey!', 1, 'Book Now', '/', 0, 1, '2025-08-01 15:35:40', NULL, 1, '2025-08-01 08:35:40', '2025-08-01 08:35:40'),
(3, 'Announcement 3', 'Explore the Open Road – Hassle-Free Car Rentals Just a Click Away!', 1, 'Book Now', '/', 0, 1, '2025-08-01 15:35:40', NULL, 1, '2025-08-01 08:35:40', '2025-08-01 08:35:40');

-- --------------------------------------------------------

--
-- Table structure for table `announcements_translations`
--

CREATE TABLE `announcements_translations` (
  `lang_code` varchar(191) NOT NULL,
  `announcements_id` bigint(20) UNSIGNED NOT NULL,
  `content` text DEFAULT NULL,
  `action_label` varchar(60) DEFAULT NULL
) ENGINE=InnoDB DEFAULT CHARSET=utf8mb4 COLLATE=utf8mb4_unicode_ci;

-- --------------------------------------------------------

--
-- Table structure for table `audit_histories`
--

CREATE TABLE `audit_histories` (
  `id` bigint(20) UNSIGNED NOT NULL,
  `user_id` bigint(20) UNSIGNED NOT NULL,
  `user_type` varchar(191) DEFAULT 'Botble\\ACL\\Models\\User',
  `module` varchar(60) NOT NULL,
  `request` longtext DEFAULT NULL,
  `action` varchar(120) NOT NULL,
  `user_agent` text DEFAULT NULL,
  `ip_address` varchar(45) DEFAULT NULL,
  `actor_id` bigint(20) UNSIGNED NOT NULL,
  `actor_type` varchar(191) DEFAULT 'Botble\\ACL\\Models\\User',
  `reference_id` bigint(20) UNSIGNED NOT NULL,
  `reference_name` varchar(191) NOT NULL,
  `type` varchar(20) NOT NULL,
  `created_at` timestamp NULL DEFAULT NULL,
  `updated_at` timestamp NULL DEFAULT NULL
) ENGINE=InnoDB DEFAULT CHARSET=utf8mb4 COLLATE=utf8mb4_unicode_ci;

--
-- Dumping data for table `audit_histories`
--

INSERT INTO `audit_histories` (`id`, `user_id`, `user_type`, `module`, `request`, `action`, `user_agent`, `ip_address`, `actor_id`, `actor_type`, `reference_id`, `reference_name`, `type`, `created_at`, `updated_at`) VALUES
(206, 3, 'Botble\\ACL\\Models\\User', 'to the system', NULL, 'logged in', 'Mozilla/5.0 (Windows NT 10.0; Win64; x64) AppleWebKit/537.36 (KHTML, like Gecko) Chrome/139.0.0.0 Safari/537.36', '106.215.182.212', 3, 'Botble\\ACL\\Models\\User', 3, 'Admin Demo', 'info', '2025-08-27 14:25:02', '2025-08-27 14:25:02'),
(207, 1, 'Botble\\ACL\\Models\\User', 'to the system', NULL, 'logged in', 'Mozilla/5.0 (Windows NT 10.0; Win64; x64) AppleWebKit/537.36 (KHTML, like Gecko) Chrome/139.0.0.0 Safari/537.36', '106.215.157.17', 1, 'Botble\\ACL\\Models\\User', 1, 'Master Demo', 'info', '2025-08-28 04:33:00', '2025-08-28 04:33:00'),
(208, 1, 'Botble\\ACL\\Models\\User', 'to the system', NULL, 'logged in', 'Mozilla/5.0 (Windows NT 10.0; Win64; x64) AppleWebKit/537.36 (KHTML, like Gecko) Chrome/139.0.0.0 Safari/537.36', '106.215.153.32', 1, 'Botble\\ACL\\Models\\User', 1, 'Master Demo', 'info', '2025-09-05 08:35:00', '2025-09-05 08:35:00'),
(209, 1, 'Botble\\ACL\\Models\\User', 'to the system', NULL, 'logged in', 'Mozilla/5.0 (Macintosh; Intel Mac OS X 10_15_7) AppleWebKit/605.1.15 (KHTML, like Gecko) Version/18.6 Safari/605.1.15', '116.72.228.77', 1, 'Botble\\ACL\\Models\\User', 1, 'Master Demo', 'info', '2025-09-07 08:44:45', '2025-09-07 08:44:45'),
(210, 1, 'Botble\\ACL\\Models\\User', 'to the system', NULL, 'logged in', 'Mozilla/5.0 (Windows NT 10.0; Win64; x64) AppleWebKit/537.36 (KHTML, like Gecko) Chrome/139.0.0.0 Safari/537.36', '103.116.239.79', 1, 'Botble\\ACL\\Models\\User', 1, 'Master Demo', 'info', '2025-09-07 08:51:05', '2025-09-07 08:51:05'),
(211, 1, 'Botble\\ACL\\Models\\User', 'to the system', NULL, 'logged in', 'Mozilla/5.0 (Windows NT 10.0; Win64; x64) AppleWebKit/537.36 (KHTML, like Gecko) Chrome/139.0.0.0 Safari/537.36', '103.116.239.79', 1, 'Botble\\ACL\\Models\\User', 1, 'Master Demo', 'info', '2025-09-07 08:51:08', '2025-09-07 08:51:08'),
(212, 1, 'Botble\\ACL\\Models\\User', 'to the system', NULL, 'logged in', 'Mozilla/5.0 (Windows NT 10.0; Win64; x64) AppleWebKit/537.36 (KHTML, like Gecko) Chrome/139.0.0.0 Safari/537.36', '223.181.63.69', 1, 'Botble\\ACL\\Models\\User', 1, 'Master Demo', 'info', '2025-09-07 08:57:37', '2025-09-07 08:57:37'),
(213, 1, 'Botble\\ACL\\Models\\User', 'booking', '{\"_method\":\"delete\"}', 'deleted', 'Mozilla/5.0 (Windows NT 10.0; Win64; x64) AppleWebKit/537.36 (KHTML, like Gecko) Chrome/139.0.0.0 Safari/537.36', '223.181.63.69', 1, 'Botble\\ACL\\Models\\User', 27, 'ID: 27', 'danger', '2025-09-07 09:00:31', '2025-09-07 09:00:31'),
(214, 1, 'Botble\\ACL\\Models\\User', 'to the system', NULL, 'logged in', 'Mozilla/5.0 (Windows NT 10.0; Win64; x64) AppleWebKit/537.36 (KHTML, like Gecko) Chrome/139.0.0.0 Safari/537.36', '103.116.239.109', 1, 'Botble\\ACL\\Models\\User', 1, 'Master Demo', 'info', '2025-09-09 06:51:03', '2025-09-09 06:51:03'),
(215, 0, NULL, 'booking', '{\"submitter\":\"apply\",\"status\":\"completed\"}', 'updated', 'Mozilla/5.0 (Windows NT 10.0; Win64; x64) AppleWebKit/537.36 (KHTML, like Gecko) Chrome/139.0.0.0 Safari/537.36', '106.222.217.171', 0, NULL, 28, 'ID: 28', 'primary', '2025-09-09 07:16:59', '2025-09-09 07:16:59'),
(216, 3, 'Botble\\ACL\\Models\\User', 'to the system', NULL, 'logged in', 'Mozilla/5.0 (Windows NT 10.0; Win64; x64) AppleWebKit/537.36 (KHTML, like Gecko) Chrome/139.0.0.0 Safari/537.36', '106.222.217.171', 3, 'Botble\\ACL\\Models\\User', 3, 'Admin Demo', 'info', '2025-09-09 07:21:33', '2025-09-09 07:21:33'),
(217, 3, 'Botble\\ACL\\Models\\User', 'to the system', NULL, 'logged in', 'Mozilla/5.0 (Linux; Android 8.0.0; SM-G955U Build/R16NW) AppleWebKit/537.36 (KHTML, like Gecko) Chrome/139.0.0.0 Mobile Safari/537.36', '116.73.92.156', 3, 'Botble\\ACL\\Models\\User', 3, 'Admin Demo', 'info', '2025-09-09 12:27:10', '2025-09-09 12:27:10'),
(218, 3, 'Botble\\ACL\\Models\\User', 'of the system', '[]', 'logged out', 'Mozilla/5.0 (Macintosh; Intel Mac OS X 10_15_7) AppleWebKit/537.36 (KHTML, like Gecko) Chrome/139.0.0.0 Safari/537.36', '116.73.92.156', 3, 'Botble\\ACL\\Models\\User', 3, 'Admin Demo', 'info', '2025-09-09 12:27:25', '2025-09-09 12:27:25'),
(219, 3, 'Botble\\ACL\\Models\\User', 'from the admin panel', NULL, 'logged out', 'Mozilla/5.0 (Macintosh; Intel Mac OS X 10_15_7) AppleWebKit/537.36 (KHTML, like Gecko) Chrome/139.0.0.0 Safari/537.36', '116.73.92.156', 3, 'Botble\\ACL\\Models\\User', 3, 'Admin Demo', 'info', '2025-09-09 12:27:25', '2025-09-09 12:27:25'),
(220, 0, NULL, 'car', '{\"name\":\"Renault Clio 6\",\"model\":\"Botble\\\\CarRentals\\\\Models\\\\Car\",\"slug\":\"renault-clio-6\",\"slug_id\":\"0\",\"is_slug_editable\":\"1\",\"description\":null,\"content\":\"<ul><li data-start=\\\"248\\\" data-end=\\\"348\\\"><p data-start=\\\"250\\\" data-end=\\\"348\\\">Unveiled on <strong data-start=\\\"262\\\" data-end=\\\"282\\\">8 September 2025<\\/strong> at the Munich Motor Show.&nbsp;<\\/p><\\/li><li data-start=\\\"349\\\" data-end=\\\"447\\\"><p data-start=\\\"351\\\" data-end=\\\"447\\\">It\\u2019s Renault\\u2019s biggest redesign of the Clio in 13 years.&nbsp;<\\/p><\\/li><li data-start=\\\"448\\\" data-end=\\\"617\\\"><p data-start=\\\"450\\\" data-end=\\\"617\\\">The Clio 6 is <strong data-start=\\\"464\\\" data-end=\\\"479\\\">7 cm longer<\\/strong> than the Clio 5, with a sleeker, more modern and sporty look, especially in front &amp; rear styling.&nbsp;<\\/p><\\/li><li data-start=\\\"618\\\" data-end=\\\"799\\\"><p data-start=\\\"620\\\" data-end=\\\"799\\\">More tech: dual 10-inch screens, a Google-based infotainment system (including Google Maps, Google Assistant, Google Play) in higher trims.&nbsp;<\\/p><\\/li><li data-start=\\\"800\\\" data-end=\\\"916\\\"><p data-start=\\\"802\\\" data-end=\\\"916\\\">Many driver-assistance features: up to <strong data-start=\\\"841\\\" data-end=\\\"859\\\">29 driver aids<\\/strong> in higher trim<\\/p><\\/li><\\/ul>\",\"images\":[\"customers\\/14\\/a.jpeg\"],\"location\":\"Los angelus,california,usa\",\"currency_id\":\"1\",\"car_purpose\":\"rent\",\"rental_type\":\"per_hour\",\"rental_rate\":\"200\",\"tax_id\":\"1\",\"pick_address_id\":\"11\",\"is_same_drop_off\":\"1\",\"return_address_id\":\"11\",\"external_booking_url\":null,\"sale_price\":null,\"condition\":null,\"ownership_history\":null,\"warranty_information\":null,\"sale_status\":\"available\",\"make_id\":\"14\",\"vehicle_type_id\":\"1\",\"transmission_id\":\"1\",\"fuel_type_id\":\"1\",\"license_plate\":\"AK-1332\",\"vin\":\"231321\",\"year\":null,\"mileage\":null,\"horsepower\":null,\"number_of_seats\":null,\"number_of_doors\":null,\"insurance_info\":null,\"seo_meta\":{\"seo_title\":null,\"seo_description\":null,\"index\":\"index\"},\"seo_meta_image\":null,\"status\":\"available\",\"is_used\":\"0\",\"tags\":null,\"categories\":[\"5\"],\"colors\":null,\"submitter\":\"apply\"}', 'created', 'Mozilla/5.0 (Windows NT 10.0; Win64; x64) AppleWebKit/537.36 (KHTML, like Gecko) Chrome/139.0.0.0 Safari/537.36', '122.170.198.82', 0, NULL, 23, 'Renault Clio 6', 'info', '2025-09-11 03:59:21', '2025-09-11 03:59:21'),
(221, 0, NULL, 'car', '{\"name\":\"Renault Clio 6\",\"model\":\"Botble\\\\CarRentals\\\\Models\\\\Car\",\"slug\":\"renault-clio-6\",\"slug_id\":\"0\",\"is_slug_editable\":\"1\",\"description\":null,\"content\":\"<ul><li data-start=\\\"248\\\" data-end=\\\"348\\\"><p data-start=\\\"250\\\" data-end=\\\"348\\\">Unveiled on <strong data-start=\\\"262\\\" data-end=\\\"282\\\">8 September 2025<\\/strong> at the Munich Motor Show.&nbsp;<\\/p><\\/li><li data-start=\\\"349\\\" data-end=\\\"447\\\"><p data-start=\\\"351\\\" data-end=\\\"447\\\">It\\u2019s Renault\\u2019s biggest redesign of the Clio in 13 years.&nbsp;<\\/p><\\/li><li data-start=\\\"448\\\" data-end=\\\"617\\\"><p data-start=\\\"450\\\" data-end=\\\"617\\\">The Clio 6 is <strong data-start=\\\"464\\\" data-end=\\\"479\\\">7 cm longer<\\/strong> than the Clio 5, with a sleeker, more modern and sporty look, especially in front &amp; rear styling.&nbsp;<\\/p><\\/li><li data-start=\\\"618\\\" data-end=\\\"799\\\"><p data-start=\\\"620\\\" data-end=\\\"799\\\">More tech: dual 10-inch screens, a Google-based infotainment system (including Google Maps, Google Assistant, Google Play) in higher trims.&nbsp;<\\/p><\\/li><li data-start=\\\"800\\\" data-end=\\\"916\\\"><p data-start=\\\"802\\\" data-end=\\\"916\\\">Many driver-assistance features: up to <strong data-start=\\\"841\\\" data-end=\\\"859\\\">29 driver aids<\\/strong> in higher trim<\\/p><\\/li><\\/ul>\",\"images\":[\"customers\\/14\\/a.jpeg\"],\"location\":\"Los angelus,california,usa\",\"currency_id\":\"1\",\"car_purpose\":\"rent\",\"rental_type\":\"per_hour\",\"rental_rate\":\"200\",\"tax_id\":\"1\",\"pick_address_id\":\"11\",\"is_same_drop_off\":\"1\",\"return_address_id\":\"11\",\"external_booking_url\":null,\"sale_price\":null,\"condition\":null,\"ownership_history\":null,\"warranty_information\":null,\"sale_status\":\"available\",\"make_id\":\"14\",\"vehicle_type_id\":\"1\",\"transmission_id\":\"1\",\"fuel_type_id\":\"1\",\"license_plate\":\"AK-1332\",\"vin\":\"231321\",\"year\":null,\"mileage\":null,\"horsepower\":null,\"number_of_seats\":null,\"number_of_doors\":null,\"insurance_info\":null,\"seo_meta\":{\"seo_title\":null,\"seo_description\":null,\"index\":\"index\"},\"seo_meta_image\":null,\"status\":\"available\",\"is_used\":\"0\",\"tags\":null,\"categories\":[\"5\"],\"colors\":null,\"submitter\":\"apply\"}', 'created', 'Mozilla/5.0 (Windows NT 10.0; Win64; x64) AppleWebKit/537.36 (KHTML, like Gecko) Chrome/139.0.0.0 Safari/537.36', '122.170.198.82', 0, NULL, 23, 'Renault Clio 6', 'info', '2025-09-11 03:59:21', '2025-09-11 03:59:21'),
(222, 0, NULL, 'car', '{\"name\":\"Renault Clio 6\",\"model\":\"Botble\\\\CarRentals\\\\Models\\\\Car\",\"slug\":\"kia-stinger-gt2-awd-2024\",\"slug_id\":\"119\",\"is_slug_editable\":\"1\",\"description\":null,\"content\":\"<ul><li data-start=\\\"248\\\" data-end=\\\"348\\\"><p data-start=\\\"250\\\" data-end=\\\"348\\\">Unveiled on <strong data-start=\\\"262\\\" data-end=\\\"282\\\">8 September 2025<\\/strong> at the Munich Motor Show.&nbsp;<\\/p><\\/li><li data-start=\\\"349\\\" data-end=\\\"447\\\"><p data-start=\\\"351\\\" data-end=\\\"447\\\">It\\u2019s Renault\\u2019s biggest redesign of the Clio in 13 years.&nbsp;<\\/p><\\/li><li data-start=\\\"448\\\" data-end=\\\"617\\\"><p data-start=\\\"450\\\" data-end=\\\"617\\\">The Clio 6 is <strong data-start=\\\"464\\\" data-end=\\\"479\\\">7 cm longer<\\/strong> than the Clio 5, with a sleeker, more modern and sporty look, especially in front &amp; rear styling.&nbsp;<\\/p><\\/li><li data-start=\\\"618\\\" data-end=\\\"799\\\"><p data-start=\\\"620\\\" data-end=\\\"799\\\">More tech: dual 10-inch screens, a Google-based infotainment system (including Google Maps, Google Assistant, Google Play) in higher trims.&nbsp;<\\/p><\\/li><li data-start=\\\"800\\\" data-end=\\\"916\\\"><p data-start=\\\"802\\\" data-end=\\\"916\\\">Many driver-assistance features: up to <strong data-start=\\\"841\\\" data-end=\\\"859\\\">29 driver aids<\\/strong> in higher trim<\\/p><\\/li><\\/ul>\",\"images\":[\"customers\\/14\\/a.jpeg\"],\"location\":\"Los angelus,california,usa\",\"currency_id\":\"1\",\"car_purpose\":\"rent\",\"rental_type\":\"per_hour\",\"rental_rate\":\"200\",\"tax_id\":\"1\",\"pick_address_id\":\"11\",\"is_same_drop_off\":\"1\",\"return_address_id\":\"11\",\"external_booking_url\":null,\"sale_price\":\"0\",\"condition\":null,\"ownership_history\":null,\"warranty_information\":null,\"sale_status\":\"available\",\"make_id\":\"14\",\"vehicle_type_id\":\"1\",\"transmission_id\":\"1\",\"fuel_type_id\":\"1\",\"license_plate\":\"AK-1332\",\"vin\":\"231321\",\"year\":null,\"mileage\":null,\"horsepower\":null,\"number_of_seats\":null,\"number_of_doors\":null,\"insurance_info\":null,\"seo_meta\":{\"seo_title\":null,\"seo_description\":null,\"index\":\"index\"},\"seo_meta_image\":null,\"status\":\"available\",\"is_used\":\"0\",\"tags\":null,\"categories\":[\"5\"],\"colors\":null,\"submitter\":\"apply\"}', 'updated', 'Mozilla/5.0 (Windows NT 10.0; Win64; x64) AppleWebKit/537.36 (KHTML, like Gecko) Chrome/139.0.0.0 Safari/537.36', '122.170.198.82', 0, NULL, 23, 'Renault Clio 6', 'primary', '2025-09-11 04:02:11', '2025-09-11 04:02:11'),
(223, 0, NULL, 'car', '{\"name\":\"Renault Clio 6\",\"model\":\"Botble\\\\CarRentals\\\\Models\\\\Car\",\"slug\":\"kia-stinger-gt2-awd-2024\",\"slug_id\":\"119\",\"is_slug_editable\":\"1\",\"description\":null,\"content\":\"<ul><li data-start=\\\"248\\\" data-end=\\\"348\\\"><p data-start=\\\"250\\\" data-end=\\\"348\\\">Unveiled on <strong data-start=\\\"262\\\" data-end=\\\"282\\\">8 September 2025<\\/strong> at the Munich Motor Show.&nbsp;<\\/p><\\/li><li data-start=\\\"349\\\" data-end=\\\"447\\\"><p data-start=\\\"351\\\" data-end=\\\"447\\\">It\\u2019s Renault\\u2019s biggest redesign of the Clio in 13 years.&nbsp;<\\/p><\\/li><li data-start=\\\"448\\\" data-end=\\\"617\\\"><p data-start=\\\"450\\\" data-end=\\\"617\\\">The Clio 6 is <strong data-start=\\\"464\\\" data-end=\\\"479\\\">7 cm longer<\\/strong> than the Clio 5, with a sleeker, more modern and sporty look, especially in front &amp; rear styling.&nbsp;<\\/p><\\/li><li data-start=\\\"618\\\" data-end=\\\"799\\\"><p data-start=\\\"620\\\" data-end=\\\"799\\\">More tech: dual 10-inch screens, a Google-based infotainment system (including Google Maps, Google Assistant, Google Play) in higher trims.&nbsp;<\\/p><\\/li><li data-start=\\\"800\\\" data-end=\\\"916\\\"><p data-start=\\\"802\\\" data-end=\\\"916\\\">Many driver-assistance features: up to <strong data-start=\\\"841\\\" data-end=\\\"859\\\">29 driver aids<\\/strong> in higher trim<\\/p><\\/li><\\/ul>\",\"images\":[\"customers\\/14\\/a.jpeg\"],\"location\":\"Los angelus,california,usa\",\"currency_id\":\"1\",\"car_purpose\":\"rent\",\"rental_type\":\"per_hour\",\"rental_rate\":\"200\",\"tax_id\":\"1\",\"pick_address_id\":\"11\",\"is_same_drop_off\":\"1\",\"return_address_id\":\"11\",\"external_booking_url\":null,\"sale_price\":\"0\",\"condition\":null,\"ownership_history\":null,\"warranty_information\":null,\"sale_status\":\"available\",\"make_id\":\"14\",\"vehicle_type_id\":\"1\",\"transmission_id\":\"1\",\"fuel_type_id\":\"1\",\"license_plate\":\"AK-1332\",\"vin\":\"231321\",\"year\":null,\"mileage\":null,\"horsepower\":null,\"number_of_seats\":null,\"number_of_doors\":null,\"insurance_info\":null,\"seo_meta\":{\"seo_title\":null,\"seo_description\":null,\"index\":\"index\"},\"seo_meta_image\":null,\"status\":\"available\",\"is_used\":\"0\",\"tags\":null,\"categories\":[\"5\"],\"colors\":null,\"submitter\":\"apply\"}', 'updated', 'Mozilla/5.0 (Windows NT 10.0; Win64; x64) AppleWebKit/537.36 (KHTML, like Gecko) Chrome/139.0.0.0 Safari/537.36', '122.170.198.82', 0, NULL, 23, 'Renault Clio 6', 'primary', '2025-09-11 04:02:11', '2025-09-11 04:02:11'),
(224, 0, NULL, 'car', '{\"name\":\"Renault Clio 6\",\"model\":\"Botble\\\\CarRentals\\\\Models\\\\Car\",\"slug\":\"kia-stinger-gt2-awd-2024\",\"slug_id\":\"119\",\"is_slug_editable\":\"1\",\"description\":null,\"content\":\"<ul><li data-start=\\\"248\\\" data-end=\\\"348\\\"><p data-start=\\\"250\\\" data-end=\\\"348\\\">Unveiled on <strong data-start=\\\"262\\\" data-end=\\\"282\\\">8 September 2025<\\/strong> at the Munich Motor Show.&nbsp;<\\/p><\\/li><li data-start=\\\"349\\\" data-end=\\\"447\\\"><p data-start=\\\"351\\\" data-end=\\\"447\\\">It\\u2019s Renault\\u2019s biggest redesign of the Clio in 13 years.&nbsp;<\\/p><\\/li><li data-start=\\\"448\\\" data-end=\\\"617\\\"><p data-start=\\\"450\\\" data-end=\\\"617\\\">The Clio 6 is <strong data-start=\\\"464\\\" data-end=\\\"479\\\">7 cm longer<\\/strong> than the Clio 5, with a sleeker, more modern and sporty look, especially in front &amp; rear styling.&nbsp;<\\/p><\\/li><li data-start=\\\"618\\\" data-end=\\\"799\\\"><p data-start=\\\"620\\\" data-end=\\\"799\\\">More tech: dual 10-inch screens, a Google-based infotainment system (including Google Maps, Google Assistant, Google Play) in higher trims.&nbsp;<\\/p><\\/li><li data-start=\\\"800\\\" data-end=\\\"916\\\"><p data-start=\\\"802\\\" data-end=\\\"916\\\">Many driver-assistance features: up to <strong data-start=\\\"841\\\" data-end=\\\"859\\\">29 driver aids<\\/strong> in higher trim<\\/p><\\/li><\\/ul>\",\"images\":[\"customers\\/14\\/a.jpeg\"],\"location\":\"Los angelus,california,usa\",\"currency_id\":\"1\",\"car_purpose\":\"rent\",\"rental_type\":\"per_hour\",\"rental_rate\":\"200\",\"tax_id\":\"1\",\"pick_address_id\":\"11\",\"is_same_drop_off\":\"1\",\"return_address_id\":\"11\",\"external_booking_url\":null,\"sale_price\":\"0\",\"condition\":null,\"ownership_history\":null,\"warranty_information\":null,\"sale_status\":\"available\",\"make_id\":\"14\",\"vehicle_type_id\":\"1\",\"transmission_id\":\"1\",\"fuel_type_id\":\"1\",\"license_plate\":\"AK-1332\",\"vin\":\"231321\",\"year\":null,\"mileage\":null,\"horsepower\":null,\"number_of_seats\":null,\"number_of_doors\":null,\"insurance_info\":null,\"seo_meta\":{\"seo_title\":null,\"seo_description\":null,\"index\":\"index\"},\"seo_meta_image\":null,\"status\":\"available\",\"is_used\":\"0\",\"tags\":null,\"categories\":[\"5\"],\"colors\":null,\"submitter\":\"apply\"}', 'updated', 'Mozilla/5.0 (Windows NT 10.0; Win64; x64) AppleWebKit/537.36 (KHTML, like Gecko) Chrome/139.0.0.0 Safari/537.36', '122.170.198.82', 0, NULL, 23, 'Renault Clio 6', 'primary', '2025-09-11 04:02:47', '2025-09-11 04:02:47'),
(225, 0, NULL, 'car', '{\"name\":\"Renault Clio 6\",\"model\":\"Botble\\\\CarRentals\\\\Models\\\\Car\",\"slug\":\"kia-stinger-gt2-awd-2024\",\"slug_id\":\"119\",\"is_slug_editable\":\"1\",\"description\":null,\"content\":\"<ul><li data-start=\\\"248\\\" data-end=\\\"348\\\"><p data-start=\\\"250\\\" data-end=\\\"348\\\">Unveiled on <strong data-start=\\\"262\\\" data-end=\\\"282\\\">8 September 2025<\\/strong> at the Munich Motor Show.&nbsp;<\\/p><\\/li><li data-start=\\\"349\\\" data-end=\\\"447\\\"><p data-start=\\\"351\\\" data-end=\\\"447\\\">It\\u2019s Renault\\u2019s biggest redesign of the Clio in 13 years.&nbsp;<\\/p><\\/li><li data-start=\\\"448\\\" data-end=\\\"617\\\"><p data-start=\\\"450\\\" data-end=\\\"617\\\">The Clio 6 is <strong data-start=\\\"464\\\" data-end=\\\"479\\\">7 cm longer<\\/strong> than the Clio 5, with a sleeker, more modern and sporty look, especially in front &amp; rear styling.&nbsp;<\\/p><\\/li><li data-start=\\\"618\\\" data-end=\\\"799\\\"><p data-start=\\\"620\\\" data-end=\\\"799\\\">More tech: dual 10-inch screens, a Google-based infotainment system (including Google Maps, Google Assistant, Google Play) in higher trims.&nbsp;<\\/p><\\/li><li data-start=\\\"800\\\" data-end=\\\"916\\\"><p data-start=\\\"802\\\" data-end=\\\"916\\\">Many driver-assistance features: up to <strong data-start=\\\"841\\\" data-end=\\\"859\\\">29 driver aids<\\/strong> in higher trim<\\/p><\\/li><\\/ul>\",\"images\":[\"customers\\/14\\/a.jpeg\"],\"location\":\"Los angelus,california,usa\",\"currency_id\":\"1\",\"car_purpose\":\"rent\",\"rental_type\":\"per_hour\",\"rental_rate\":\"200\",\"tax_id\":\"1\",\"pick_address_id\":\"11\",\"is_same_drop_off\":\"1\",\"return_address_id\":\"11\",\"external_booking_url\":null,\"sale_price\":\"0\",\"condition\":null,\"ownership_history\":null,\"warranty_information\":null,\"sale_status\":\"available\",\"make_id\":\"14\",\"vehicle_type_id\":\"1\",\"transmission_id\":\"1\",\"fuel_type_id\":\"1\",\"license_plate\":\"AK-1332\",\"vin\":\"231321\",\"year\":null,\"mileage\":null,\"horsepower\":null,\"number_of_seats\":null,\"number_of_doors\":null,\"insurance_info\":null,\"seo_meta\":{\"seo_title\":null,\"seo_description\":null,\"index\":\"index\"},\"seo_meta_image\":null,\"status\":\"available\",\"is_used\":\"0\",\"tags\":null,\"categories\":[\"5\"],\"colors\":null,\"submitter\":\"apply\"}', 'updated', 'Mozilla/5.0 (Windows NT 10.0; Win64; x64) AppleWebKit/537.36 (KHTML, like Gecko) Chrome/139.0.0.0 Safari/537.36', '122.170.198.82', 0, NULL, 23, 'Renault Clio 6', 'primary', '2025-09-11 04:02:47', '2025-09-11 04:02:47'),
(226, 0, NULL, 'car', '{\"name\":\"Renault Clio 6\",\"model\":\"Botble\\\\CarRentals\\\\Models\\\\Car\",\"slug\":\"kia-stinger-gt2-awd-2024\",\"slug_id\":\"119\",\"is_slug_editable\":\"1\",\"description\":null,\"content\":\"<ul><li data-start=\\\"248\\\" data-end=\\\"348\\\"><p data-start=\\\"250\\\" data-end=\\\"348\\\">Unveiled on <strong data-start=\\\"262\\\" data-end=\\\"282\\\">8 September 2025<\\/strong> at the Munich Motor Show.&nbsp;<\\/p><\\/li><li data-start=\\\"349\\\" data-end=\\\"447\\\"><p data-start=\\\"351\\\" data-end=\\\"447\\\">It\\u2019s Renault\\u2019s biggest redesign of the Clio in 13 years.&nbsp;<\\/p><\\/li><li data-start=\\\"448\\\" data-end=\\\"617\\\"><p data-start=\\\"450\\\" data-end=\\\"617\\\">The Clio 6 is <strong data-start=\\\"464\\\" data-end=\\\"479\\\">7 cm longer<\\/strong> than the Clio 5, with a sleeker, more modern and sporty look, especially in front &amp; rear styling.&nbsp;<\\/p><\\/li><li data-start=\\\"618\\\" data-end=\\\"799\\\"><p data-start=\\\"620\\\" data-end=\\\"799\\\">More tech: dual 10-inch screens, a Google-based infotainment system (including Google Maps, Google Assistant, Google Play) in higher trims.&nbsp;<\\/p><\\/li><li data-start=\\\"800\\\" data-end=\\\"916\\\"><p data-start=\\\"802\\\" data-end=\\\"916\\\">Many driver-assistance features: up to <strong data-start=\\\"841\\\" data-end=\\\"859\\\">29 driver aids<\\/strong> in higher trim<\\/p><\\/li><\\/ul>\",\"images\":[\"customers\\/14\\/a.jpeg\"],\"location\":\"Los angelus,california,usa\",\"currency_id\":\"1\",\"car_purpose\":\"rent\",\"rental_type\":\"per_hour\",\"rental_rate\":\"200\",\"tax_id\":\"1\",\"pick_address_id\":\"11\",\"is_same_drop_off\":\"1\",\"return_address_id\":\"11\",\"external_booking_url\":null,\"sale_price\":\"0\",\"condition\":null,\"ownership_history\":null,\"warranty_information\":null,\"sale_status\":\"available\",\"make_id\":\"14\",\"vehicle_type_id\":\"1\",\"transmission_id\":\"1\",\"fuel_type_id\":\"1\",\"license_plate\":\"AK-1332\",\"vin\":\"231321\",\"year\":null,\"mileage\":null,\"horsepower\":null,\"number_of_seats\":null,\"number_of_doors\":null,\"insurance_info\":null,\"seo_meta\":{\"seo_title\":null,\"seo_description\":null,\"index\":\"index\"},\"seo_meta_image\":null,\"status\":\"available\",\"is_used\":\"0\",\"tags\":null,\"categories\":[\"5\"],\"colors\":null}', 'updated', 'Mozilla/5.0 (Windows NT 10.0; Win64; x64) AppleWebKit/537.36 (KHTML, like Gecko) Chrome/139.0.0.0 Safari/537.36', '122.170.198.82', 0, NULL, 23, 'Renault Clio 6', 'primary', '2025-09-11 04:03:01', '2025-09-11 04:03:01'),
(227, 0, NULL, 'car', '{\"name\":\"Renault Clio 6\",\"model\":\"Botble\\\\CarRentals\\\\Models\\\\Car\",\"slug\":\"kia-stinger-gt2-awd-2024\",\"slug_id\":\"119\",\"is_slug_editable\":\"1\",\"description\":null,\"content\":\"<ul><li data-start=\\\"248\\\" data-end=\\\"348\\\"><p data-start=\\\"250\\\" data-end=\\\"348\\\">Unveiled on <strong data-start=\\\"262\\\" data-end=\\\"282\\\">8 September 2025<\\/strong> at the Munich Motor Show.&nbsp;<\\/p><\\/li><li data-start=\\\"349\\\" data-end=\\\"447\\\"><p data-start=\\\"351\\\" data-end=\\\"447\\\">It\\u2019s Renault\\u2019s biggest redesign of the Clio in 13 years.&nbsp;<\\/p><\\/li><li data-start=\\\"448\\\" data-end=\\\"617\\\"><p data-start=\\\"450\\\" data-end=\\\"617\\\">The Clio 6 is <strong data-start=\\\"464\\\" data-end=\\\"479\\\">7 cm longer<\\/strong> than the Clio 5, with a sleeker, more modern and sporty look, especially in front &amp; rear styling.&nbsp;<\\/p><\\/li><li data-start=\\\"618\\\" data-end=\\\"799\\\"><p data-start=\\\"620\\\" data-end=\\\"799\\\">More tech: dual 10-inch screens, a Google-based infotainment system (including Google Maps, Google Assistant, Google Play) in higher trims.&nbsp;<\\/p><\\/li><li data-start=\\\"800\\\" data-end=\\\"916\\\"><p data-start=\\\"802\\\" data-end=\\\"916\\\">Many driver-assistance features: up to <strong data-start=\\\"841\\\" data-end=\\\"859\\\">29 driver aids<\\/strong> in higher trim<\\/p><\\/li><\\/ul>\",\"images\":[\"customers\\/14\\/a.jpeg\"],\"location\":\"Los angelus,california,usa\",\"currency_id\":\"1\",\"car_purpose\":\"rent\",\"rental_type\":\"per_hour\",\"rental_rate\":\"200\",\"tax_id\":\"1\",\"pick_address_id\":\"11\",\"is_same_drop_off\":\"1\",\"return_address_id\":\"11\",\"external_booking_url\":null,\"sale_price\":\"0\",\"condition\":null,\"ownership_history\":null,\"warranty_information\":null,\"sale_status\":\"available\",\"make_id\":\"14\",\"vehicle_type_id\":\"1\",\"transmission_id\":\"1\",\"fuel_type_id\":\"1\",\"license_plate\":\"AK-1332\",\"vin\":\"231321\",\"year\":null,\"mileage\":null,\"horsepower\":null,\"number_of_seats\":null,\"number_of_doors\":null,\"insurance_info\":null,\"seo_meta\":{\"seo_title\":null,\"seo_description\":null,\"index\":\"index\"},\"seo_meta_image\":null,\"status\":\"available\",\"is_used\":\"0\",\"tags\":null,\"categories\":[\"5\"],\"colors\":null}', 'updated', 'Mozilla/5.0 (Windows NT 10.0; Win64; x64) AppleWebKit/537.36 (KHTML, like Gecko) Chrome/139.0.0.0 Safari/537.36', '122.170.198.82', 0, NULL, 23, 'Renault Clio 6', 'primary', '2025-09-11 04:03:01', '2025-09-11 04:03:01'),
(228, 3, 'Botble\\ACL\\Models\\User', 'to the system', NULL, 'logged in', 'Mozilla/5.0 (Windows NT 10.0; Win64; x64) AppleWebKit/537.36 (KHTML, like Gecko) Chrome/139.0.0.0 Safari/537.36', '122.170.198.82', 3, 'Botble\\ACL\\Models\\User', 3, 'Admin Demo', 'info', '2025-09-11 04:35:08', '2025-09-11 04:35:08'),
(229, 3, 'Botble\\ACL\\Models\\User', 'of the system', '[]', 'logged out', 'Mozilla/5.0 (Windows NT 10.0; Win64; x64) AppleWebKit/537.36 (KHTML, like Gecko) Chrome/139.0.0.0 Safari/537.36', '122.170.198.82', 3, 'Botble\\ACL\\Models\\User', 3, 'Admin Demo', 'info', '2025-09-11 04:42:47', '2025-09-11 04:42:47'),
(230, 3, 'Botble\\ACL\\Models\\User', 'from the admin panel', NULL, 'logged out', 'Mozilla/5.0 (Windows NT 10.0; Win64; x64) AppleWebKit/537.36 (KHTML, like Gecko) Chrome/139.0.0.0 Safari/537.36', '122.170.198.82', 3, 'Botble\\ACL\\Models\\User', 3, 'Admin Demo', 'info', '2025-09-11 04:42:47', '2025-09-11 04:42:47'),
(231, 0, NULL, 'car', '{\"name\":\"Mahindra BE.06\",\"model\":\"Botble\\\\CarRentals\\\\Models\\\\Car\",\"slug\":\"genesis-g70-33t-sport-prestige-awd-2024\",\"slug_id\":\"112\",\"is_slug_editable\":\"1\",\"description\":null,\"content\":\"<p data-start=\\\"213\\\" data-end=\\\"808\\\">The Mahindra BE.06 is a futuristic all-electric SUV concept, part of Mahindra\'s \\\"Born Electric\\\" series. Built on the INGLO platform, the BE.06 features a bold and aerodynamic design with sharp LED lighting, a closed-off grille, and aggressive character lines. It reflects Mahindra\'s vision for high-performance, tech-driven electric vehicles. The BE.06 is expected to offer advanced connected car features, a premium interior, and a strong focus on sustainability and innovation. As a concept, it positions Mahindra in direct competition with other global EV players in the mid-size SUV segment.<\\/p>\",\"images\":[\"customers\\/14\\/be-6e-exterior-right-front-three-quarter-5.png\"],\"location\":null,\"currency_id\":\"1\",\"car_purpose\":\"rent\",\"rental_type\":\"per_day\",\"rental_rate\":\"500\",\"tax_id\":null,\"pick_address_id\":\"1\",\"is_same_drop_off\":\"1\",\"return_address_id\":\"1\",\"external_booking_url\":null,\"sale_price\":\"0\",\"condition\":null,\"ownership_history\":null,\"warranty_information\":null,\"sale_status\":\"available\",\"make_id\":null,\"vehicle_type_id\":null,\"transmission_id\":null,\"fuel_type_id\":null,\"license_plate\":null,\"vin\":null,\"year\":null,\"mileage\":null,\"horsepower\":null,\"number_of_seats\":null,\"number_of_doors\":null,\"insurance_info\":null,\"seo_meta\":{\"seo_title\":null,\"seo_description\":null,\"index\":\"index\"},\"seo_meta_image\":null,\"status\":\"available\",\"is_used\":\"0\",\"tags\":null,\"categories\":[\"4\"],\"amenities\":[\"3\",\"9\",\"10\",\"11\",\"12\",\"13\",\"14\",\"16\",\"18\",\"20\",\"22\",\"25\",\"29\",\"30\",\"31\",\"33\",\"34\",\"35\",\"37\",\"38\",\"40\",\"41\",\"42\",\"45\",\"46\"],\"colors\":\"3\",\"submitter\":\"apply\"}', 'updated', 'Mozilla/5.0 (Windows NT 10.0; Win64; x64) AppleWebKit/537.36 (KHTML, like Gecko) Chrome/135.0.0.0 Safari/537.36 OPR/120.0.0.0', '122.170.198.82', 0, NULL, 16, 'Mahindra BE.06', 'primary', '2025-09-11 04:56:19', '2025-09-11 04:56:19'),
(232, 0, NULL, 'car', '{\"name\":\"Mahindra BE.06\",\"model\":\"Botble\\\\CarRentals\\\\Models\\\\Car\",\"slug\":\"genesis-g70-33t-sport-prestige-awd-2024\",\"slug_id\":\"112\",\"is_slug_editable\":\"1\",\"description\":null,\"content\":\"<p data-start=\\\"213\\\" data-end=\\\"808\\\">The Mahindra BE.06 is a futuristic all-electric SUV concept, part of Mahindra\'s \\\"Born Electric\\\" series. Built on the INGLO platform, the BE.06 features a bold and aerodynamic design with sharp LED lighting, a closed-off grille, and aggressive character lines. It reflects Mahindra\'s vision for high-performance, tech-driven electric vehicles. The BE.06 is expected to offer advanced connected car features, a premium interior, and a strong focus on sustainability and innovation. As a concept, it positions Mahindra in direct competition with other global EV players in the mid-size SUV segment.<\\/p>\",\"images\":[\"customers\\/14\\/be-6e-exterior-right-front-three-quarter-5.png\"],\"location\":null,\"currency_id\":\"1\",\"car_purpose\":\"rent\",\"rental_type\":\"per_day\",\"rental_rate\":\"500\",\"tax_id\":null,\"pick_address_id\":\"1\",\"is_same_drop_off\":\"1\",\"return_address_id\":\"1\",\"external_booking_url\":null,\"sale_price\":\"0\",\"condition\":null,\"ownership_history\":null,\"warranty_information\":null,\"sale_status\":\"available\",\"make_id\":null,\"vehicle_type_id\":null,\"transmission_id\":null,\"fuel_type_id\":null,\"license_plate\":null,\"vin\":null,\"year\":null,\"mileage\":null,\"horsepower\":null,\"number_of_seats\":null,\"number_of_doors\":null,\"insurance_info\":null,\"seo_meta\":{\"seo_title\":null,\"seo_description\":null,\"index\":\"index\"},\"seo_meta_image\":null,\"status\":\"available\",\"is_used\":\"0\",\"tags\":null,\"categories\":[\"4\"],\"amenities\":[\"3\",\"9\",\"10\",\"11\",\"12\",\"13\",\"14\",\"16\",\"18\",\"20\",\"22\",\"25\",\"29\",\"30\",\"31\",\"33\",\"34\",\"35\",\"37\",\"38\",\"40\",\"41\",\"42\",\"45\",\"46\"],\"colors\":\"3\",\"submitter\":\"apply\"}', 'updated', 'Mozilla/5.0 (Windows NT 10.0; Win64; x64) AppleWebKit/537.36 (KHTML, like Gecko) Chrome/135.0.0.0 Safari/537.36 OPR/120.0.0.0', '122.170.198.82', 0, NULL, 16, 'Mahindra BE.06', 'primary', '2025-09-11 04:56:19', '2025-09-11 04:56:19'),
(233, 0, NULL, 'car', '{\"name\":\"Mahindra BE.06\",\"model\":\"Botble\\\\CarRentals\\\\Models\\\\Car\",\"slug\":\"genesis-g70-33t-sport-prestige-awd-2024\",\"slug_id\":\"112\",\"is_slug_editable\":\"1\",\"description\":null,\"content\":\"<p data-start=\\\"213\\\" data-end=\\\"808\\\">The Mahindra BE.06 is a futuristic all-electric SUV concept, part of Mahindra\'s \\\"Born Electric\\\" series. Built on the INGLO platform, the BE.06 features a bold and aerodynamic design with sharp LED lighting, a closed-off grille, and aggressive character lines. It reflects Mahindra\'s vision for high-performance, tech-driven electric vehicles. The BE.06 is expected to offer advanced connected car features, a premium interior, and a strong focus on sustainability and innovation. As a concept, it positions Mahindra in direct competition with other global EV players in the mid-size SUV segment.<\\/p>\",\"images\":[\"customers\\/14\\/be-6e-exterior-right-front-three-quarter-5.png\"],\"location\":null,\"currency_id\":\"1\",\"car_purpose\":\"rent\",\"rental_type\":\"per_day\",\"rental_rate\":\"500\",\"tax_id\":null,\"pick_address_id\":\"1\",\"is_same_drop_off\":\"1\",\"return_address_id\":\"1\",\"external_booking_url\":null,\"sale_price\":\"0\",\"condition\":null,\"ownership_history\":null,\"warranty_information\":null,\"sale_status\":\"available\",\"make_id\":null,\"vehicle_type_id\":null,\"transmission_id\":null,\"fuel_type_id\":null,\"license_plate\":null,\"vin\":null,\"year\":null,\"mileage\":null,\"horsepower\":null,\"number_of_seats\":null,\"number_of_doors\":null,\"insurance_info\":null,\"seo_meta\":{\"seo_title\":null,\"seo_description\":null,\"index\":\"index\"},\"seo_meta_image\":null,\"status\":\"available\",\"is_used\":\"0\",\"tags\":null,\"categories\":[\"4\"],\"amenities\":[\"3\",\"9\",\"10\",\"11\",\"12\",\"13\",\"14\",\"16\",\"18\",\"20\",\"22\",\"25\",\"29\",\"30\",\"31\",\"33\",\"34\",\"35\",\"37\",\"38\",\"40\",\"41\",\"42\",\"45\",\"46\"],\"colors\":\"3\",\"submitter\":\"save\"}', 'updated', 'Mozilla/5.0 (Windows NT 10.0; Win64; x64) AppleWebKit/537.36 (KHTML, like Gecko) Chrome/135.0.0.0 Safari/537.36 OPR/120.0.0.0', '122.170.198.82', 0, NULL, 16, 'Mahindra BE.06', 'primary', '2025-09-11 04:56:38', '2025-09-11 04:56:38'),
(234, 0, NULL, 'car', '{\"name\":\"Mahindra BE.06\",\"model\":\"Botble\\\\CarRentals\\\\Models\\\\Car\",\"slug\":\"genesis-g70-33t-sport-prestige-awd-2024\",\"slug_id\":\"112\",\"is_slug_editable\":\"1\",\"description\":null,\"content\":\"<p data-start=\\\"213\\\" data-end=\\\"808\\\">The Mahindra BE.06 is a futuristic all-electric SUV concept, part of Mahindra\'s \\\"Born Electric\\\" series. Built on the INGLO platform, the BE.06 features a bold and aerodynamic design with sharp LED lighting, a closed-off grille, and aggressive character lines. It reflects Mahindra\'s vision for high-performance, tech-driven electric vehicles. The BE.06 is expected to offer advanced connected car features, a premium interior, and a strong focus on sustainability and innovation. As a concept, it positions Mahindra in direct competition with other global EV players in the mid-size SUV segment.<\\/p>\",\"images\":[\"customers\\/14\\/be-6e-exterior-right-front-three-quarter-5.png\"],\"location\":null,\"currency_id\":\"1\",\"car_purpose\":\"rent\",\"rental_type\":\"per_day\",\"rental_rate\":\"500\",\"tax_id\":null,\"pick_address_id\":\"1\",\"is_same_drop_off\":\"1\",\"return_address_id\":\"1\",\"external_booking_url\":null,\"sale_price\":\"0\",\"condition\":null,\"ownership_history\":null,\"warranty_information\":null,\"sale_status\":\"available\",\"make_id\":null,\"vehicle_type_id\":null,\"transmission_id\":null,\"fuel_type_id\":null,\"license_plate\":null,\"vin\":null,\"year\":null,\"mileage\":null,\"horsepower\":null,\"number_of_seats\":null,\"number_of_doors\":null,\"insurance_info\":null,\"seo_meta\":{\"seo_title\":null,\"seo_description\":null,\"index\":\"index\"},\"seo_meta_image\":null,\"status\":\"available\",\"is_used\":\"0\",\"tags\":null,\"categories\":[\"4\"],\"amenities\":[\"3\",\"9\",\"10\",\"11\",\"12\",\"13\",\"14\",\"16\",\"18\",\"20\",\"22\",\"25\",\"29\",\"30\",\"31\",\"33\",\"34\",\"35\",\"37\",\"38\",\"40\",\"41\",\"42\",\"45\",\"46\"],\"colors\":\"3\",\"submitter\":\"save\"}', 'updated', 'Mozilla/5.0 (Windows NT 10.0; Win64; x64) AppleWebKit/537.36 (KHTML, like Gecko) Chrome/135.0.0.0 Safari/537.36 OPR/120.0.0.0', '122.170.198.82', 0, NULL, 16, 'Mahindra BE.06', 'primary', '2025-09-11 04:56:38', '2025-09-11 04:56:38'),
(235, 3, 'Botble\\ACL\\Models\\User', 'to the system', NULL, 'logged in', 'Mozilla/5.0 (Windows NT 10.0; Win64; x64) AppleWebKit/537.36 (KHTML, like Gecko) Chrome/135.0.0.0 Safari/537.36 OPR/120.0.0.0', '122.170.198.82', 3, 'Botble\\ACL\\Models\\User', 3, 'Admin Demo', 'info', '2025-09-11 05:00:15', '2025-09-11 05:00:15'),
(236, 3, 'Botble\\ACL\\Models\\User', 'car', '{\"name\":\"Renault Clio 6\",\"model\":\"Botble\\\\CarRentals\\\\Models\\\\Car\",\"slug\":\"kia-stinger-gt2-awd-2024\",\"slug_id\":\"119\",\"is_slug_editable\":\"1\",\"description\":null,\"content\":\"<ul><li>Unveiled on <strong>8 September 2025<\\/strong> at the Munich Motor Show.&nbsp;<\\/li><li>It\\u2019s Renault\\u2019s biggest redesign of the Clio in 13 years.&nbsp;<\\/li><li>The Clio 6 is <strong>7 cm longer<\\/strong> than the Clio 5, with a sleeker, more modern and sporty look, especially in front &amp; rear styling.&nbsp;<\\/li><li>More tech: dual 10-inch screens, a Google-based infotainment system (including Google Maps, Google Assistant, Google Play) in higher trims.&nbsp;<\\/li><li>Many driver-assistance features: up to <strong>29 driver aids<\\/strong> in higher trim<\\/li><\\/ul>\",\"location\":\"Los angelus,california,usa\",\"currency_id\":\"1\",\"car_purpose\":\"rent\",\"rental_type\":\"per_hour\",\"rental_rate\":\"200\",\"tax_id\":\"1\",\"pick_address_id\":\"11\",\"is_same_drop_off\":\"1\",\"return_address_id\":\"11\",\"external_booking_url\":null,\"sale_price\":\"0\",\"condition\":null,\"ownership_history\":null,\"warranty_information\":null,\"sale_status\":\"available\",\"make_id\":\"14\",\"vehicle_type_id\":\"1\",\"transmission_id\":\"1\",\"fuel_type_id\":\"1\",\"license_plate\":\"AK-1332\",\"vin\":\"231321\",\"year\":null,\"mileage\":null,\"horsepower\":null,\"number_of_seats\":null,\"number_of_doors\":null,\"insurance_info\":null,\"images\":[null,\"customers\\/14\\/a.jpeg\"],\"youtube_video_url\":null,\"faq_schema_config\":[[{\"key\":\"question\",\"value\":null},{\"key\":\"answer\",\"value\":null}]],\"seo_meta\":{\"seo_title\":null,\"seo_description\":null,\"index\":\"index\"},\"seo_meta_image\":null,\"status\":\"available\",\"author_id\":\"14\",\"is_featured\":\"0\",\"is_used\":\"0\",\"tags\":null,\"categories\":[\"5\"],\"colors\":null,\"submitter\":\"save\"}', 'updated', 'Mozilla/5.0 (Windows NT 10.0; Win64; x64) AppleWebKit/537.36 (KHTML, like Gecko) Chrome/135.0.0.0 Safari/537.36 OPR/120.0.0.0', '122.170.198.82', 3, 'Botble\\ACL\\Models\\User', 23, 'Renault Clio 6', 'primary', '2025-09-11 05:04:54', '2025-09-11 05:04:54'),
(237, 1, 'Botble\\ACL\\Models\\User', 'to the system', NULL, 'logged in', 'Mozilla/5.0 (Windows NT 10.0; Win64; x64) AppleWebKit/537.36 (KHTML, like Gecko) Chrome/140.0.0.0 Safari/537.36', '223.181.60.61', 1, 'Botble\\ACL\\Models\\User', 1, 'Master Demo', 'info', '2025-09-12 03:59:24', '2025-09-12 03:59:24'),
(238, 3, 'Botble\\ACL\\Models\\User', 'to the system', NULL, 'logged in', 'Mozilla/5.0 (Windows NT 10.0; Win64; x64) AppleWebKit/537.36 (KHTML, like Gecko) Chrome/140.0.0.0 Safari/537.36', '93.113.61.30', 3, 'Botble\\ACL\\Models\\User', 3, 'Admin Demo', 'info', '2025-09-13 14:00:12', '2025-09-13 14:00:12'),
(239, 3, 'Botble\\ACL\\Models\\User', 'to the system', NULL, 'logged in', 'Mozilla/5.0 (Windows NT 10.0; Win64; x64) AppleWebKit/537.36 (KHTML, like Gecko) Chrome/135.0.0.0 Safari/537.36 OPR/120.0.0.0', '122.170.198.82', 3, 'Botble\\ACL\\Models\\User', 3, 'Admin Demo', 'info', '2025-09-16 05:06:31', '2025-09-16 05:06:31'),
(240, 0, NULL, 'car', '{\"name\":\"Ford Mustang GT\",\"model\":\"Botble\\\\CarRentals\\\\Models\\\\Car\",\"slug\":\"ford-mustang-gt\",\"slug_id\":\"0\",\"is_slug_editable\":\"1\",\"description\":\"Classic American muscle car, 5.0L V8 engine\",\"content\":\"<figure class=\\\"table\\\"><table><tbody><tr><td data-start=\\\"822\\\" data-end=\\\"872\\\" data-col-size=\\\"md\\\">2-door coupe, 450 HP, Bluetooth, ABS brakes<\\/td><\\/tr><\\/tbody><\\/table><\\/figure><figure class=\\\"table\\\"><table><tbody><tr><td data-start=\\\"872\\\" data-end=\\\"895\\\" data-col-size=\\\"sm\\\">&nbsp;<\\/td><\\/tr><\\/tbody><\\/table><\\/figure><p>&nbsp;<\\/p><p>&nbsp;<\\/p><p>&nbsp;<\\/p><p>&nbsp;<\\/p><p>&nbsp;<\\/p>\",\"images\":[\"customers\\/14\\/ford-mustang-gt.jpeg\",\"customers\\/14\\/ford-mustang-gt02.jpeg\"],\"location\":\"Dallas, Texas\",\"currency_id\":\"1\",\"car_purpose\":\"rent\",\"rental_type\":\"per_day\",\"rental_rate\":\"500\",\"tax_id\":\"12\",\"pick_address_id\":\"11\",\"is_same_drop_off\":\"1\",\"return_address_id\":\"10\",\"external_booking_url\":\"https:\\/\\/booking.example.com\\/ford-mustang\",\"sale_price\":null,\"condition\":null,\"ownership_history\":null,\"warranty_information\":null,\"sale_status\":\"available\",\"make_id\":\"10\",\"vehicle_type_id\":\"6\",\"transmission_id\":\"1\",\"fuel_type_id\":\"1\",\"license_plate\":\"UA-4585\",\"vin\":\"1FA6P8CF9M5102345\",\"year\":\"2025\",\"mileage\":\"70\",\"horsepower\":\"10\",\"number_of_seats\":\"4\",\"number_of_doors\":\"4\",\"insurance_info\":\"Insured by GEICO, Policy #TX452190\",\"seo_meta\":{\"seo_title\":null,\"seo_description\":null,\"index\":\"index\"},\"seo_meta_image\":null,\"status\":\"available\",\"is_used\":\"0\",\"tags\":null,\"categories\":[\"5\"],\"colors\":\"4\",\"submitter\":\"save\"}', 'created', 'Mozilla/5.0 (Windows NT 10.0; Win64; x64) AppleWebKit/537.36 (KHTML, like Gecko) Chrome/139.0.0.0 Safari/537.36', '122.170.198.82', 0, NULL, 24, 'Ford Mustang GT', 'info', '2025-09-16 07:13:53', '2025-09-16 07:13:53'),
(241, 0, NULL, 'car', '{\"name\":\"Ford Mustang GT\",\"model\":\"Botble\\\\CarRentals\\\\Models\\\\Car\",\"slug\":\"ford-mustang-gt\",\"slug_id\":\"0\",\"is_slug_editable\":\"1\",\"description\":\"Classic American muscle car, 5.0L V8 engine\",\"content\":\"<figure class=\\\"table\\\"><table><tbody><tr><td data-start=\\\"822\\\" data-end=\\\"872\\\" data-col-size=\\\"md\\\">2-door coupe, 450 HP, Bluetooth, ABS brakes<\\/td><\\/tr><\\/tbody><\\/table><\\/figure><figure class=\\\"table\\\"><table><tbody><tr><td data-start=\\\"872\\\" data-end=\\\"895\\\" data-col-size=\\\"sm\\\">&nbsp;<\\/td><\\/tr><\\/tbody><\\/table><\\/figure><p>&nbsp;<\\/p><p>&nbsp;<\\/p><p>&nbsp;<\\/p><p>&nbsp;<\\/p><p>&nbsp;<\\/p>\",\"images\":[\"customers\\/14\\/ford-mustang-gt.jpeg\",\"customers\\/14\\/ford-mustang-gt02.jpeg\"],\"location\":\"Dallas, Texas\",\"currency_id\":\"1\",\"car_purpose\":\"rent\",\"rental_type\":\"per_day\",\"rental_rate\":\"500\",\"tax_id\":\"12\",\"pick_address_id\":\"11\",\"is_same_drop_off\":\"1\",\"return_address_id\":\"10\",\"external_booking_url\":\"https:\\/\\/booking.example.com\\/ford-mustang\",\"sale_price\":null,\"condition\":null,\"ownership_history\":null,\"warranty_information\":null,\"sale_status\":\"available\",\"make_id\":\"10\",\"vehicle_type_id\":\"6\",\"transmission_id\":\"1\",\"fuel_type_id\":\"1\",\"license_plate\":\"UA-4585\",\"vin\":\"1FA6P8CF9M5102345\",\"year\":\"2025\",\"mileage\":\"70\",\"horsepower\":\"10\",\"number_of_seats\":\"4\",\"number_of_doors\":\"4\",\"insurance_info\":\"Insured by GEICO, Policy #TX452190\",\"seo_meta\":{\"seo_title\":null,\"seo_description\":null,\"index\":\"index\"},\"seo_meta_image\":null,\"status\":\"available\",\"is_used\":\"0\",\"tags\":null,\"categories\":[\"5\"],\"colors\":\"4\",\"submitter\":\"save\"}', 'created', 'Mozilla/5.0 (Windows NT 10.0; Win64; x64) AppleWebKit/537.36 (KHTML, like Gecko) Chrome/139.0.0.0 Safari/537.36', '122.170.198.82', 0, NULL, 24, 'Ford Mustang GT', 'info', '2025-09-16 07:13:53', '2025-09-16 07:13:53'),
(242, 3, 'Botble\\ACL\\Models\\User', 'carmaintenancehistory', '{\"car_id\":\"24\",\"name\":\"Brake Pad Replacement\",\"description\":\"Front brake pads replaced\",\"currency_id\":\"1\",\"amount\":\"350\",\"date\":\"2025-09-16\",\"car\":\"24\"}', 'created', 'Mozilla/5.0 (Windows NT 10.0; Win64; x64) AppleWebKit/537.36 (KHTML, like Gecko) Chrome/135.0.0.0 Safari/537.36 OPR/120.0.0.0', '122.170.198.82', 3, 'Botble\\ACL\\Models\\User', 1, 'Brake Pad Replacement', 'info', '2025-09-16 07:19:34', '2025-09-16 07:19:34'),
(243, 3, 'Botble\\ACL\\Models\\User', 'carmaintenancehistory', '{\"car_id\":\"24\",\"name\":\"Tire Rotation & Balance\",\"description\":\"Rotated all four tires, balanced wheels\",\"currency_id\":\"1\",\"amount\":\"80\",\"date\":\"2025-09-16\",\"car\":\"24\"}', 'created', 'Mozilla/5.0 (Windows NT 10.0; Win64; x64) AppleWebKit/537.36 (KHTML, like Gecko) Chrome/135.0.0.0 Safari/537.36 OPR/120.0.0.0', '122.170.198.82', 3, 'Botble\\ACL\\Models\\User', 2, 'Tire Rotation & Balance', 'info', '2025-09-16 07:20:28', '2025-09-16 07:20:28'),
(244, 3, 'Botble\\ACL\\Models\\User', 'carmaintenancehistory', '{\"car_id\":\"24\",\"name\":\"Battery Replacement\",\"description\":\"Installed new 12V battery\",\"currency_id\":\"1\",\"amount\":\"220\",\"date\":null,\"car\":\"24\"}', 'created', 'Mozilla/5.0 (Windows NT 10.0; Win64; x64) AppleWebKit/537.36 (KHTML, like Gecko) Chrome/135.0.0.0 Safari/537.36 OPR/120.0.0.0', '122.170.198.82', 3, 'Botble\\ACL\\Models\\User', 3, 'Battery Replacement', 'info', '2025-09-16 07:20:54', '2025-09-16 07:20:54'),
(245, 3, 'Botble\\ACL\\Models\\User', 'carmaintenancehistory', '{\"car_id\":\"24\",\"name\":\"Battery Replacement\",\"description\":\"Installed new 12V battery\",\"currency_id\":\"1\",\"amount\":\"220\",\"date\":\"2025-09-16\"}', 'updated', 'Mozilla/5.0 (Windows NT 10.0; Win64; x64) AppleWebKit/537.36 (KHTML, like Gecko) Chrome/135.0.0.0 Safari/537.36 OPR/120.0.0.0', '122.170.198.82', 3, 'Botble\\ACL\\Models\\User', 3, 'Battery Replacement', 'primary', '2025-09-16 07:21:36', '2025-09-16 07:21:36'),
(246, 3, 'Botble\\ACL\\Models\\User', 'carmaintenancehistory', '{\"car_id\":\"24\",\"name\":\"Battery Replacement\",\"description\":\"Installed new 12V battery\",\"currency_id\":\"1\",\"amount\":\"220\",\"date\":\"2025-09-16\"}', 'updated', 'Mozilla/5.0 (Windows NT 10.0; Win64; x64) AppleWebKit/537.36 (KHTML, like Gecko) Chrome/135.0.0.0 Safari/537.36 OPR/120.0.0.0', '122.170.198.82', 3, 'Botble\\ACL\\Models\\User', 3, 'Battery Replacement', 'primary', '2025-09-16 07:21:46', '2025-09-16 07:21:46'),
(247, 3, 'Botble\\ACL\\Models\\User', 'car', '{\"name\":\"Ford Mustang GT\",\"model\":\"Botble\\\\CarRentals\\\\Models\\\\Car\",\"slug\":\"volkswagen-atlas-cross-sport-sel-premium-2024\",\"slug_id\":\"120\",\"is_slug_editable\":\"1\",\"description\":\"Classic American muscle car, 5.0L V8 engine\",\"content\":\"<figure class=\\\"table\\\"><table><tbody><tr><td>2-door coupe, 450 HP, Bluetooth, ABS brakes<\\/td><\\/tr><\\/tbody><\\/table><\\/figure><figure class=\\\"table\\\"><table><tbody><tr><td>&nbsp;<\\/td><\\/tr><\\/tbody><\\/table><\\/figure><p>&nbsp;<\\/p><p>&nbsp;<\\/p><p>&nbsp;<\\/p><p>&nbsp;<\\/p><p>&nbsp;<\\/p>\",\"location\":\"Dallas, Texas\",\"currency_id\":\"1\",\"car_purpose\":\"rent\",\"rental_type\":\"per_day\",\"rental_rate\":\"500\",\"tax_id\":\"12\",\"pick_address_id\":\"11\",\"is_same_drop_off\":\"0\",\"return_address_id\":\"10\",\"external_booking_url\":\"https:\\/\\/booking.example.com\\/ford-mustang\",\"sale_price\":\"0\",\"condition\":null,\"ownership_history\":null,\"warranty_information\":null,\"sale_status\":\"available\",\"make_id\":\"10\",\"vehicle_type_id\":\"6\",\"transmission_id\":\"1\",\"fuel_type_id\":\"1\",\"license_plate\":\"UA-4585\",\"vin\":\"1FA6P8CF9M5102345\",\"year\":\"2025\",\"mileage\":\"70\",\"horsepower\":\"10\",\"number_of_seats\":\"4\",\"number_of_doors\":\"4\",\"insurance_info\":\"Insured by GEICO, Policy #TX452190\",\"images\":[null,\"customers\\/14\\/ford-mustang-gt.jpeg\",\"customers\\/14\\/ford-mustang-gt02.jpeg\"],\"youtube_video_url\":null,\"faq_schema_config\":[[{\"key\":\"question\",\"value\":null},{\"key\":\"answer\",\"value\":null}]],\"seo_meta\":{\"seo_title\":null,\"seo_description\":null,\"index\":\"index\"},\"seo_meta_image\":null,\"status\":\"available\",\"author_id\":\"14\",\"is_featured\":\"0\",\"is_used\":\"0\",\"tags\":null,\"categories\":[\"5\"],\"colors\":\"4\",\"submitter\":\"save\"}', 'updated', 'Mozilla/5.0 (Windows NT 10.0; Win64; x64) AppleWebKit/537.36 (KHTML, like Gecko) Chrome/135.0.0.0 Safari/537.36 OPR/120.0.0.0', '122.170.198.82', 3, 'Botble\\ACL\\Models\\User', 24, 'Ford Mustang GT', 'primary', '2025-09-16 07:26:29', '2025-09-16 07:26:29'),
(248, 3, 'Botble\\ACL\\Models\\User', 'to the system', NULL, 'logged in', 'Mozilla/5.0 (Windows NT 10.0; Win64; x64) AppleWebKit/537.36 (KHTML, like Gecko) Chrome/140.0.0.0 Safari/537.36', '122.170.198.82', 3, 'Botble\\ACL\\Models\\User', 3, 'Admin Demo', 'info', '2025-09-17 07:01:36', '2025-09-17 07:01:36'),
(249, 3, 'Botble\\ACL\\Models\\User', 'to the system', NULL, 'logged in', 'Mozilla/5.0 (Windows NT 10.0; Win64; x64) AppleWebKit/537.36 (KHTML, like Gecko) Chrome/135.0.0.0 Safari/537.36 OPR/120.0.0.0', '122.170.198.82', 3, 'Botble\\ACL\\Models\\User', 3, 'Admin Demo', 'info', '2025-09-18 08:55:08', '2025-09-18 08:55:08'),
(250, 3, 'Botble\\ACL\\Models\\User', 'to the system', NULL, 'logged in', 'Mozilla/5.0 (Windows NT 10.0; Win64; x64) AppleWebKit/537.36 (KHTML, like Gecko) Chrome/135.0.0.0 Safari/537.36 OPR/120.0.0.0', '122.170.198.82', 3, 'Botble\\ACL\\Models\\User', 3, 'Admin Demo', 'info', '2025-09-18 08:55:08', '2025-09-18 08:55:08'),
(251, 3, 'Botble\\ACL\\Models\\User', 'to the system', NULL, 'logged in', 'Mozilla/5.0 (Windows NT 10.0; Win64; x64) AppleWebKit/537.36 (KHTML, like Gecko) Chrome/140.0.0.0 Safari/537.36', '106.205.5.90', 3, 'Botble\\ACL\\Models\\User', 3, 'Admin Demo', 'info', '2025-09-24 03:57:56', '2025-09-24 03:57:56'),
(252, 3, 'Botble\\ACL\\Models\\User', 'to the system', NULL, 'logged in', 'Mozilla/5.0 (Windows NT 10.0; Win64; x64) AppleWebKit/537.36 (KHTML, like Gecko) Chrome/135.0.0.0 Safari/537.36 OPR/120.0.0.0', '106.205.5.90', 3, 'Botble\\ACL\\Models\\User', 3, 'Admin Demo', 'info', '2025-09-24 04:04:04', '2025-09-24 04:04:04'),
(253, 3, 'Botble\\ACL\\Models\\User', 'customer', '{\"name\":\"Roman\",\"email\":\"jdealer@demo.com\",\"phone\":null,\"dob\":null,\"place\":null,\"is_change_password\":\"0\",\"status\":\"published\",\"avatar\":null,\"submitter\":\"save\"}', 'updated', 'Mozilla/5.0 (Windows NT 10.0; Win64; x64) AppleWebKit/537.36 (KHTML, like Gecko) Chrome/135.0.0.0 Safari/537.36 OPR/120.0.0.0', '106.205.5.90', 3, 'Botble\\ACL\\Models\\User', 17, 'Roman', 'primary', '2025-09-24 04:18:57', '2025-09-24 04:18:57');
INSERT INTO `audit_histories` (`id`, `user_id`, `user_type`, `module`, `request`, `action`, `user_agent`, `ip_address`, `actor_id`, `actor_type`, `reference_id`, `reference_name`, `type`, `created_at`, `updated_at`) VALUES
(254, 3, 'Botble\\ACL\\Models\\User', 'of the system', '[]', 'logged out', 'Mozilla/5.0 (Windows NT 10.0; Win64; x64) AppleWebKit/537.36 (KHTML, like Gecko) Chrome/140.0.0.0 Safari/537.36', '106.205.5.90', 3, 'Botble\\ACL\\Models\\User', 3, 'Admin Demo', 'info', '2025-09-24 04:53:51', '2025-09-24 04:53:51'),
(255, 3, 'Botble\\ACL\\Models\\User', 'from the admin panel', NULL, 'logged out', 'Mozilla/5.0 (Windows NT 10.0; Win64; x64) AppleWebKit/537.36 (KHTML, like Gecko) Chrome/140.0.0.0 Safari/537.36', '106.205.5.90', 3, 'Botble\\ACL\\Models\\User', 3, 'Admin Demo', 'info', '2025-09-24 04:53:51', '2025-09-24 04:53:51'),
(256, 3, 'Botble\\ACL\\Models\\User', 'booking', '{\"submitter\":\"save\",\"status\":\"processing\"}', 'updated', 'Mozilla/5.0 (Windows NT 10.0; Win64; x64) AppleWebKit/537.36 (KHTML, like Gecko) Chrome/135.0.0.0 Safari/537.36 OPR/120.0.0.0', '106.215.182.249', 3, 'Botble\\ACL\\Models\\User', 68, 'ID: 68', 'primary', '2025-09-24 06:25:11', '2025-09-24 06:25:11'),
(257, 3, 'Botble\\ACL\\Models\\User', 'booking', '{\"submitter\":\"save\",\"status\":\"completed\"}', 'updated', 'Mozilla/5.0 (Windows NT 10.0; Win64; x64) AppleWebKit/537.36 (KHTML, like Gecko) Chrome/135.0.0.0 Safari/537.36 OPR/120.0.0.0', '106.215.182.249', 3, 'Botble\\ACL\\Models\\User', 68, 'ID: 68', 'primary', '2025-09-24 06:28:32', '2025-09-24 06:28:32'),
(258, 3, 'Botble\\ACL\\Models\\User', 'booking', '{\"submitter\":\"save\",\"status\":\"completed\"}', 'updated', 'Mozilla/5.0 (Windows NT 10.0; Win64; x64) AppleWebKit/537.36 (KHTML, like Gecko) Chrome/135.0.0.0 Safari/537.36 OPR/120.0.0.0', '106.215.182.249', 3, 'Botble\\ACL\\Models\\User', 68, 'ID: 68', 'primary', '2025-09-24 06:28:38', '2025-09-24 06:28:38'),
(259, 3, 'Botble\\ACL\\Models\\User', 'booking', '{\"submitter\":\"save\",\"status\":\"processing\"}', 'updated', 'Mozilla/5.0 (Windows NT 10.0; Win64; x64) AppleWebKit/537.36 (KHTML, like Gecko) Chrome/135.0.0.0 Safari/537.36 OPR/120.0.0.0', '106.215.182.249', 3, 'Botble\\ACL\\Models\\User', 69, 'ID: 69', 'primary', '2025-09-24 06:31:28', '2025-09-24 06:31:28'),
(260, 3, 'Botble\\ACL\\Models\\User', 'booking', '{\"submitter\":\"save\",\"status\":\"processing\"}', 'updated', 'Mozilla/5.0 (Windows NT 10.0; Win64; x64) AppleWebKit/537.36 (KHTML, like Gecko) Chrome/135.0.0.0 Safari/537.36 OPR/120.0.0.0', '106.215.182.249', 3, 'Botble\\ACL\\Models\\User', 69, 'ID: 69', 'primary', '2025-09-24 06:31:43', '2025-09-24 06:31:43'),
(261, 3, 'Botble\\ACL\\Models\\User', 'booking', '{\"submitter\":\"save\",\"status\":\"completed\"}', 'updated', 'Mozilla/5.0 (Windows NT 10.0; Win64; x64) AppleWebKit/537.36 (KHTML, like Gecko) Chrome/135.0.0.0 Safari/537.36 OPR/120.0.0.0', '106.215.182.249', 3, 'Botble\\ACL\\Models\\User', 69, 'ID: 69', 'primary', '2025-09-24 06:36:56', '2025-09-24 06:36:56'),
(262, 3, 'Botble\\ACL\\Models\\User', 'booking', '{\"submitter\":\"save\",\"status\":\"completed\"}', 'updated', 'Mozilla/5.0 (Windows NT 10.0; Win64; x64) AppleWebKit/537.36 (KHTML, like Gecko) Chrome/135.0.0.0 Safari/537.36 OPR/120.0.0.0', '106.215.182.249', 3, 'Botble\\ACL\\Models\\User', 69, 'ID: 69', 'primary', '2025-09-24 06:36:59', '2025-09-24 06:36:59'),
(263, 3, 'Botble\\ACL\\Models\\User', 'booking', '{\"submitter\":\"save\",\"status\":\"processing\"}', 'updated', 'Mozilla/5.0 (Windows NT 10.0; Win64; x64) AppleWebKit/537.36 (KHTML, like Gecko) Chrome/135.0.0.0 Safari/537.36 OPR/120.0.0.0', '106.215.182.249', 3, 'Botble\\ACL\\Models\\User', 71, 'ID: 71', 'primary', '2025-09-24 07:02:37', '2025-09-24 07:02:37'),
(264, 3, 'Botble\\ACL\\Models\\User', 'booking', '{\"submitter\":\"save\",\"status\":\"processing\"}', 'updated', 'Mozilla/5.0 (Windows NT 10.0; Win64; x64) AppleWebKit/537.36 (KHTML, like Gecko) Chrome/135.0.0.0 Safari/537.36 OPR/120.0.0.0', '106.215.182.249', 3, 'Botble\\ACL\\Models\\User', 67, 'ID: 67', 'primary', '2025-09-24 07:03:25', '2025-09-24 07:03:25'),
(265, 3, 'Botble\\ACL\\Models\\User', 'booking', '{\"submitter\":\"save\",\"status\":\"processing\"}', 'updated', 'Mozilla/5.0 (Windows NT 10.0; Win64; x64) AppleWebKit/537.36 (KHTML, like Gecko) Chrome/135.0.0.0 Safari/537.36 OPR/120.0.0.0', '106.215.182.249', 3, 'Botble\\ACL\\Models\\User', 66, 'ID: 66', 'primary', '2025-09-24 08:08:19', '2025-09-24 08:08:19'),
(266, 0, NULL, 'booking', '{\"submitter\":\"save\",\"status\":\"pending\"}', 'updated', 'Mozilla/5.0 (Windows NT 10.0; Win64; x64) AppleWebKit/537.36 (KHTML, like Gecko) Chrome/140.0.0.0 Safari/537.36', '106.215.182.249', 0, NULL, 71, 'ID: 71', 'primary', '2025-09-24 08:10:15', '2025-09-24 08:10:15'),
(267, 0, NULL, 'booking', '{\"submitter\":\"save\",\"status\":\"processing\"}', 'updated', 'Mozilla/5.0 (Windows NT 10.0; Win64; x64) AppleWebKit/537.36 (KHTML, like Gecko) Chrome/140.0.0.0 Safari/537.36', '106.215.182.249', 0, NULL, 71, 'ID: 71', 'primary', '2025-09-24 08:10:42', '2025-09-24 08:10:42'),
(268, 3, 'Botble\\ACL\\Models\\User', 'booking', '{\"submitter\":\"save\",\"status\":\"processing\"}', 'updated', 'Mozilla/5.0 (Windows NT 10.0; Win64; x64) AppleWebKit/537.36 (KHTML, like Gecko) Chrome/135.0.0.0 Safari/537.36 OPR/120.0.0.0', '106.215.182.249', 3, 'Botble\\ACL\\Models\\User', 65, 'ID: 65', 'primary', '2025-09-24 08:26:45', '2025-09-24 08:26:45'),
(269, 3, 'Botble\\ACL\\Models\\User', 'booking', '{\"submitter\":\"save\",\"status\":\"processing\"}', 'updated', 'Mozilla/5.0 (Windows NT 10.0; Win64; x64) AppleWebKit/537.36 (KHTML, like Gecko) Chrome/135.0.0.0 Safari/537.36 OPR/120.0.0.0', '106.215.182.249', 3, 'Botble\\ACL\\Models\\User', 65, 'ID: 65', 'primary', '2025-09-24 09:07:35', '2025-09-24 09:07:35'),
(270, 3, 'Botble\\ACL\\Models\\User', 'booking', '{\"submitter\":\"save\",\"status\":\"processing\"}', 'updated', 'Mozilla/5.0 (Windows NT 10.0; Win64; x64) AppleWebKit/537.36 (KHTML, like Gecko) Chrome/135.0.0.0 Safari/537.36 OPR/120.0.0.0', '106.215.182.249', 3, 'Botble\\ACL\\Models\\User', 70, 'ID: 70', 'primary', '2025-09-24 09:07:59', '2025-09-24 09:07:59'),
(271, 3, 'Botble\\ACL\\Models\\User', 'booking', '{\"submitter\":\"save\",\"status\":\"processing\"}', 'updated', 'Mozilla/5.0 (Windows NT 10.0; Win64; x64) AppleWebKit/537.36 (KHTML, like Gecko) Chrome/135.0.0.0 Safari/537.36 OPR/120.0.0.0', '106.215.182.249', 3, 'Botble\\ACL\\Models\\User', 72, 'ID: 72', 'primary', '2025-09-24 09:10:29', '2025-09-24 09:10:29'),
(272, 3, 'Botble\\ACL\\Models\\User', 'booking', '{\"submitter\":\"save\",\"status\":\"processing\"}', 'updated', 'Mozilla/5.0 (Windows NT 10.0; Win64; x64) AppleWebKit/537.36 (KHTML, like Gecko) Chrome/135.0.0.0 Safari/537.36 OPR/120.0.0.0', '106.215.182.249', 3, 'Botble\\ACL\\Models\\User', 72, 'ID: 72', 'primary', '2025-09-24 09:10:36', '2025-09-24 09:10:36'),
(273, 3, 'Botble\\ACL\\Models\\User', 'to the system', NULL, 'logged in', 'Mozilla/5.0 (Macintosh; Intel Mac OS X 10_15_7) AppleWebKit/537.36 (KHTML, like Gecko) Chrome/140.0.0.0 Safari/537.36', '223.185.40.166', 3, 'Botble\\ACL\\Models\\User', 3, 'Admin Demo', 'info', '2025-09-24 11:41:45', '2025-09-24 11:41:45'),
(274, 1, 'Botble\\ACL\\Models\\User', 'to the system', NULL, 'logged in', 'Mozilla/5.0 (Windows NT 10.0; Win64; x64) AppleWebKit/537.36 (KHTML, like Gecko) Chrome/140.0.0.0 Safari/537.36', '106.215.158.1', 1, 'Botble\\ACL\\Models\\User', 1, 'Master Demo', 'info', '2025-09-24 11:50:31', '2025-09-24 11:50:31'),
(275, 1, 'Botble\\ACL\\Models\\User', 'booking', '{\"submitter\":\"apply\",\"status\":\"processing\"}', 'updated', 'Mozilla/5.0 (Windows NT 10.0; Win64; x64) AppleWebKit/537.36 (KHTML, like Gecko) Chrome/140.0.0.0 Safari/537.36', '106.215.158.1', 1, 'Botble\\ACL\\Models\\User', 81, 'ID: 81', 'primary', '2025-09-24 11:51:00', '2025-09-24 11:51:00'),
(276, 1, 'Botble\\ACL\\Models\\User', 'booking', '{\"submitter\":\"save\",\"status\":\"completed\"}', 'updated', 'Mozilla/5.0 (Windows NT 10.0; Win64; x64) AppleWebKit/537.36 (KHTML, like Gecko) Chrome/140.0.0.0 Safari/537.36', '106.215.158.1', 1, 'Botble\\ACL\\Models\\User', 81, 'ID: 81', 'primary', '2025-09-24 11:52:18', '2025-09-24 11:52:18'),
(277, 1, 'Botble\\ACL\\Models\\User', 'booking', '{\"submitter\":\"save\",\"status\":\"completed\"}', 'updated', 'Mozilla/5.0 (Windows NT 10.0; Win64; x64) AppleWebKit/537.36 (KHTML, like Gecko) Chrome/140.0.0.0 Safari/537.36', '106.215.158.1', 1, 'Botble\\ACL\\Models\\User', 81, 'ID: 81', 'primary', '2025-09-24 11:53:14', '2025-09-24 11:53:14'),
(278, 1, 'Botble\\ACL\\Models\\User', 'booking', '{\"submitter\":\"save\",\"status\":\"processing\"}', 'updated', 'Mozilla/5.0 (Windows NT 10.0; Win64; x64) AppleWebKit/537.36 (KHTML, like Gecko) Chrome/140.0.0.0 Safari/537.36', '106.215.158.1', 1, 'Botble\\ACL\\Models\\User', 80, 'ID: 80', 'primary', '2025-09-24 11:53:24', '2025-09-24 11:53:24'),
(279, 0, NULL, 'customer', '{\"old_password\":\"User_321\"}', 'updated', 'Mozilla/5.0 (Macintosh; Intel Mac OS X 10_15_7) AppleWebKit/537.36 (KHTML, like Gecko) Chrome/140.0.0.0 Safari/537.36', '150.107.232.192', 0, NULL, 13, 'User Dem0', 'primary', '2025-09-25 10:57:10', '2025-09-25 10:57:10'),
(280, 3, 'Botble\\ACL\\Models\\User', 'to the system', NULL, 'logged in', 'Mozilla/5.0 (Macintosh; Intel Mac OS X 10_15_7) AppleWebKit/537.36 (KHTML, like Gecko) Chrome/140.0.0.0 Safari/537.36', '106.205.5.95', 3, 'Botble\\ACL\\Models\\User', 3, 'Admin Demo', 'info', '2025-09-25 11:01:52', '2025-09-25 11:01:52'),
(281, 0, NULL, 'customer', '{\"old_password\":\"User_3210\"}', 'updated', 'Mozilla/5.0 (Macintosh; Intel Mac OS X 10_15_7) AppleWebKit/537.36 (KHTML, like Gecko) Chrome/140.0.0.0 Safari/537.36', '150.107.232.192', 0, NULL, 13, 'User Dem0', 'primary', '2025-09-25 11:05:40', '2025-09-25 11:05:40'),
(282, 3, 'Botble\\ACL\\Models\\User', 'to the system', NULL, 'logged in', 'Mozilla/5.0 (Windows NT 10.0; Win64; x64) AppleWebKit/537.36 (KHTML, like Gecko) Chrome/140.0.0.0 Safari/537.36', '106.215.182.177', 3, 'Botble\\ACL\\Models\\User', 3, 'Admin Demo', 'info', '2025-09-26 10:04:19', '2025-09-26 10:04:19'),
(283, 3, 'Botble\\ACL\\Models\\User', 'booking', '{\"submitter\":\"save\",\"status\":\"processing\"}', 'updated', 'Mozilla/5.0 (Windows NT 10.0; Win64; x64) AppleWebKit/537.36 (KHTML, like Gecko) Chrome/140.0.0.0 Safari/537.36', '106.215.182.177', 3, 'Botble\\ACL\\Models\\User', 82, 'ID: 82', 'primary', '2025-09-26 10:04:33', '2025-09-26 10:04:33'),
(284, 3, 'Botble\\ACL\\Models\\User', 'booking', '{\"submitter\":\"save\",\"status\":\"processing\"}', 'updated', 'Mozilla/5.0 (Windows NT 10.0; Win64; x64) AppleWebKit/537.36 (KHTML, like Gecko) Chrome/140.0.0.0 Safari/537.36', '106.215.182.177', 3, 'Botble\\ACL\\Models\\User', 83, 'ID: 83', 'primary', '2025-09-26 10:04:48', '2025-09-26 10:04:48'),
(285, 3, 'Botble\\ACL\\Models\\User', 'booking', '{\"submitter\":\"save\",\"status\":\"processing\"}', 'updated', 'Mozilla/5.0 (Windows NT 10.0; Win64; x64) AppleWebKit/537.36 (KHTML, like Gecko) Chrome/140.0.0.0 Safari/537.36', '106.215.182.177', 3, 'Botble\\ACL\\Models\\User', 79, 'ID: 79', 'primary', '2025-09-26 10:14:17', '2025-09-26 10:14:17'),
(286, 3, 'Botble\\ACL\\Models\\User', 'booking', '{\"submitter\":\"save\",\"status\":\"processing\"}', 'updated', 'Mozilla/5.0 (Windows NT 10.0; Win64; x64) AppleWebKit/537.36 (KHTML, like Gecko) Chrome/140.0.0.0 Safari/537.36', '106.215.182.177', 3, 'Botble\\ACL\\Models\\User', 78, 'ID: 78', 'primary', '2025-09-26 10:39:14', '2025-09-26 10:39:14'),
(287, 3, 'Botble\\ACL\\Models\\User', 'to the system', NULL, 'logged in', 'Mozilla/5.0 (Windows NT 10.0; Win64; x64) AppleWebKit/537.36 (KHTML, like Gecko) Chrome/135.0.0.0 Safari/537.36 OPR/120.0.0.0', '106.215.182.177', 3, 'Botble\\ACL\\Models\\User', 3, 'Admin Demo', 'info', '2025-09-26 10:42:18', '2025-09-26 10:42:18'),
(288, 3, 'Botble\\ACL\\Models\\User', 'booking', '{\"submitter\":\"save\",\"status\":\"processing\"}', 'updated', 'Mozilla/5.0 (Windows NT 10.0; Win64; x64) AppleWebKit/537.36 (KHTML, like Gecko) Chrome/135.0.0.0 Safari/537.36 OPR/120.0.0.0', '106.215.182.177', 3, 'Botble\\ACL\\Models\\User', 77, 'ID: 77', 'primary', '2025-09-26 10:43:35', '2025-09-26 10:43:35'),
(289, 3, 'Botble\\ACL\\Models\\User', 'booking', '{\"submitter\":\"save\",\"status\":\"processing\"}', 'updated', 'Mozilla/5.0 (Windows NT 10.0; Win64; x64) AppleWebKit/537.36 (KHTML, like Gecko) Chrome/135.0.0.0 Safari/537.36 OPR/120.0.0.0', '106.215.182.177', 3, 'Botble\\ACL\\Models\\User', 76, 'ID: 76', 'primary', '2025-09-26 10:45:34', '2025-09-26 10:45:34'),
(290, 3, 'Botble\\ACL\\Models\\User', 'booking', '{\"submitter\":\"save\",\"status\":\"processing\"}', 'updated', 'Mozilla/5.0 (Windows NT 10.0; Win64; x64) AppleWebKit/537.36 (KHTML, like Gecko) Chrome/135.0.0.0 Safari/537.36 OPR/120.0.0.0', '106.215.182.177', 3, 'Botble\\ACL\\Models\\User', 75, 'ID: 75', 'primary', '2025-09-26 10:47:44', '2025-09-26 10:47:44'),
(291, 3, 'Botble\\ACL\\Models\\User', 'booking', '{\"submitter\":\"save\",\"status\":\"processing\"}', 'updated', 'Mozilla/5.0 (Windows NT 10.0; Win64; x64) AppleWebKit/537.36 (KHTML, like Gecko) Chrome/140.0.0.0 Safari/537.36', '106.215.182.177', 3, 'Botble\\ACL\\Models\\User', 74, 'ID: 74', 'primary', '2025-09-26 11:47:23', '2025-09-26 11:47:23');

-- --------------------------------------------------------

--
-- Table structure for table `categories`
--

CREATE TABLE `categories` (
  `id` bigint(20) UNSIGNED NOT NULL,
  `name` varchar(120) NOT NULL,
  `parent_id` bigint(20) UNSIGNED NOT NULL DEFAULT 0,
  `description` varchar(400) DEFAULT NULL,
  `status` varchar(60) NOT NULL DEFAULT 'published',
  `author_id` bigint(20) UNSIGNED DEFAULT NULL,
  `author_type` varchar(191) NOT NULL DEFAULT 'Botble\\ACL\\Models\\User',
  `icon` varchar(60) DEFAULT NULL,
  `order` int(10) UNSIGNED NOT NULL DEFAULT 0,
  `is_featured` tinyint(4) NOT NULL DEFAULT 0,
  `is_default` tinyint(3) UNSIGNED NOT NULL DEFAULT 0,
  `created_at` timestamp NULL DEFAULT NULL,
  `updated_at` timestamp NULL DEFAULT NULL
) ENGINE=InnoDB DEFAULT CHARSET=utf8mb4 COLLATE=utf8mb4_unicode_ci;

--
-- Dumping data for table `categories`
--

INSERT INTO `categories` (`id`, `name`, `parent_id`, `description`, `status`, `author_id`, `author_type`, `icon`, `order`, `is_featured`, `is_default`, `created_at`, `updated_at`) VALUES
(1, 'New Cars', 0, 'Impedit sit ipsum dolor. Praesentium repellat unde vero quia eos repudiandae repellendus. Hic rerum optio eos qui quam. Et harum sequi quo possimus autem assumenda ut beatae.', 'published', 1, 'Botble\\ACL\\Models\\User', NULL, 0, 0, 0, '2025-08-01 08:35:46', '2025-08-01 08:35:46'),
(2, 'Car Rentals', 0, 'Recusandae laborum quod nulla id quod omnis. Corrupti vero alias fugiat est. Nulla perspiciatis ea explicabo id qui in. Eius dignissimos veniam est expedita enim.', 'published', 1, 'Botble\\ACL\\Models\\User', NULL, 0, 1, 0, '2025-08-01 08:35:46', '2025-08-01 08:35:46'),
(3, 'Electric Vehicles', 0, 'Quia dolores non officiis tenetur expedita in esse. Dicta optio nobis et culpa consequatur deleniti. Rem quam qui magnam fuga.', 'published', 1, 'Botble\\ACL\\Models\\User', NULL, 0, 1, 0, '2025-08-01 08:35:46', '2025-08-01 08:35:46'),
(4, 'Car Maintenance', 0, 'Quisquam ipsum quas atque libero blanditiis totam quia sint. Laboriosam harum mollitia iure rerum excepturi et. Rerum et ut voluptatibus cupiditate eius.', 'published', 1, 'Botble\\ACL\\Models\\User', NULL, 0, 1, 0, '2025-08-01 08:35:46', '2025-08-01 08:35:46'),
(5, 'Road Trips', 0, 'Blanditiis eum maiores aliquid animi adipisci tempora doloremque. Omnis nostrum sunt dolor quia provident. Voluptas accusamus praesentium inventore quisquam vel.', 'published', 1, 'Botble\\ACL\\Models\\User', NULL, 0, 1, 0, '2025-08-01 08:35:46', '2025-08-01 08:35:46'),
(6, 'Luxury Cars', 0, 'Suscipit dolorem totam eius odio nisi ea consequuntur. Nostrum nulla fugit debitis consequuntur autem sint. Et enim aut omnis illum et et.', 'published', 1, 'Botble\\ACL\\Models\\User', NULL, 0, 1, 0, '2025-08-01 08:35:46', '2025-08-01 08:35:46'),
(7, 'Family Cars', 0, 'Est quae fuga modi facere expedita placeat. Explicabo sed totam quo qui sed deserunt. Dignissimos eveniet eligendi cum ipsum maiores.', 'published', 1, 'Botble\\ACL\\Models\\User', NULL, 0, 1, 0, '2025-08-01 08:35:46', '2025-08-01 08:35:46'),
(8, 'Off-Road Vehicles', 0, 'Voluptatem aperiam accusamus sit ratione totam eius. Ratione aspernatur omnis at quisquam et nesciunt.', 'published', 1, 'Botble\\ACL\\Models\\User', NULL, 0, 1, 0, '2025-08-01 08:35:46', '2025-08-01 08:35:46'),
(9, 'Hybrid Cars', 0, 'Delectus libero ea rem. Ad pariatur et in magnam. Dignissimos ducimus magni magnam vitae vitae. Quod omnis quia sequi incidunt. Sed nulla ab recusandae odio repellat architecto dolorem atque.', 'published', 1, 'Botble\\ACL\\Models\\User', NULL, 0, 1, 0, '2025-08-01 08:35:46', '2025-08-01 08:35:46'),
(10, 'Car Innovations', 0, 'Sed velit quasi doloremque nulla. Et ut aut quia laboriosam. Nostrum odit magni in magnam. Occaecati unde et sit soluta accusamus rem.', 'published', 1, 'Botble\\ACL\\Models\\User', NULL, 0, 1, 0, '2025-08-01 08:35:46', '2025-08-01 08:35:46');

-- --------------------------------------------------------

--
-- Table structure for table `categories_translations`
--

CREATE TABLE `categories_translations` (
  `lang_code` varchar(20) NOT NULL,
  `categories_id` bigint(20) UNSIGNED NOT NULL,
  `name` varchar(191) DEFAULT NULL,
  `description` varchar(400) DEFAULT NULL
) ENGINE=InnoDB DEFAULT CHARSET=utf8mb4 COLLATE=utf8mb4_unicode_ci;

-- --------------------------------------------------------

--
-- Table structure for table `cities`
--

CREATE TABLE `cities` (
  `id` bigint(20) UNSIGNED NOT NULL,
  `name` varchar(120) NOT NULL,
  `slug` varchar(120) DEFAULT NULL,
  `state_id` bigint(20) UNSIGNED DEFAULT NULL,
  `country_id` bigint(20) UNSIGNED DEFAULT NULL,
  `record_id` varchar(40) DEFAULT NULL,
  `order` tinyint(4) NOT NULL DEFAULT 0,
  `image` varchar(191) DEFAULT NULL,
  `is_default` tinyint(3) UNSIGNED NOT NULL DEFAULT 0,
  `status` varchar(60) NOT NULL DEFAULT 'published',
  `created_at` timestamp NULL DEFAULT NULL,
  `updated_at` timestamp NULL DEFAULT NULL,
  `zip_code` varchar(20) DEFAULT NULL
) ENGINE=InnoDB DEFAULT CHARSET=utf8mb4 COLLATE=utf8mb4_unicode_ci;

--
-- Dumping data for table `cities`
--

INSERT INTO `cities` (`id`, `name`, `slug`, `state_id`, `country_id`, `record_id`, `order`, `image`, `is_default`, `status`, `created_at`, `updated_at`, `zip_code`) VALUES
(1, 'Paris', 'paris', 1, 1, NULL, 0, 'locations/paris.jpg', 0, 'published', '2025-08-01 08:35:53', '2025-08-01 08:35:53', NULL),
(2, 'London', 'london', 2, 2, NULL, 0, 'locations/london2.jpg', 0, 'published', '2025-08-01 08:35:53', '2025-08-01 08:35:53', NULL),
(3, 'New York', 'new-york', 3, 3, NULL, 0, 'locations/new-york.jpg', 0, 'published', '2025-08-01 08:35:53', '2025-08-01 08:35:53', NULL),
(4, 'New York', 'new-york-1', 4, 4, NULL, 0, 'locations/newyork2.jpg', 0, 'published', '2025-08-01 08:35:53', '2025-08-01 08:35:53', NULL),
(5, 'Copenhagen', 'copenhagen', 5, 5, NULL, 0, 'locations/copenhagen.jpg', 0, 'published', '2025-08-01 08:35:53', '2025-08-01 08:35:53', NULL),
(6, 'Berlin', 'berlin', 6, 6, NULL, 0, 'locations/berlin2.jpg', 0, 'published', '2025-08-01 08:35:53', '2025-08-01 08:35:53', NULL);

-- --------------------------------------------------------

--
-- Table structure for table `cities_translations`
--

CREATE TABLE `cities_translations` (
  `lang_code` varchar(20) NOT NULL,
  `cities_id` bigint(20) UNSIGNED NOT NULL,
  `name` varchar(120) DEFAULT NULL,
  `slug` varchar(120) DEFAULT NULL
) ENGINE=InnoDB DEFAULT CHARSET=utf8mb4 COLLATE=utf8mb4_unicode_ci;

-- --------------------------------------------------------

--
-- Table structure for table `contacts`
--

CREATE TABLE `contacts` (
  `id` bigint(20) UNSIGNED NOT NULL,
  `name` varchar(60) NOT NULL,
  `email` varchar(60) DEFAULT NULL,
  `phone` varchar(60) DEFAULT NULL,
  `address` varchar(120) DEFAULT NULL,
  `subject` varchar(120) DEFAULT NULL,
  `content` longtext NOT NULL,
  `custom_fields` text DEFAULT NULL,
  `status` varchar(60) NOT NULL DEFAULT 'unread',
  `created_at` timestamp NULL DEFAULT NULL,
  `updated_at` timestamp NULL DEFAULT NULL
) ENGINE=InnoDB DEFAULT CHARSET=utf8mb4 COLLATE=utf8mb4_unicode_ci;

--
-- Dumping data for table `contacts`
--

INSERT INTO `contacts` (`id`, `name`, `email`, `phone`, `address`, `subject`, `content`, `custom_fields`, `status`, `created_at`, `updated_at`) VALUES
(3, 'jhondoe', 'jhondoe@demo.com', '2564556655', 'asd', 'jhondoe', 'jhondoe', NULL, 'unread', '2025-08-22 05:35:26', '2025-08-22 05:35:26');

-- --------------------------------------------------------

--
-- Table structure for table `contact_custom_fields`
--

CREATE TABLE `contact_custom_fields` (
  `id` bigint(20) UNSIGNED NOT NULL,
  `type` varchar(191) NOT NULL,
  `required` tinyint(1) NOT NULL DEFAULT 0,
  `name` varchar(191) NOT NULL,
  `placeholder` varchar(191) DEFAULT NULL,
  `order` int(11) NOT NULL DEFAULT 999,
  `status` varchar(191) NOT NULL DEFAULT 'published',
  `created_at` timestamp NULL DEFAULT NULL,
  `updated_at` timestamp NULL DEFAULT NULL
) ENGINE=InnoDB DEFAULT CHARSET=utf8mb4 COLLATE=utf8mb4_unicode_ci;

-- --------------------------------------------------------

--
-- Table structure for table `contact_custom_fields_translations`
--

CREATE TABLE `contact_custom_fields_translations` (
  `contact_custom_fields_id` bigint(20) UNSIGNED NOT NULL,
  `lang_code` varchar(191) NOT NULL,
  `name` varchar(191) DEFAULT NULL,
  `placeholder` varchar(191) DEFAULT NULL
) ENGINE=InnoDB DEFAULT CHARSET=utf8mb4 COLLATE=utf8mb4_unicode_ci;

-- --------------------------------------------------------

--
-- Table structure for table `contact_custom_field_options`
--

CREATE TABLE `contact_custom_field_options` (
  `id` bigint(20) UNSIGNED NOT NULL,
  `custom_field_id` bigint(20) UNSIGNED NOT NULL,
  `label` varchar(191) DEFAULT NULL,
  `value` varchar(191) NOT NULL,
  `order` int(11) NOT NULL DEFAULT 999,
  `created_at` timestamp NULL DEFAULT NULL,
  `updated_at` timestamp NULL DEFAULT NULL
) ENGINE=InnoDB DEFAULT CHARSET=utf8mb4 COLLATE=utf8mb4_unicode_ci;

-- --------------------------------------------------------

--
-- Table structure for table `contact_custom_field_options_translations`
--

CREATE TABLE `contact_custom_field_options_translations` (
  `contact_custom_field_options_id` bigint(20) UNSIGNED NOT NULL,
  `lang_code` varchar(191) NOT NULL,
  `label` varchar(191) DEFAULT NULL,
  `value` varchar(191) DEFAULT NULL
) ENGINE=InnoDB DEFAULT CHARSET=utf8mb4 COLLATE=utf8mb4_unicode_ci;

-- --------------------------------------------------------

--
-- Table structure for table `contact_replies`
--

CREATE TABLE `contact_replies` (
  `id` bigint(20) UNSIGNED NOT NULL,
  `message` longtext NOT NULL,
  `contact_id` bigint(20) UNSIGNED NOT NULL,
  `created_at` timestamp NULL DEFAULT NULL,
  `updated_at` timestamp NULL DEFAULT NULL
) ENGINE=InnoDB DEFAULT CHARSET=utf8mb4 COLLATE=utf8mb4_unicode_ci;

-- --------------------------------------------------------

--
-- Table structure for table `countries`
--

CREATE TABLE `countries` (
  `id` bigint(20) UNSIGNED NOT NULL,
  `name` varchar(120) NOT NULL,
  `nationality` varchar(120) DEFAULT NULL,
  `order` tinyint(4) NOT NULL DEFAULT 0,
  `image` varchar(191) DEFAULT NULL,
  `is_default` tinyint(3) UNSIGNED NOT NULL DEFAULT 0,
  `status` varchar(60) NOT NULL DEFAULT 'published',
  `created_at` timestamp NULL DEFAULT NULL,
  `updated_at` timestamp NULL DEFAULT NULL,
  `code` varchar(10) DEFAULT NULL
) ENGINE=InnoDB DEFAULT CHARSET=utf8mb4 COLLATE=utf8mb4_unicode_ci;

--
-- Dumping data for table `countries`
--

INSERT INTO `countries` (`id`, `name`, `nationality`, `order`, `image`, `is_default`, `status`, `created_at`, `updated_at`, `code`) VALUES
(1, 'France', 'French', 0, NULL, 0, 'published', '2025-08-01 08:35:53', NULL, 'FRA'),
(2, 'England', 'English', 0, NULL, 0, 'published', '2025-08-01 08:35:53', NULL, 'UK'),
(3, 'USA', 'Americans', 0, NULL, 0, 'published', '2025-08-01 08:35:53', NULL, 'US'),
(4, 'Holland', 'Dutch', 0, NULL, 0, 'published', '2025-08-01 08:35:53', NULL, 'HL'),
(5, 'Denmark', 'Danish', 0, NULL, 0, 'published', '2025-08-01 08:35:53', NULL, 'DN'),
(6, 'Germany', 'Danish', 0, NULL, 0, 'published', '2025-08-01 08:35:53', NULL, 'DN');

-- --------------------------------------------------------

--
-- Table structure for table `countries_translations`
--

CREATE TABLE `countries_translations` (
  `lang_code` varchar(20) NOT NULL,
  `countries_id` bigint(20) UNSIGNED NOT NULL,
  `name` varchar(120) DEFAULT NULL,
  `nationality` varchar(120) DEFAULT NULL
) ENGINE=InnoDB DEFAULT CHARSET=utf8mb4 COLLATE=utf8mb4_unicode_ci;

-- --------------------------------------------------------

--
-- Table structure for table `cr_bookings`
--

CREATE TABLE `cr_bookings` (
  `id` bigint(20) UNSIGNED NOT NULL,
  `booking_number` varchar(191) DEFAULT NULL,
  `transaction_id` varchar(191) DEFAULT NULL,
  `customer_name` varchar(191) DEFAULT NULL,
  `customer_email` varchar(191) DEFAULT NULL,
  `customer_phone` varchar(191) DEFAULT NULL,
  `customer_age` int(10) UNSIGNED DEFAULT NULL,
  `customer_id` varchar(191) DEFAULT NULL,
  `amount` double NOT NULL,
  `sub_total` double NOT NULL,
  `coupon_amount` double DEFAULT NULL,
  `coupon_code` varchar(191) DEFAULT NULL,
  `tax_amount` double DEFAULT 0,
  `currency_id` varchar(191) DEFAULT NULL,
  `payment_id` varchar(191) DEFAULT NULL,
  `note` text DEFAULT NULL,
  `completion_miles` int(10) UNSIGNED DEFAULT NULL,
  `completion_gas_level` varchar(30) DEFAULT NULL,
  `completion_damage_images` text DEFAULT NULL,
  `completion_notes` text DEFAULT NULL,
  `completed_at` timestamp NULL DEFAULT NULL,
  `status` varchar(30) NOT NULL DEFAULT 'pending',
  `created_at` timestamp NULL DEFAULT NULL,
  `updated_at` timestamp NULL DEFAULT NULL,
  `vendor_id` bigint(20) UNSIGNED DEFAULT NULL
) ENGINE=InnoDB DEFAULT CHARSET=utf8mb4 COLLATE=utf8mb4_unicode_ci;

--
-- Dumping data for table `cr_bookings`
--

INSERT INTO `cr_bookings` (`id`, `booking_number`, `transaction_id`, `customer_name`, `customer_email`, `customer_phone`, `customer_age`, `customer_id`, `amount`, `sub_total`, `coupon_amount`, `coupon_code`, `tax_amount`, `currency_id`, `payment_id`, `note`, `completion_miles`, `completion_gas_level`, `completion_damage_images`, `completion_notes`, `completed_at`, `status`, `created_at`, `updated_at`, `vendor_id`) VALUES
(1, '#1000002', 'WHEHNGS1SLDKSZOZLTDO', 'Maegan Simonis', 'brady92@example.org', NULL, NULL, '7', 99, 99, 0, NULL, 0, '1', '1', NULL, NULL, NULL, NULL, NULL, NULL, 'pending', '2025-08-01 08:36:44', '2025-08-01 08:36:44', 12),
(2, '#1000003', 'EEVIPNHWJU6ZMBUZZWBZ', 'Mr. Herbert Sawayn DDS', 'vendor@mxcar.com', NULL, NULL, '12', 49, 49, 0, NULL, 0, '1', '2', NULL, NULL, NULL, NULL, NULL, NULL, 'cancelled', '2025-08-01 08:36:44', '2025-08-01 08:36:44', NULL),
(3, '#1000004', '8NM3WB1KVO1KHSQ67YXL', 'Ms. Madelyn Sawayn', 'kenya.rath@example.com', NULL, NULL, '4', 98, 98, 0, NULL, 0, '1', '3', NULL, NULL, NULL, NULL, NULL, NULL, 'processing', '2025-08-01 08:36:44', '2025-08-01 08:36:44', NULL),
(4, '#1000005', 'Y3KJWGZNBBIM1KO9POXY', 'Mr. Kyle Kutch PhD', 'rbreitenberg@example.org', NULL, NULL, '5', 97, 97, 0, NULL, 0, '1', '4', NULL, NULL, NULL, NULL, NULL, NULL, 'completed', '2025-08-01 08:36:44', '2025-08-01 08:36:44', 12),
(5, '#1000006', 'ODBZQOEACOQTPZZVYOWU', 'Bradly Hessel', 'robel.breanna@example.com', NULL, NULL, '3', 87, 87, 0, NULL, 0, '1', '5', NULL, NULL, NULL, NULL, NULL, NULL, 'completed', '2025-08-01 08:36:44', '2025-08-01 08:36:44', NULL),
(6, '#1000007', 'CCCMFULZLWOZECI1PFNN', 'Mr. Kyle Kutch PhD', 'rbreitenberg@example.org', NULL, NULL, '5', 44, 44, 0, NULL, 0, '1', '6', NULL, NULL, NULL, NULL, NULL, NULL, 'pending', '2025-08-01 08:36:44', '2025-08-01 08:36:44', NULL),
(7, '#1000008', 'DHDO8FYJEBL1WXUJSJDW', 'Ms. Madelyn Sawayn', 'kenya.rath@example.com', NULL, NULL, '4', 47, 47, 0, NULL, 0, '1', '7', NULL, NULL, NULL, NULL, NULL, NULL, 'cancelled', '2025-08-01 08:36:44', '2025-08-01 08:36:44', 12),
(8, '#1000009', 'XC9I9XVOTSLHNY7BWORO', 'Bradly Hessel', 'robel.breanna@example.com', NULL, NULL, '3', 53, 53, 0, NULL, 0, '1', '8', NULL, NULL, NULL, NULL, NULL, NULL, 'processing', '2025-08-01 08:36:44', '2025-08-01 08:36:44', NULL),
(9, '#1000010', 'PWT2NWGX9HFDB4NJX0OP', 'Ms. Madelyn Sawayn', 'kenya.rath@example.com', NULL, NULL, '4', 34, 34, 0, NULL, 0, '1', '9', NULL, NULL, NULL, NULL, NULL, NULL, 'pending', '2025-08-01 08:36:44', '2025-08-01 08:36:44', NULL),
(10, '#1000011', 'XVYBVRZ75RSLMWG47NCZ', 'Jacques O\'Conner', 'fay.keebler@example.net', NULL, NULL, '9', 60, 60, 0, NULL, 0, '1', '10', NULL, NULL, NULL, NULL, NULL, NULL, 'completed', '2025-08-01 08:36:44', '2025-08-01 08:36:44', 12),
(11, '#1000012', 'GODATV3WZP1RLM5V3BJC', 'Maegan Simonis', 'brady92@example.org', NULL, NULL, '7', 80, 80, 0, NULL, 0, '1', '11', NULL, NULL, NULL, NULL, NULL, NULL, 'pending', '2025-08-01 08:36:44', '2025-08-01 08:36:44', NULL),
(12, '#1000013', 'E7NRJABQKXHVKIH4MLWU', 'Maegan Simonis', 'brady92@example.org', NULL, NULL, '7', 97, 97, 0, NULL, 0, '1', '12', NULL, NULL, NULL, NULL, NULL, NULL, 'processing', '2025-08-01 08:36:44', '2025-08-01 08:36:44', NULL),
(13, '#1000014', 'EIDMY5L4ICSIAPYR4YPK', 'Carolyne Lesch Sr.', 'eichmann.maureen@example.org', NULL, NULL, '6', 45, 45, 0, NULL, 0, '1', '13', NULL, NULL, NULL, NULL, NULL, NULL, 'processing', '2025-08-01 08:36:44', '2025-08-01 08:36:44', 12),
(14, '#1000015', 'YJM6QVOPLABS2TKS4P2N', 'Mr. Kyle Kutch PhD', 'rbreitenberg@example.org', NULL, NULL, '5', 95, 95, 0, NULL, 0, '1', '14', NULL, NULL, NULL, NULL, NULL, NULL, 'pending', '2025-08-01 08:36:44', '2025-08-01 08:36:44', NULL),
(15, '#1000016', 'LW0WEA0VYFDII0TXYPI8', 'Prof. Keshawn Marquardt I', 'ekiehn@example.net', NULL, NULL, '10', 71, 71, 0, NULL, 0, '1', '15', NULL, NULL, NULL, NULL, NULL, NULL, 'completed', '2025-08-01 08:36:44', '2025-08-01 08:36:44', NULL),
(16, '#1000017', 'QQV80OI82VPYLMMKAJMJ', 'Tyrel Kunze', 'jimmy.mann@example.org', NULL, NULL, '2', 83, 83, 0, NULL, 0, '1', '16', NULL, NULL, NULL, NULL, NULL, NULL, 'cancelled', '2025-08-01 08:36:44', '2025-08-01 08:36:44', 12),
(17, '#1000018', '8QMZ7OSKBISYQAIPUN1C', 'Mr. Herbert Sawayn DDS', 'vendor@mxcar.com', NULL, NULL, '12', 97, 97, 0, NULL, 0, '1', '17', NULL, NULL, NULL, NULL, NULL, NULL, 'pending', '2025-08-01 08:36:44', '2025-08-01 08:36:44', NULL),
(18, '#1000019', 'TOJVFTCIIIJQQEUYEAIM', 'Carolyne Lesch Sr.', 'eichmann.maureen@example.org', NULL, NULL, '6', 58, 58, 0, NULL, 0, '1', '18', NULL, NULL, NULL, NULL, NULL, NULL, 'cancelled', '2025-08-01 08:36:44', '2025-08-01 08:36:44', NULL),
(19, '#1000020', '45DUMH6UYCLWJJRO37PM', 'Mr. Herbert Sawayn DDS', 'vendor@mxcar.com', NULL, NULL, '12', 83, 83, 0, NULL, 0, '1', '19', NULL, NULL, NULL, NULL, NULL, NULL, 'completed', '2025-08-01 08:36:44', '2025-08-01 08:36:44', 12),
(20, '#1000021', 'GDVMA6D75MFY18AKTNK0', 'Jacques O\'Conner', 'fay.keebler@example.net', NULL, NULL, '9', 35, 35, 0, NULL, 0, '1', '20', NULL, NULL, NULL, NULL, NULL, NULL, 'cancelled', '2025-08-01 08:36:44', '2025-08-01 08:36:44', NULL),
(24, '#1000024', 'AIF4O4WIJHHGU0LXLJBKOHMVPBYCASCL', 'User Demo', 'user@demo.com', '+919999996666', NULL, '13', 54, 54, 0, NULL, 0, '1', '21', NULL, NULL, NULL, NULL, NULL, NULL, 'pending', '2025-08-20 04:45:11', '2025-08-20 04:45:11', 12),
(25, '#1000025', 'SVTXBDFIEFI3F2OU0PKWI77MBWP9F0AN', 'User Demo', 'user@demo.com', '+919999996666', NULL, '13', 900, 900, 0, NULL, 0, '1', '22', NULL, NULL, NULL, NULL, NULL, NULL, 'pending', '2025-08-21 12:01:56', '2025-08-21 12:01:56', NULL),
(26, '#1000026', 'PBV4JK2UCN3VX84PILSYZOD2TUPSGHUS', 'Dealer Demo', 'dealer@demo.com', '9922691638', NULL, '14', 30000, 30000, 0, NULL, 0, '1', '23', NULL, NULL, NULL, NULL, NULL, NULL, 'pending', '2025-08-22 04:03:30', '2025-08-22 04:03:30', 14),
(28, '#1000027', 'B1NM0RXUJFAT09WOLNRFF4PHOLLAGFNN', 'User Demo', 'user@demo.com', '+919999996666', NULL, '13', 500, 500, 0, NULL, 0, '1', NULL, NULL, NULL, NULL, NULL, NULL, NULL, 'completed', '2025-09-09 07:13:29', '2025-09-09 07:16:59', 14),
(29, '#1000029', NULL, 'User Demo', 'user@demo.com', '+919999996666', NULL, '13', 102, 102, 0, NULL, 0, '1', NULL, NULL, NULL, NULL, NULL, NULL, NULL, 'pending', '2025-09-23 08:28:06', '2025-09-23 08:28:06', NULL),
(30, '#1000030', NULL, 'User Demo', 'user@demo.com', '+919999996666', NULL, '13', 231, 231, 0, NULL, 0, '1', NULL, NULL, NULL, NULL, NULL, NULL, NULL, 'pending', '2025-09-23 08:28:33', '2025-09-23 08:28:33', NULL),
(31, '#1000031', NULL, 'User Demo', 'user@demo.com', '+919999996666', NULL, '13', 77, 77, 0, NULL, 0, '1', NULL, NULL, NULL, NULL, NULL, NULL, NULL, 'pending', '2025-09-23 08:29:13', '2025-09-23 08:29:13', NULL),
(32, '#1000032', NULL, 'User Demo', 'user@demo.com', '+919999996666', NULL, '13', 204, 204, 0, NULL, 0, '1', NULL, NULL, NULL, NULL, NULL, NULL, NULL, 'pending', '2025-09-23 08:43:14', '2025-09-23 08:43:14', NULL),
(33, '#1000033', NULL, 'User Demo', 'user@demo.com', '+919999996666', NULL, '13', 234, 234, 0, NULL, 0, '1', NULL, NULL, NULL, NULL, NULL, NULL, NULL, 'pending', '2025-09-23 08:52:50', '2025-09-23 08:52:50', NULL),
(34, '#1000034', NULL, 'User Demo', 'user@demo.com', '+919999996666', NULL, '13', 231, 231, 0, NULL, 0, '1', NULL, NULL, NULL, NULL, NULL, NULL, NULL, 'pending', '2025-09-23 08:55:43', '2025-09-23 08:55:43', NULL),
(35, '#1000035', NULL, 'User Demo', 'user@demo.com', '+919999996666', NULL, '13', 231, 231, 0, NULL, 0, '1', NULL, NULL, NULL, NULL, NULL, NULL, NULL, 'pending', '2025-09-23 09:14:32', '2025-09-23 09:14:32', NULL),
(36, '#1000036', NULL, 'User Demo', 'user@demo.com', '+919999996666', NULL, '13', 154, 154, 0, NULL, 0, '1', NULL, NULL, NULL, NULL, NULL, NULL, NULL, 'pending', '2025-09-23 09:32:51', '2025-09-23 09:32:51', NULL),
(37, '#1000037', NULL, 'User Demo', 'user@demo.com', '+91999999667', NULL, '13', 231, 231, 0, NULL, 0, '1', NULL, NULL, NULL, NULL, NULL, NULL, NULL, 'pending', '2025-09-23 10:22:12', '2025-09-23 10:22:12', NULL),
(38, '#1000038', NULL, 'User Demo', 'user@demo.com', '+91999999667', NULL, '13', 41, 41, 0, NULL, 0, '1', NULL, NULL, NULL, NULL, NULL, NULL, NULL, 'pending', '2025-09-23 10:26:32', '2025-09-23 10:26:32', NULL),
(39, '#1000039', NULL, 'User Demo', 'user@demo.com', '+91999999667', NULL, '13', 78, 78, 0, NULL, 0, '1', NULL, NULL, NULL, NULL, NULL, NULL, NULL, 'pending', '2025-09-23 10:29:23', '2025-09-23 10:29:23', NULL),
(40, '#1000040', NULL, 'User Demo', 'user@demo.com', '+91999999667', NULL, '13', 400, 400, 0, NULL, 0, '1', NULL, NULL, NULL, NULL, NULL, NULL, NULL, 'pending', '2025-09-23 10:34:22', '2025-09-23 10:34:22', NULL),
(41, '#1000041', NULL, 'User Demo', 'user@demo.com', '+91999999667', NULL, '13', 2000, 2000, 0, NULL, 0, '1', NULL, NULL, NULL, NULL, NULL, NULL, NULL, 'pending', '2025-09-23 10:36:52', '2025-09-23 10:36:52', NULL),
(42, '#1000042', 'LFDDSTCC0EPYCY7JQB7DL0OITSGRN0IR', 'User Demo', 'user@demo.com', '+91999999667', NULL, '13', 1272, 1272, 0, NULL, 0, '1', '24', NULL, NULL, NULL, NULL, NULL, NULL, 'pending', '2025-09-23 10:36:59', '2025-09-23 10:36:59', 14),
(43, '#1000043', NULL, 'User Demo', 'user@demo.com', '+91999999667', NULL, '13', 1800, 1800, 0, NULL, 0, '1', NULL, NULL, NULL, NULL, NULL, NULL, NULL, 'pending', '2025-09-23 10:37:17', '2025-09-23 10:37:17', NULL),
(44, '#1000044', NULL, 'User Demo', 'user@demo.com', '+91999999667', NULL, '13', 150, 150, 0, NULL, 0, '1', NULL, NULL, NULL, NULL, NULL, NULL, NULL, 'pending', '2025-09-23 10:37:57', '2025-09-23 10:37:57', NULL),
(45, '#1000045', '9ENQ1MZAFYDGP5PDQNBD7RUZTU7JGQJB', 'User Demo', 'user@demo.com', '+91999999667', NULL, '13', 1670, 1670, 0, NULL, 0, '1', '25', NULL, NULL, NULL, NULL, NULL, NULL, 'pending', '2025-09-23 10:47:17', '2025-09-23 10:47:17', 12),
(46, '#1000046', NULL, 'User Demo', 'user@demo.com', '+91999999667', NULL, '13', 390, 390, 0, NULL, 0, '1', NULL, NULL, NULL, NULL, NULL, NULL, NULL, 'pending', '2025-09-23 10:51:22', '2025-09-23 10:51:22', NULL),
(47, '#1000047', NULL, 'User Demo', 'user@demo.com', '+91999999667', NULL, '13', 900, 900, 0, NULL, 0, '1', NULL, NULL, NULL, NULL, NULL, NULL, NULL, 'pending', '2025-09-23 10:57:16', '2025-09-23 10:57:16', NULL),
(48, '#1000048', NULL, 'User Demo', 'user@demo.com', '+91999999667', NULL, '13', 1000, 1000, 0, NULL, 0, '1', NULL, NULL, NULL, NULL, NULL, NULL, NULL, 'pending', '2025-09-23 10:59:30', '2025-09-23 10:59:30', NULL),
(49, '#1000049', NULL, 'User Demo', 'user@demo.com', '+91999999667', NULL, '13', 200, 200, 0, NULL, NULL, '1', NULL, NULL, NULL, NULL, NULL, NULL, NULL, 'pending', '2025-09-23 11:01:22', '2025-09-23 11:01:22', NULL),
(50, '#1000050', NULL, 'User Demo', 'user@demo.com', '+91999999667', NULL, '13', 66, 66, 0, NULL, NULL, '1', NULL, NULL, NULL, NULL, NULL, NULL, NULL, 'pending', '2025-09-23 11:02:57', '2025-09-23 11:02:57', NULL),
(51, '#1000051', NULL, 'User Demo', 'user@demo.com', '+91999999667', NULL, '13', 900, 900, 0, NULL, NULL, '1', NULL, NULL, NULL, NULL, NULL, NULL, NULL, 'pending', '2025-09-23 11:06:15', '2025-09-23 11:06:15', NULL),
(52, '#1000052', 'YFGJISF0OLLD7T2STIO983X8KQ8ZAGIH', 'User Demo', 'user@demo.com', '+91999999667', NULL, '13', 852, 852, 0, NULL, 0, '1', '26', NULL, NULL, NULL, NULL, NULL, NULL, 'pending', '2025-09-23 11:11:19', '2025-09-23 11:11:19', NULL),
(53, '#1000053', NULL, 'User Demo', 'user@demo.com', '+91999999667', NULL, '13', 51, 51, 0, NULL, 0, '1', NULL, NULL, NULL, NULL, NULL, NULL, NULL, 'pending', '2025-09-23 11:15:55', '2025-09-23 11:15:55', NULL),
(54, '#1000054', NULL, 'User Demo', 'user@demo.com', '+91999999667', NULL, '13', 60, 60, 0, NULL, 0, '1', NULL, NULL, NULL, NULL, NULL, NULL, NULL, 'pending', '2025-09-23 11:16:25', '2025-09-23 11:16:25', NULL),
(55, '#1000055', NULL, 'User Demo', 'user@demo.com', '+91999999667', NULL, '13', 41, 41, 0, NULL, 0, '1', NULL, NULL, NULL, NULL, NULL, NULL, NULL, 'pending', '2025-09-23 11:19:05', '2025-09-23 11:19:05', NULL),
(56, '#1000056', NULL, 'User Demo', 'user@demo.com', '+91999999667', NULL, '13', 41, 41, 0, NULL, 0, '1', NULL, NULL, NULL, NULL, NULL, NULL, NULL, 'pending', '2025-09-23 11:22:40', '2025-09-23 11:22:40', NULL),
(57, '#1000057', NULL, 'User Demo', 'user@demo.com', '+91999999667', NULL, '13', 79, 79, 0, NULL, 0, '1', NULL, NULL, NULL, NULL, NULL, NULL, NULL, 'pending', '2025-09-23 11:23:48', '2025-09-23 11:23:48', NULL),
(58, '#1000058', NULL, 'User Demo', 'user@demo.com', '+91999999667', NULL, '13', 79, 79, 0, NULL, 0, '1', NULL, NULL, NULL, NULL, NULL, NULL, NULL, 'pending', '2025-09-23 11:25:17', '2025-09-23 11:25:17', NULL),
(59, '#1000059', NULL, 'User Demo', 'user@demo.com', '+91999999667', NULL, '13', 132, 132, 0, NULL, 0, '1', NULL, NULL, NULL, NULL, NULL, NULL, NULL, 'pending', '2025-09-23 11:30:50', '2025-09-23 11:30:50', NULL),
(60, '#1000060', NULL, 'User Demo', 'user@demo.com', '+91999999667', NULL, '13', 66, 66, 0, NULL, 0, '1', NULL, NULL, NULL, NULL, NULL, NULL, NULL, 'pending', '2025-09-23 11:31:55', '2025-09-23 11:31:55', NULL),
(61, '#1000061', NULL, 'User Demo', 'user@demo.com', '+91999999667', NULL, '13', 66, 66, 0, NULL, 0, '1', NULL, NULL, NULL, NULL, NULL, NULL, NULL, 'pending', '2025-09-23 11:42:18', '2025-09-23 11:42:18', NULL),
(62, '#1000062', NULL, 'User Demo', 'user@demo.com', '+91999999667', NULL, '13', 66, 66, 0, NULL, 0, '1', NULL, NULL, NULL, NULL, NULL, NULL, NULL, 'pending', '2025-09-23 11:43:47', '2025-09-23 11:43:47', NULL),
(63, '#1000063', NULL, 'User Demo', 'user@demo.com', '+91999999667', NULL, '13', 500, 500, 0, NULL, 0, '1', NULL, NULL, NULL, NULL, NULL, NULL, NULL, 'pending', '2025-09-23 12:08:31', '2025-09-23 12:08:31', NULL),
(64, '#1000064', NULL, 'User Demo', 'user@demo.com', '+91999999667', NULL, '13', 79, 79, 0, NULL, 0, '1', NULL, NULL, NULL, NULL, NULL, NULL, NULL, 'pending', '2025-09-23 12:14:16', '2025-09-23 12:14:16', NULL),
(65, '#1000065', NULL, 'User Demo', 'user@demo.com', '+91999999667', NULL, '13', 77, 77, 0, NULL, 0, '1', NULL, NULL, NULL, NULL, NULL, NULL, NULL, 'processing', '2025-09-23 12:19:18', '2025-09-24 09:07:35', NULL),
(66, '#1000066', NULL, 'User Demo', 'user@demo.com', '+91999999667', NULL, '13', 77, 77, 0, NULL, 0, '1', NULL, NULL, NULL, NULL, NULL, NULL, NULL, 'processing', '2025-09-23 12:21:09', '2025-09-24 08:08:19', NULL),
(67, '#1000067', NULL, 'User Demo', 'user@demo.com', '+91999999667', NULL, '13', 500, 500, 0, NULL, 0, '1', NULL, NULL, NULL, NULL, NULL, NULL, NULL, 'processing', '2025-09-23 12:26:45', '2025-09-24 07:03:25', NULL),
(68, '#1000068', NULL, 'User Demo', 'user@demo.com', '+91999999667', NULL, '13', 500, 500, 0, NULL, 0, '1', NULL, NULL, NULL, NULL, NULL, NULL, NULL, 'completed', '2025-09-24 06:24:22', '2025-09-24 06:28:38', NULL),
(69, '#1000069', NULL, 'User Demo', 'user@demo.com', '+91999999667', NULL, '13', 500, 500, 0, NULL, 0, '1', NULL, NULL, NULL, NULL, NULL, NULL, NULL, 'completed', '2025-09-24 06:30:54', '2025-09-24 06:36:59', NULL),
(70, '#1000070', NULL, 'User Demo', 'user@demo.com', '+91999999667', NULL, '13', 200, 200, 0, NULL, 0, '1', NULL, NULL, NULL, NULL, NULL, NULL, NULL, 'processing', '2025-09-24 06:43:54', '2025-09-24 09:07:59', NULL),
(71, '#1000071', '0ME0FOLUHG4E70I2D6820PVYCW0NX1JE', 'User Demo', 'user@demo.com', '+91999999667', NULL, '13', 900, 900, 0, NULL, 0, '1', '27', NULL, NULL, NULL, NULL, NULL, NULL, 'processing', '2025-09-24 06:58:45', '2025-09-24 08:10:42', 14),
(72, '#1000072', NULL, 'User Demo', 'user@demo.com', '+91999999667', NULL, '13', 200, 200, 0, NULL, 0, '1', NULL, NULL, NULL, NULL, NULL, NULL, NULL, 'processing', '2025-09-24 07:23:46', '2025-09-24 09:10:36', NULL),
(73, '#1000073', NULL, 'User Demo', 'user@demo.com', '+91999999667', NULL, '13', 77, 77, 0, NULL, 0, '1', NULL, NULL, NULL, NULL, NULL, NULL, NULL, 'pending', '2025-09-24 08:16:37', '2025-09-24 08:16:37', NULL),
(74, '#1000074', NULL, 'User Demo', 'user@demo.com', '+91999999667', NULL, '13', 77, 77, 0, NULL, 0, '1', NULL, NULL, NULL, NULL, NULL, NULL, NULL, 'processing', '2025-09-24 08:22:14', '2025-09-26 11:47:23', NULL),
(75, '#1000075', NULL, 'User Demo', 'user@demo.com', '+91999999667', NULL, '13', 77, 77, 0, NULL, 0, '1', NULL, NULL, NULL, NULL, NULL, NULL, NULL, 'processing', '2025-09-24 10:22:48', '2025-09-26 10:47:44', NULL),
(76, '#1000076', NULL, 'User Demo', 'user@demo.com', '+91999999667', NULL, '13', 158, 158, 0, NULL, 0, '1', NULL, NULL, NULL, NULL, NULL, NULL, NULL, 'processing', '2025-09-24 10:54:52', '2025-09-26 10:45:34', NULL),
(77, '#1000077', NULL, 'User Demo', 'user@demo.com', '+91999999667', NULL, '13', 41, 41, 0, NULL, 0, '1', NULL, NULL, NULL, NULL, NULL, NULL, NULL, 'processing', '2025-09-24 10:58:37', '2025-09-26 10:43:35', NULL),
(78, '#1000078', NULL, 'User Demo', 'user@demo.com', '+91999999667', NULL, '13', 79, 79, 0, NULL, 0, '1', NULL, NULL, NULL, NULL, NULL, NULL, NULL, 'processing', '2025-09-24 10:59:09', '2025-09-26 10:39:14', NULL),
(79, '#1000079', NULL, 'User Demo', 'user@demo.com', '+91999999667', NULL, '13', 79, 79, 0, NULL, 0, '1', NULL, NULL, NULL, NULL, NULL, NULL, NULL, 'processing', '2025-09-24 11:06:19', '2025-09-26 10:14:17', NULL),
(80, '#1000080', NULL, 'User Demo', 'user@demo.com', '+91999999667', NULL, '13', 79, 79, 0, NULL, 0, '1', NULL, NULL, NULL, NULL, NULL, NULL, NULL, 'processing', '2025-09-24 11:07:10', '2025-09-24 11:53:24', NULL),
(81, '#1000081', NULL, 'User Demo', 'user@demo.com', '+91999999667', NULL, '13', 30, 30, 0, NULL, 0, '1', NULL, NULL, NULL, NULL, NULL, NULL, NULL, 'completed', '2025-09-24 11:10:13', '2025-09-24 11:53:14', NULL),
(82, '#1000082', NULL, 'User Demo', 'user@demo.com', '+91999999667', NULL, '13', 1000, 1000, 0, NULL, 0, '1', NULL, NULL, NULL, NULL, NULL, NULL, NULL, 'processing', '2025-09-25 08:43:08', '2025-09-26 10:04:33', NULL),
(83, '#1000083', NULL, 'User Demo', 'user@demo.com', '+91999999667', NULL, '13', 200, 200, 0, NULL, 0, '1', NULL, NULL, NULL, NULL, NULL, NULL, NULL, 'processing', '2025-09-25 09:18:19', '2025-09-26 10:04:48', NULL);

-- --------------------------------------------------------

--
-- Table structure for table `cr_booking_cars`
--

CREATE TABLE `cr_booking_cars` (
  `id` bigint(20) UNSIGNED NOT NULL,
  `booking_id` bigint(20) UNSIGNED NOT NULL,
  `car_id` bigint(20) UNSIGNED NOT NULL,
  `car_image` varchar(191) DEFAULT NULL,
  `car_name` varchar(191) NOT NULL,
  `price` double NOT NULL,
  `currency_id` bigint(20) UNSIGNED NOT NULL,
  `pickup_address_id` bigint(20) UNSIGNED DEFAULT NULL,
  `return_address_id` bigint(20) UNSIGNED DEFAULT NULL,
  `rental_start_date` datetime NOT NULL,
  `rental_end_date` datetime NOT NULL,
  `created_at` timestamp NULL DEFAULT NULL,
  `updated_at` timestamp NULL DEFAULT NULL
) ENGINE=InnoDB DEFAULT CHARSET=utf8mb4 COLLATE=utf8mb4_unicode_ci;

--
-- Dumping data for table `cr_booking_cars`
--

INSERT INTO `cr_booking_cars` (`id`, `booking_id`, `car_id`, `car_image`, `car_name`, `price`, `currency_id`, `pickup_address_id`, `return_address_id`, `rental_start_date`, `rental_end_date`, `created_at`, `updated_at`) VALUES
(1, 1, 29, NULL, 'Lincoln Aviator Reserve AWD 2024', 99, 1, NULL, NULL, '2025-07-30 00:00:00', '2025-08-03 00:00:00', '2025-08-01 08:36:44', '2025-08-01 08:36:44'),
(2, 2, 43, NULL, 'Volkswagen Tiguan SEL R-Line 2024', 49, 1, NULL, NULL, '2025-07-21 00:00:00', '2025-07-23 00:00:00', '2025-08-01 08:36:44', '2025-08-01 08:36:44'),
(3, 3, 10, NULL, 'Lexus RX 350 F Sport Handling AWD 2024', 98, 1, NULL, NULL, '2025-07-17 00:00:00', '2025-07-21 00:00:00', '2025-08-01 08:36:44', '2025-08-01 08:36:44'),
(4, 4, 41, NULL, 'Hyundai Tucson Limited AWD 2024', 97, 1, NULL, NULL, '2025-07-29 00:00:00', '2025-08-02 00:00:00', '2025-08-01 08:36:44', '2025-08-01 08:36:44'),
(5, 5, 37, NULL, 'BMW M4 Competition xDrive 2024', 87, 1, NULL, NULL, '2025-07-24 00:00:00', '2025-07-27 00:00:00', '2025-08-01 08:36:44', '2025-08-01 08:36:44'),
(6, 6, 18, NULL, 'Acura MDX Type S Advance 2024', 44, 1, NULL, NULL, '2025-07-20 00:00:00', '2025-07-22 00:00:00', '2025-08-01 08:36:44', '2025-08-01 08:36:44'),
(7, 7, 8, NULL, 'BMW X5 xDrive40i M Sport 2024', 47, 1, NULL, NULL, '2025-07-30 00:00:00', '2025-08-02 00:00:00', '2025-08-01 08:36:44', '2025-08-01 08:36:44'),
(8, 8, 60, NULL, 'Toyota Corolla Hybrid LE 2024', 53, 1, NULL, NULL, '2025-07-30 00:00:00', '2025-08-03 00:00:00', '2025-08-01 08:36:44', '2025-08-01 08:36:44'),
(9, 9, 3, NULL, 'Mercedes-Benz C300 4MATIC 2024', 34, 1, NULL, NULL, '2025-07-27 00:00:00', '2025-07-31 00:00:00', '2025-08-01 08:36:44', '2025-08-01 08:36:44'),
(10, 10, 2, NULL, 'Honda Accord Sport 2.0T 2024', 60, 1, NULL, NULL, '2025-07-24 00:00:00', '2025-07-28 00:00:00', '2025-08-01 08:36:44', '2025-08-01 08:36:44'),
(11, 11, 65, NULL, 'Koenigsegg Jesko Absolut 2024', 80, 1, NULL, NULL, '2025-07-29 00:00:00', '2025-07-31 00:00:00', '2025-08-01 08:36:44', '2025-08-01 08:36:44'),
(12, 12, 5, NULL, 'Lexus ES 350 F Sport 2024', 97, 1, NULL, NULL, '2025-07-27 00:00:00', '2025-07-31 00:00:00', '2025-08-01 08:36:44', '2025-08-01 08:36:44'),
(13, 13, 30, NULL, 'Alfa Romeo Stelvio Veloce AWD 2024', 45, 1, NULL, NULL, '2025-07-30 00:00:00', '2025-08-02 00:00:00', '2025-08-01 08:36:44', '2025-08-01 08:36:44'),
(14, 14, 16, NULL, 'Genesis G70 3.3T Sport Prestige AWD 2024', 95, 1, NULL, NULL, '2025-07-26 00:00:00', '2025-07-29 00:00:00', '2025-08-01 08:36:44', '2025-08-01 08:36:44'),
(15, 15, 44, NULL, 'Toyota Highlander Platinum AWD 2024', 71, 1, NULL, NULL, '2025-07-31 00:00:00', '2025-08-03 00:00:00', '2025-08-01 08:36:44', '2025-08-01 08:36:44'),
(16, 16, 85, NULL, 'Genesis Electrified GV70 Advanced AWD 2024', 83, 1, NULL, NULL, '2025-07-30 00:00:00', '2025-08-01 00:00:00', '2025-08-01 08:36:44', '2025-08-01 08:36:44'),
(17, 17, 41, NULL, 'Hyundai Tucson Limited AWD 2024', 97, 1, NULL, NULL, '2025-07-30 00:00:00', '2025-08-03 00:00:00', '2025-08-01 08:36:44', '2025-08-01 08:36:44'),
(18, 18, 63, NULL, 'McLaren Artura Spider 2024', 58, 1, NULL, NULL, '2025-07-30 00:00:00', '2025-08-02 00:00:00', '2025-08-01 08:36:44', '2025-08-01 08:36:44'),
(19, 19, 85, NULL, 'Genesis Electrified GV70 Advanced AWD 2024', 83, 1, NULL, NULL, '2025-07-31 00:00:00', '2025-08-04 00:00:00', '2025-08-01 08:36:44', '2025-08-01 08:36:44'),
(20, 20, 21, NULL, 'Nissan Altima SR VC-Turbo 2024', 35, 1, NULL, NULL, '2025-07-31 00:00:00', '2025-08-04 00:00:00', '2025-08-01 08:36:44', '2025-08-01 08:36:44'),
(21, 23, 3, 'cars/3.jpg', 'Mercedes-Benz C300 4MATIC 2024', 34, 1, NULL, NULL, '2025-08-21 04:20:21', '2025-08-22 04:20:21', '2025-08-20 04:20:21', '2025-08-20 04:20:21'),
(22, 24, 1, 'cars/93.jpg', 'Toyota Camry XLE Hybrid 2024', 54, 1, 9, 9, '2025-08-20 04:45:11', '2025-08-21 04:45:11', '2025-08-20 04:45:11', '2025-08-20 04:45:11'),
(23, 25, 17, 'customers/14/0x0.png', 'Chevrolet Corvette Stingray', 900, 1, 1, 1, '2025-08-21 12:01:56', '2025-08-22 12:01:56', '2025-08-21 12:01:56', '2025-08-21 12:01:56'),
(24, 26, 22, 'customers/14/thar-diesel-at-3.png', 'THAR', 30000, 1, 1, 1, '2025-08-22 04:03:30', '2025-08-23 04:03:30', '2025-08-22 04:03:30', '2025-08-22 04:03:30'),
(25, 27, 20, NULL, 'Mahindra XUV700', 1000, 1, NULL, NULL, '2025-09-08 07:53:18', '2025-09-09 07:53:18', '2025-09-07 07:53:18', '2025-09-07 07:53:18'),
(26, 28, 16, 'customers/14/be-6e-exterior-right-front-three-quarter-5.png', 'Mahindra BE.06', 500, 1, 1, 1, '2025-09-09 07:13:29', '2025-09-10 07:13:29', '2025-09-09 07:13:29', '2025-09-09 07:13:29'),
(27, 29, 7, NULL, 'Honda CR-V Touring Hybrid AWD 2024', 51, 1, NULL, NULL, '2025-09-24 08:28:06', '2025-09-26 08:28:06', '2025-09-23 08:28:06', '2025-09-23 08:28:06'),
(28, 30, 8, NULL, 'BMW X5 xDrive40i M Sport 2024', 77, 1, NULL, NULL, '2025-09-24 08:28:33', '2025-09-27 08:28:33', '2025-09-23 08:28:33', '2025-09-23 08:28:33'),
(29, 31, 8, NULL, 'BMW X5 xDrive40i M Sport 2024', 77, 1, NULL, NULL, '2025-09-29 08:29:13', '2025-09-30 08:29:13', '2025-09-23 08:29:13', '2025-09-23 08:29:13'),
(30, 32, 7, NULL, 'Honda CR-V Touring Hybrid AWD 2024', 51, 1, NULL, NULL, '2025-09-26 08:43:14', '2025-09-30 08:43:14', '2025-09-23 08:43:14', '2025-09-23 08:43:14'),
(31, 33, 9, NULL, 'Mercedes-Benz GLC 300 4MATIC 2024', 78, 1, NULL, NULL, '2025-10-01 08:52:50', '2025-10-04 08:52:50', '2025-09-23 08:52:50', '2025-09-23 08:52:50'),
(32, 34, 8, NULL, 'BMW X5 xDrive40i M Sport 2024', 77, 1, NULL, NULL, '2025-10-15 08:55:43', '2025-10-18 08:55:43', '2025-09-23 08:55:43', '2025-09-23 08:55:43'),
(33, 35, 8, NULL, 'BMW X5 xDrive40i M Sport 2024', 77, 1, NULL, NULL, '2025-10-07 09:14:32', '2025-10-10 09:14:32', '2025-09-23 09:14:32', '2025-09-23 09:14:32'),
(34, 36, 8, NULL, 'BMW X5 xDrive40i M Sport 2024', 77, 1, NULL, NULL, '2025-10-02 09:32:51', '2025-10-04 09:32:51', '2025-09-23 09:32:51', '2025-09-23 09:32:51'),
(35, 37, 8, NULL, 'BMW X5 xDrive40i M Sport 2024', 77, 1, NULL, NULL, '2025-11-07 10:22:12', '2025-11-10 10:22:12', '2025-09-23 10:22:12', '2025-09-23 10:22:12'),
(36, 38, 3, NULL, 'Mercedes-Benz C300 4MATIC 2024', 41, 1, NULL, NULL, '2025-10-07 10:26:32', '2025-10-08 10:26:32', '2025-09-23 10:26:32', '2025-09-23 10:26:32'),
(37, 39, 9, NULL, 'Mercedes-Benz GLC 300 4MATIC 2024', 78, 1, NULL, NULL, '2025-10-08 10:29:23', '2025-10-09 10:29:23', '2025-09-23 10:29:23', '2025-09-23 10:29:23'),
(38, 40, 23, NULL, 'Renault Clio 6', 200, 1, NULL, NULL, '2025-09-25 10:34:22', '2025-09-27 10:34:22', '2025-09-23 10:34:22', '2025-09-23 10:34:22'),
(39, 41, 20, NULL, 'Mahindra XUV700', 1000, 1, NULL, NULL, '2025-09-25 10:36:52', '2025-09-27 10:36:52', '2025-09-23 10:36:52', '2025-09-23 10:36:52'),
(40, 42, 16, 'customers/14/be-6e-exterior-right-front-three-quarter-5.png', 'Mahindra BE.06', 500, 1, 1, 1, '2025-09-23 10:36:59', '2025-09-24 10:36:59', '2025-09-23 10:36:59', '2025-09-23 10:36:59'),
(41, 43, 17, 'customers/14/0x0.png', 'Chevrolet Corvette Stingray', 900, 1, NULL, NULL, '2025-09-25 10:37:17', '2025-09-27 10:37:17', '2025-09-23 10:37:17', '2025-09-23 10:37:17'),
(42, 44, 1, NULL, 'Toyota Camry XLE Hybrid 2024', 30, 1, NULL, NULL, '2025-09-25 10:37:57', '2025-09-30 10:37:57', '2025-09-23 10:37:57', '2025-09-23 10:37:57'),
(43, 45, 5, 'cars/download-3.jpeg', 'Lexus ES 350 F Sport 2024', 79, 1, 3, 3, '2025-09-23 10:47:17', '2025-09-24 10:47:17', '2025-09-23 10:47:17', '2025-09-23 10:47:17'),
(44, 46, 9, NULL, 'Mercedes-Benz GLC 300 4MATIC 2024', 78, 1, NULL, NULL, '2025-09-25 10:51:22', '2025-09-30 10:51:22', '2025-09-23 10:51:22', '2025-09-23 10:51:22'),
(45, 47, 17, 'customers/14/0x0.png', 'Chevrolet Corvette Stingray', 900, 1, NULL, NULL, '2025-10-07 10:57:16', '2025-10-08 10:57:16', '2025-09-23 10:57:16', '2025-09-23 10:57:16'),
(46, 48, 20, NULL, 'Mahindra XUV700', 1000, 1, NULL, NULL, '2025-09-29 10:59:30', '2025-09-30 10:59:30', '2025-09-23 10:59:30', '2025-09-23 10:59:30'),
(47, 49, 23, NULL, 'Renault Clio 6', 200, 1, NULL, NULL, '2025-10-07 11:01:22', '2025-10-08 11:01:22', '2025-09-23 11:01:22', '2025-09-23 11:01:22'),
(48, 50, 6, NULL, 'Toyota RAV4 Prime XSE AWD 2024', 66, 1, NULL, NULL, '2025-10-02 11:02:57', '2025-10-03 11:02:57', '2025-09-23 11:02:57', '2025-09-23 11:02:57'),
(49, 51, 15, 'customers/14/super-sports-car-segment-in-india-to-register-30-pc-growth-this-year-mclaren-automotive.png', 'McLaren 720S', 300, 1, NULL, NULL, '2025-09-27 11:06:15', '2025-09-30 11:06:15', '2025-09-23 11:06:15', '2025-09-23 11:06:15'),
(50, 52, 2, 'cars/2021-honda-accord-sedan-touring-fq-oem-2-1600x1067jpg.jpeg', 'Honda Accord Sport 2.0T 2024', 80, 1, 7, 7, '2025-09-23 11:11:19', '2025-09-24 11:11:19', '2025-09-23 11:11:19', '2025-09-23 11:11:19'),
(51, 53, 7, NULL, 'Honda CR-V Touring Hybrid AWD 2024', 51, 1, NULL, NULL, '2025-10-01 11:15:55', '2025-10-02 11:15:55', '2025-09-23 11:15:55', '2025-09-23 11:15:55'),
(52, 54, 10, NULL, 'Lexus RX 350 F Sport Handling AWD 2024', 60, 1, NULL, NULL, '2025-10-01 11:16:25', '2025-10-02 11:16:25', '2025-09-23 11:16:25', '2025-09-23 11:16:25'),
(53, 55, 3, NULL, 'Mercedes-Benz C300 4MATIC 2024', 41, 1, NULL, NULL, '2025-09-29 11:19:05', '2025-09-30 11:19:05', '2025-09-23 11:19:05', '2025-09-23 11:19:05'),
(54, 56, 3, NULL, 'Mercedes-Benz C300 4MATIC 2024', 41, 1, NULL, NULL, '2025-10-15 11:22:40', '2025-10-16 11:22:40', '2025-09-23 11:22:40', '2025-09-23 11:22:40'),
(55, 57, 5, NULL, 'Lexus ES 350 F Sport 2024', 79, 1, NULL, NULL, '2025-09-27 11:23:48', '2025-09-28 11:23:48', '2025-09-23 11:23:48', '2025-09-23 11:23:48'),
(56, 58, 5, NULL, 'Lexus ES 350 F Sport 2024', 79, 1, NULL, NULL, '2025-09-29 11:25:17', '2025-09-30 11:25:17', '2025-09-23 11:25:17', '2025-09-23 11:25:17'),
(57, 59, 6, NULL, 'Toyota RAV4 Prime XSE AWD 2024', 66, 1, NULL, NULL, '2025-10-04 11:30:50', '2025-10-06 11:30:50', '2025-09-23 11:30:50', '2025-09-23 11:30:50'),
(58, 60, 6, NULL, 'Toyota RAV4 Prime XSE AWD 2024', 66, 1, NULL, NULL, '2025-10-06 11:31:55', '2025-10-07 11:31:55', '2025-09-23 11:31:55', '2025-09-23 11:31:55'),
(59, 61, 6, NULL, 'Toyota RAV4 Prime XSE AWD 2024', 66, 1, NULL, NULL, '2025-10-08 11:42:18', '2025-10-09 11:42:18', '2025-09-23 11:42:18', '2025-09-23 11:42:18'),
(60, 62, 6, NULL, 'Toyota RAV4 Prime XSE AWD 2024', 66, 1, NULL, NULL, '2025-10-10 11:43:47', '2025-10-11 11:43:47', '2025-09-23 11:43:47', '2025-09-23 11:43:47'),
(61, 63, 24, NULL, 'Ford Mustang GT', 500, 1, NULL, NULL, '2025-10-01 12:08:31', '2025-10-02 12:08:31', '2025-09-23 12:08:31', '2025-09-23 12:08:31'),
(62, 64, 5, NULL, 'Lexus ES 350 F Sport 2024', 79, 1, NULL, NULL, '2025-10-02 12:14:16', '2025-10-03 12:14:16', '2025-09-23 12:14:16', '2025-09-23 12:14:16'),
(63, 65, 8, NULL, 'BMW X5 xDrive40i M Sport 2024', 77, 1, NULL, NULL, '2025-09-30 12:19:18', '2025-10-01 12:19:18', '2025-09-23 12:19:18', '2025-09-23 12:19:18'),
(64, 66, 8, NULL, 'BMW X5 xDrive40i M Sport 2024', 77, 1, NULL, NULL, '2025-10-22 12:21:09', '2025-10-23 12:21:09', '2025-09-23 12:21:09', '2025-09-23 12:21:09'),
(65, 67, 24, NULL, 'Ford Mustang GT', 500, 1, NULL, NULL, '2025-10-15 12:26:45', '2025-10-16 12:26:45', '2025-09-23 12:26:45', '2025-09-23 12:26:45'),
(66, 68, 24, NULL, 'Ford Mustang GT', 500, 1, NULL, NULL, '2025-09-24 06:24:22', '2025-09-25 06:24:22', '2025-09-24 06:24:22', '2025-09-24 06:24:22'),
(67, 69, 24, NULL, 'Ford Mustang GT', 500, 1, NULL, NULL, '2025-09-26 06:30:54', '2025-09-27 06:30:54', '2025-09-24 06:30:54', '2025-09-24 06:30:54'),
(68, 70, 23, NULL, 'Renault Clio 6', 200, 1, NULL, NULL, '2025-10-01 06:43:54', '2025-10-02 06:43:54', '2025-09-24 06:43:54', '2025-09-24 06:43:54'),
(69, 71, 17, 'customers/14/0x0.png', 'Chevrolet Corvette Stingray', 900, 1, 1, 1, '2025-10-01 06:58:45', '2025-10-02 06:58:45', '2025-09-24 06:58:45', '2025-09-24 06:58:45'),
(70, 72, 23, NULL, 'Renault Clio 6', 200, 1, NULL, NULL, '2025-10-03 07:23:46', '2025-10-04 07:23:46', '2025-09-24 07:23:46', '2025-09-24 07:23:46'),
(71, 73, 8, NULL, 'BMW X5 xDrive40i M Sport 2024', 77, 1, NULL, NULL, '2025-10-23 08:16:37', '2025-10-24 08:16:37', '2025-09-24 08:16:37', '2025-09-24 08:16:37'),
(72, 74, 8, NULL, 'BMW X5 xDrive40i M Sport 2024', 77, 1, NULL, NULL, '2025-10-25 08:22:14', '2025-10-26 08:22:14', '2025-09-24 08:22:14', '2025-09-24 08:22:14'),
(73, 75, 8, NULL, 'BMW X5 xDrive40i M Sport 2024', 77, 1, NULL, NULL, '2025-10-28 10:22:48', '2025-10-29 10:22:48', '2025-09-24 10:22:48', '2025-09-24 10:22:48'),
(74, 76, 5, NULL, 'Lexus ES 350 F Sport 2024', 79, 1, NULL, NULL, '2025-10-25 10:54:52', '2025-10-27 10:54:52', '2025-09-24 10:54:52', '2025-09-24 10:54:52'),
(75, 77, 3, NULL, 'Mercedes-Benz C300 4MATIC 2024', 41, 1, NULL, NULL, '2025-10-29 10:58:37', '2025-10-30 10:58:37', '2025-09-24 10:58:37', '2025-09-24 10:58:37'),
(76, 78, 5, NULL, 'Lexus ES 350 F Sport 2024', 79, 1, NULL, NULL, '2025-10-28 10:59:09', '2025-10-29 10:59:09', '2025-09-24 10:59:09', '2025-09-24 10:59:09'),
(77, 79, 5, NULL, 'Lexus ES 350 F Sport 2024', 79, 1, NULL, NULL, '2025-10-30 11:06:19', '2025-10-31 11:06:19', '2025-09-24 11:06:19', '2025-09-24 11:06:19'),
(78, 80, 5, NULL, 'Lexus ES 350 F Sport 2024', 79, 1, NULL, NULL, '2025-10-11 11:07:10', '2025-10-12 11:07:10', '2025-09-24 11:07:10', '2025-09-24 11:07:10'),
(79, 81, 1, NULL, 'Toyota Camry XLE Hybrid 2024', 30, 1, NULL, NULL, '2025-10-18 11:10:13', '2025-10-19 11:10:13', '2025-09-24 11:10:13', '2025-09-24 11:10:13'),
(80, 82, 20, NULL, 'Mahindra XUV700', 1000, 1, NULL, NULL, '2025-10-23 08:43:08', '2025-10-24 08:43:08', '2025-09-25 08:43:08', '2025-09-25 08:43:08'),
(81, 83, 23, NULL, 'Renault Clio 6', 200, 1, NULL, NULL, '2025-10-14 09:18:19', '2025-10-15 09:18:19', '2025-09-25 09:18:19', '2025-09-25 09:18:19');

-- --------------------------------------------------------

--
-- Table structure for table `cr_booking_service`
--

CREATE TABLE `cr_booking_service` (
  `id` bigint(20) UNSIGNED NOT NULL,
  `booking_id` bigint(20) UNSIGNED NOT NULL,
  `service_id` bigint(20) UNSIGNED NOT NULL
) ENGINE=InnoDB DEFAULT CHARSET=utf8mb4 COLLATE=utf8mb4_unicode_ci;

--
-- Dumping data for table `cr_booking_service`
--

INSERT INTO `cr_booking_service` (`id`, `booking_id`, `service_id`) VALUES
(1, 42, 1),
(2, 42, 2),
(3, 45, 1),
(4, 45, 5),
(5, 45, 6),
(6, 52, 1),
(7, 52, 2);

-- --------------------------------------------------------

--
-- Table structure for table `cr_cars`
--

CREATE TABLE `cr_cars` (
  `id` bigint(20) UNSIGNED NOT NULL,
  `name` varchar(191) NOT NULL,
  `description` text DEFAULT NULL,
  `content` text DEFAULT NULL,
  `images` text DEFAULT NULL,
  `license_plate` varchar(15) DEFAULT NULL,
  `make_id` bigint(20) UNSIGNED DEFAULT NULL,
  `status` varchar(20) NOT NULL DEFAULT 'available',
  `year` int(10) UNSIGNED DEFAULT NULL,
  `mileage` int(10) UNSIGNED DEFAULT NULL,
  `horsepower` decimal(8,2) DEFAULT NULL,
  `vehicle_type_id` bigint(20) UNSIGNED DEFAULT NULL,
  `transmission_id` bigint(20) UNSIGNED DEFAULT NULL,
  `fuel_type_id` bigint(20) UNSIGNED DEFAULT NULL,
  `number_of_seats` int(10) UNSIGNED DEFAULT NULL,
  `number_of_doors` int(10) UNSIGNED DEFAULT NULL,
  `rental_rate` double UNSIGNED NOT NULL DEFAULT 0,
  `currency_id` bigint(20) UNSIGNED DEFAULT NULL,
  `currency` varchar(10) DEFAULT NULL,
  `rental_type` varchar(191) NOT NULL DEFAULT 'per_day',
  `rental_available_types` text DEFAULT NULL,
  `insurance_info` text DEFAULT NULL,
  `vin` varchar(191) DEFAULT NULL,
  `location` varchar(191) DEFAULT NULL,
  `pick_address_id` bigint(20) UNSIGNED DEFAULT NULL COMMENT 'Id table cr_car_addresses',
  `return_address_id` bigint(20) UNSIGNED DEFAULT NULL COMMENT 'Id table cr_car_addresses',
  `tax_id` bigint(20) UNSIGNED DEFAULT NULL,
  `is_featured` tinyint(1) NOT NULL DEFAULT 0,
  `is_used` tinyint(1) NOT NULL DEFAULT 0,
  `is_for_sale` tinyint(1) NOT NULL DEFAULT 0,
  `sale_price` decimal(15,2) DEFAULT NULL,
  `condition` varchar(30) DEFAULT NULL,
  `ownership_history` varchar(191) DEFAULT NULL,
  `warranty_information` text DEFAULT NULL,
  `sale_status` varchar(30) NOT NULL DEFAULT 'available',
  `external_booking_url` varchar(191) DEFAULT NULL,
  `created_at` timestamp NULL DEFAULT NULL,
  `updated_at` timestamp NULL DEFAULT NULL,
  `author_id` bigint(20) UNSIGNED DEFAULT NULL,
  `author_type` varchar(191) NOT NULL DEFAULT 'Botble\\ACL\\Models\\User',
  `vendor_id` bigint(20) UNSIGNED DEFAULT NULL,
  `moderation_status` varchar(60) NOT NULL DEFAULT 'pending',
  `reject_reason` varchar(400) DEFAULT NULL
) ENGINE=InnoDB DEFAULT CHARSET=utf8mb4 COLLATE=utf8mb4_unicode_ci;

--
-- Dumping data for table `cr_cars`
--

INSERT INTO `cr_cars` (`id`, `name`, `description`, `content`, `images`, `license_plate`, `make_id`, `status`, `year`, `mileage`, `horsepower`, `vehicle_type_id`, `transmission_id`, `fuel_type_id`, `number_of_seats`, `number_of_doors`, `rental_rate`, `currency_id`, `currency`, `rental_type`, `rental_available_types`, `insurance_info`, `vin`, `location`, `pick_address_id`, `return_address_id`, `tax_id`, `is_featured`, `is_used`, `is_for_sale`, `sale_price`, `condition`, `ownership_history`, `warranty_information`, `sale_status`, `external_booking_url`, `created_at`, `updated_at`, `author_id`, `author_type`, `vendor_id`, `moderation_status`, `reject_reason`) VALUES
(1, 'Toyota Camry XLE Hybrid 2024', NULL, '<p>Introducing the epitome of modern sophistication in the realm of compact SUVs – the Seltos K3. Dressed in a captivating blue hue that exudes elegance and flair, this dynamic vehicle stands as a testament to innovation and style. With its sleek design accentuated by striking dark wheels, the Seltos K3 is not merely a mode of transportation but a statement of refined taste and contemporary living.</p><p>Prepare to embark on a journey where cutting-edge technology meets unparalleled comfort, all wrapped in a package of unparalleled aesthetics. Join us as we delve into the world of the Seltos K3, where every detail is crafted to elevate your driving experience to new heights.</p>', '{\"1\":\"cars\\/2021-toyota-camry-sedan-xle-fq-oem-1-815jpg.jpeg\"}', '30A-123.00', 11, 'available', 2017, 15481, NULL, 7, 1, 2, 4, 2, 30, NULL, NULL, 'per_day', NULL, NULL, '76ZYGWLU45WVN6HG2', NULL, 2, 2, NULL, 1, 0, 0, 0.00, '', NULL, NULL, 'available', 'https://www.enterprise.com/en/reserve.html?vehicleType=toyota-camry-xle-hybrid-2024', '2025-06-10 20:28:45', '2025-06-26 01:59:04', 12, 'Botble\\CarRentals\\Models\\Customer', NULL, 'approved', NULL),
(2, 'Honda Accord Sport 2.0T 2024', NULL, '<p>Introducing the epitome of modern sophistication in the realm of compact SUVs – the Seltos K3. Dressed in a captivating blue hue that exudes elegance and flair, this dynamic vehicle stands as a testament to innovation and style. With its sleek design accentuated by striking dark wheels, the Seltos K3 is not merely a mode of transportation but a statement of refined taste and contemporary living.</p><p>Prepare to embark on a journey where cutting-edge technology meets unparalleled comfort, all wrapped in a package of unparalleled aesthetics. Join us as we delve into the world of the Seltos K3, where every detail is crafted to elevate your driving experience to new heights.</p>', '{\"1\":\"cars\\/2021-honda-accord-sedan-touring-fq-oem-2-1600x1067jpg.jpeg\"}', '30A-123.11', 14, 'available', 2012, 13026, NULL, 4, NULL, 1, 5, 5, 80, NULL, NULL, 'per_day', NULL, NULL, '66J2WM8F6BMRZX0UY', NULL, 7, 7, NULL, 0, 1, 0, 0.00, '', NULL, NULL, 'available', NULL, '2025-06-10 20:28:45', '2025-06-26 02:03:21', 1, 'Botble\\ACL\\Models\\User', NULL, 'approved', NULL),
(3, 'Mercedes-Benz C300 4MATIC 2024', NULL, '<p>Introducing the epitome of modern sophistication in the realm of compact SUVs – the Seltos K3. Dressed in a captivating blue hue that exudes elegance and flair, this dynamic vehicle stands as a testament to innovation and style. With its sleek design accentuated by striking dark wheels, the Seltos K3 is not merely a mode of transportation but a statement of refined taste and contemporary living.</p><p>Prepare to embark on a journey where cutting-edge technology meets unparalleled comfort, all wrapped in a package of unparalleled aesthetics. Join us as we delve into the world of the Seltos K3, where every detail is crafted to elevate your driving experience to new heights.</p>', '{\"1\":\"cars\\/2025-mercedes-benz-c-class-sedan-amg-c-43-fq-oem-2-1600x1067jpg.jpeg\"}', '29A-123.22', 6, 'available', 2013, 16558, NULL, 4, 1, 2, 8, 4, 41, NULL, NULL, 'per_day', NULL, NULL, '7SJ3ZHE27UY4P8D29', NULL, 9, 9, NULL, 1, 0, 0, 0.00, '', NULL, NULL, 'available', NULL, '2025-06-10 20:28:45', '2025-06-26 01:58:16', 12, 'Botble\\CarRentals\\Models\\Customer', NULL, 'approved', NULL),
(4, 'BMW 330i xDrive M Sport 2024', NULL, '<p>Introducing the epitome of modern sophistication in the realm of compact SUVs – the Seltos K3. Dressed in a captivating blue hue that exudes elegance and flair, this dynamic vehicle stands as a testament to innovation and style. With its sleek design accentuated by striking dark wheels, the Seltos K3 is not merely a mode of transportation but a statement of refined taste and contemporary living.</p><p>Prepare to embark on a journey where cutting-edge technology meets unparalleled comfort, all wrapped in a package of unparalleled aesthetics. Join us as we delve into the world of the Seltos K3, where every detail is crafted to elevate your driving experience to new heights.</p>', '{\"1\":\"cars\\/2025-bmw-3-series-sedan-330i-fq-oem-3-1600x1067jpg.jpeg\"}', '30A-123.33', 4, 'available', 2022, 8890, NULL, 1, 1, 2, 5, 5, 93, NULL, NULL, 'per_day', NULL, NULL, 'SR6YMADX4NFEK9G1W', NULL, 9, 9, NULL, 0, 0, 0, 0.00, '', NULL, NULL, 'available', NULL, '2025-06-10 20:28:45', '2025-06-26 02:03:38', 1, 'Botble\\ACL\\Models\\User', NULL, 'approved', NULL),
(5, 'Lexus ES 350 F Sport 2024', NULL, '<p>Introducing the epitome of modern sophistication in the realm of compact SUVs – the Seltos K3. Dressed in a captivating blue hue that exudes elegance and flair, this dynamic vehicle stands as a testament to innovation and style. With its sleek design accentuated by striking dark wheels, the Seltos K3 is not merely a mode of transportation but a statement of refined taste and contemporary living.</p><p>Prepare to embark on a journey where cutting-edge technology meets unparalleled comfort, all wrapped in a package of unparalleled aesthetics. Join us as we delve into the world of the Seltos K3, where every detail is crafted to elevate your driving experience to new heights.</p>', '{\"1\":\"cars\\/download-3.jpeg\",\"2\":\"cars\\/download-2.jpeg\",\"3\":\"cars\\/images-2.jpeg\",\"4\":\"cars\\/2024-lexus-es-interior-102-649f39cc5db39.jpg\",\"5\":\"cars\\/2023-lexus-es350-f-sport-7.jpg\",\"6\":\"cars\\/2024-lexus-es-interior-101-649f39cc72916.jpg\",\"7\":\"cars\\/car-interiors-4-520x380.jpg\"}', '30A-123.44', 8, 'available', 2016, 18410, NULL, 6, 1, 1, 5, 4, 79, NULL, NULL, 'per_day', NULL, NULL, 'RNZ7WN4V2RNVCL0NJ', NULL, 3, 3, NULL, 1, 0, 0, 0.00, '', NULL, NULL, 'available', NULL, '2025-06-10 20:28:45', '2025-06-26 06:38:02', 12, 'Botble\\CarRentals\\Models\\Customer', NULL, 'approved', NULL),
(6, 'Toyota RAV4 Prime XSE AWD 2024', NULL, '<p>Introducing the epitome of modern sophistication in the realm of compact SUVs – the Seltos K3. Dressed in a captivating blue hue that exudes elegance and flair, this dynamic vehicle stands as a testament to innovation and style. With its sleek design accentuated by striking dark wheels, the Seltos K3 is not merely a mode of transportation but a statement of refined taste and contemporary living.</p><p>Prepare to embark on a journey where cutting-edge technology meets unparalleled comfort, all wrapped in a package of unparalleled aesthetics. Join us as we delve into the world of the Seltos K3, where every detail is crafted to elevate your driving experience to new heights.</p>', '{\"1\":\"cars\\/2025-toyota-rav4-hybrid-4dr-suv-se-fq-oem-1-815jpg.jpeg\"}', '30A-123.55', 4, 'available', 2012, 11370, NULL, 8, NULL, 2, 7, 2, 66, NULL, NULL, 'per_day', NULL, NULL, 'DEKL7J107Y4KVUS1L', NULL, 1, 1, NULL, 0, 1, 0, 0.00, '', NULL, NULL, 'available', NULL, '2025-06-10 20:28:46', '2025-06-26 01:58:35', 1, 'Botble\\ACL\\Models\\User', NULL, 'approved', NULL),
(7, 'Honda CR-V Touring Hybrid AWD 2024', NULL, '<p>Introducing the epitome of modern sophistication in the realm of compact SUVs – the Seltos K3. Dressed in a captivating blue hue that exudes elegance and flair, this dynamic vehicle stands as a testament to innovation and style. With its sleek design accentuated by striking dark wheels, the Seltos K3 is not merely a mode of transportation but a statement of refined taste and contemporary living.</p><p>Prepare to embark on a journey where cutting-edge technology meets unparalleled comfort, all wrapped in a package of unparalleled aesthetics. Join us as we delve into the world of the Seltos K3, where every detail is crafted to elevate your driving experience to new heights.</p>', '{\"1\":\"cars\\/2020-honda-cr-v-4dr-suv-touring-fq-oem-1-815jpg.jpeg\",\"2\":\"cars\\/car-interiors-4-520x380.jpg\",\"3\":\"cars\\/car-interiors-2-520x380.jpg\",\"4\":\"cars\\/2024-honda-cr-v-sport-l.jpg\"}', '30A-123.66', 3, 'available', 2012, 7622, NULL, 5, 1, 2, 8, 2, 51, NULL, NULL, 'per_day', NULL, NULL, 'B5A47L0P0R17XJGM6', NULL, 8, 8, NULL, 1, 0, 0, 0.00, '', NULL, NULL, 'available', NULL, '2025-06-10 20:28:46', '2025-06-30 04:46:40', 12, 'Botble\\CarRentals\\Models\\Customer', NULL, 'approved', NULL),
(8, 'BMW X5 xDrive40i M Sport 2024', NULL, '<p>Introducing the epitome of modern sophistication in the realm of compact SUVs – the Seltos K3. Dressed in a captivating blue hue that exudes elegance and flair, this dynamic vehicle stands as a testament to innovation and style. With its sleek design accentuated by striking dark wheels, the Seltos K3 is not merely a mode of transportation but a statement of refined taste and contemporary living.</p><p>Prepare to embark on a journey where cutting-edge technology meets unparalleled comfort, all wrapped in a package of unparalleled aesthetics. Join us as we delve into the world of the Seltos K3, where every detail is crafted to elevate your driving experience to new heights.</p>', '{\"1\":\"cars\\/download.jpeg\",\"2\":\"cars\\/download-1.jpeg\",\"3\":\"cars\\/bmw-x-series-x5-sp-desktop.jpg\",\"4\":\"cars\\/car-interiors-7-520x380.jpg\"}', '30A-123.77', 9, 'available', 2022, 12349, NULL, 2, NULL, 1, 8, 2, 77, NULL, NULL, 'per_day', NULL, NULL, 'VYHESFMD3U4KC667F', NULL, 5, 5, NULL, 0, 0, 0, 0.00, '', NULL, NULL, 'available', NULL, '2025-06-10 20:28:46', '2025-06-26 06:33:41', 1, 'Botble\\ACL\\Models\\User', NULL, 'approved', NULL),
(9, 'Mercedes-Benz GLC 300 4MATIC 2024', NULL, '<p>Introducing the epitome of modern sophistication in the realm of compact SUVs – the Seltos K3. Dressed in a captivating blue hue that exudes elegance and flair, this dynamic vehicle stands as a testament to innovation and style. With its sleek design accentuated by striking dark wheels, the Seltos K3 is not merely a mode of transportation but a statement of refined taste and contemporary living.</p><p>Prepare to embark on a journey where cutting-edge technology meets unparalleled comfort, all wrapped in a package of unparalleled aesthetics. Join us as we delve into the world of the Seltos K3, where every detail is crafted to elevate your driving experience to new heights.</p>', '{\"1\":\"cars\\/8-520x380.jpg\",\"2\":\"cars\\/6-1920x1080.jpg\",\"3\":\"cars\\/car-interiors-4-1920x1080.jpg\",\"4\":\"cars\\/car-interiors-6-520x380.jpg\",\"5\":\"cars\\/car-interiors-5-520x380.jpg\"}', '30A-123.88', 9, 'available', 2012, 10983, NULL, 2, 1, 3, 8, 2, 78, NULL, NULL, 'per_day', NULL, NULL, '7B1KFRS34JAW3R4JT', NULL, 5, 5, NULL, 1, 0, 0, 0.00, '', NULL, NULL, 'available', NULL, '2025-06-10 20:28:46', '2025-06-26 06:29:01', 12, 'Botble\\CarRentals\\Models\\Customer', NULL, 'approved', NULL),
(10, 'Lexus RX 350 F Sport Handling AWD 2024', NULL, '<p>Introducing the epitome of modern sophistication in the realm of compact SUVs – the Seltos K3. Dressed in a captivating blue hue that exudes elegance and flair, this dynamic vehicle stands as a testament to innovation and style. With its sleek design accentuated by striking dark wheels, the Seltos K3 is not merely a mode of transportation but a statement of refined taste and contemporary living.</p><p>Prepare to embark on a journey where cutting-edge technology meets unparalleled comfort, all wrapped in a package of unparalleled aesthetics. Join us as we delve into the world of the Seltos K3, where every detail is crafted to elevate your driving experience to new heights.</p>', '{\"1\":\"cars\\/10-520x380.jpg\",\"2\":\"cars\\/car-interiors-8-520x380.jpg\"}', '29A-123.99', 6, 'available', 2011, 8394, NULL, 7, 1, 2, 8, 5, 60, NULL, NULL, 'per_day', NULL, NULL, 'FZDX8ZV616TY8WBRT', NULL, 11, 11, NULL, 0, 1, 0, 0.00, '', NULL, NULL, 'available', NULL, '2025-06-10 20:28:46', '2025-06-26 06:31:07', 1, 'Botble\\ACL\\Models\\User', NULL, 'approved', NULL),
(15, 'McLaren 720S', NULL, '<p>The McLaren 720S is a cutting-edge supercar engineered for both road and track. Powered by a 4.0-liter twin-turbocharged V8 engine, it produces over 700 horsepower, accelerating from 0 to 100 km/h in under 3 seconds. With a lightweight carbon fiber structure, active aerodynamics, and a futuristic design, the 720S combines raw power with precision handling. Its sculpted body, dihedral doors, and high-tech interior make it a standout in the world of performance vehicles.</p>', '[\"customers\\/14\\/super-sports-car-segment-in-india-to-register-30-pc-growth-this-year-mclaren-automotive.png\"]', NULL, NULL, 'available', NULL, NULL, NULL, NULL, NULL, NULL, NULL, NULL, 300, NULL, NULL, 'per_day', NULL, NULL, NULL, NULL, 1, 1, NULL, 0, 0, 0, 0.00, '', NULL, NULL, 'available', NULL, '2025-06-30 04:36:30', '2025-06-30 04:37:05', 14, 'Botble\\CarRentals\\Models\\Customer', NULL, 'approved', NULL),
(16, 'Mahindra BE.06', NULL, '<p data-start=\"213\" data-end=\"808\">The Mahindra BE.06 is a futuristic all-electric SUV concept, part of Mahindra\'s \"Born Electric\" series. Built on the INGLO platform, the BE.06 features a bold and aerodynamic design with sharp LED lighting, a closed-off grille, and aggressive character lines. It reflects Mahindra\'s vision for high-performance, tech-driven electric vehicles. The BE.06 is expected to offer advanced connected car features, a premium interior, and a strong focus on sustainability and innovation. As a concept, it positions Mahindra in direct competition with other global EV players in the mid-size SUV segment.</p>', '[\"customers\\/14\\/be-6e-exterior-right-front-three-quarter-5.png\"]', NULL, NULL, 'available', NULL, NULL, NULL, NULL, NULL, NULL, NULL, NULL, 500, 1, NULL, 'per_day', NULL, NULL, NULL, NULL, 1, 1, NULL, 0, 0, 0, 0.00, '', NULL, NULL, 'available', NULL, '2025-06-30 04:53:50', '2025-09-11 04:56:38', 14, 'Botble\\CarRentals\\Models\\Customer', NULL, 'approved', NULL),
(17, 'Chevrolet Corvette Stingray', NULL, '<p data-start=\"154\" data-end=\"531\">The Chevrolet Corvette Stingray C8 is the first mid-engine Corvette in the model’s history, marking a revolutionary shift in American sports car engineering. Launched in 2020, the C8 features a 6.2-liter naturally aspirated V8 engine mounted behind the passenger compartment, producing up to <strong data-start=\"446\" data-end=\"464\">495 horsepower</strong> and <strong data-start=\"469\" data-end=\"492\">470 lb-ft of torque</strong> with the optional performance exhaust.</p><p data-start=\"533\" data-end=\"869\">With a 0–60 mph time under <strong data-start=\"560\" data-end=\"573\">3 seconds</strong>, aggressive styling, and a cockpit-inspired interior, the C8 offers exotic performance at a relatively accessible price. Its angular body lines, LED headlights, and large side intakes give it a true supercar look, while maintaining Corvette\'s legacy of blending performance with daily usability.</p>', '[\"customers\\/14\\/0x0.png\"]', NULL, NULL, 'available', NULL, NULL, NULL, NULL, NULL, NULL, NULL, NULL, 900, NULL, NULL, 'per_day', NULL, NULL, NULL, NULL, 1, 1, NULL, 0, 0, 0, 0.00, '', NULL, NULL, 'available', NULL, '2025-06-30 05:15:00', '2025-06-30 05:15:12', 14, 'Botble\\CarRentals\\Models\\Customer', NULL, 'approved', NULL),
(19, 'Toyota Urban Cruiser', 'Toyota Urban Cruiser', '<h1 class=\"o-j6 o-jm o-js o-jJ\" style=\"color:rgb(51,51,51);font-family:LatoGoogle, Lato, LatoWeb, sans-serif;font-size:26px;font-style:normal;margin:0px;padding:0px;word-spacing:0px;\"><strong>Toyota Urban Cruiser</strong></h1>', '{\"1\":\"customers\\/18\\/hyryder-exterior-right-front-three-quarter-73.jpeg\"}', NULL, NULL, 'rented', NULL, NULL, NULL, NULL, NULL, NULL, NULL, NULL, 10000, NULL, NULL, 'per_month', NULL, NULL, NULL, 'Mumbai', 1, 1, NULL, 0, 0, 0, 0.00, '', NULL, NULL, 'available', NULL, '2025-07-01 04:22:21', '2025-07-21 03:29:01', 18, 'Botble\\CarRentals\\Models\\Customer', NULL, 'approved', NULL),
(20, 'Mahindra XUV700', 'The Mahindra XUV700 features a stylish design and a high-quality cabin, available in five-, six-, and seven-seater configurations. It boasts modern features, high safety ratings, strong performance from both diesel and petrol engine options, and impressive road dynamics, all at a competitive price within its segment.', '<div class=\"o-o ERtQDA o-hl o-iT\" style=\"color:rgb(51,51,51);font-family:LatoGoogle, Lato, LatoWeb, sans-serif;font-size:14px;font-style:normal;font-weight:400;margin:0px;max-height:45px;padding:0px;width:992px;word-spacing:0px;\"><div style=\"margin:0px;padding:0px;\"><div class=\"o-j4\" style=\"font-size:16px;margin:0px;padding:0px;\"><p style=\"margin:0px;padding:0px;\">The Mahindra XUV700 features a stylish design and a high-quality cabin, available in five-, six-, and seven-seater configurations. It boasts modern features, high safety ratings, strong performance from both diesel and petrol engine options, and impressive road dynamics, all at a competitive price within its segment.</p></div></div></div><p><br>&nbsp;</p>', '{\"1\":\"cars\\/xuv.jpg\"}', NULL, NULL, 'available', NULL, NULL, NULL, NULL, NULL, NULL, NULL, NULL, 1000, 1, NULL, 'per_month', NULL, NULL, NULL, 'Varanasi', 1, 1, 1, 0, 0, 0, 0.00, '', NULL, NULL, 'available', NULL, '2025-07-01 04:42:59', '2025-08-22 06:08:25', NULL, 'Botble\\CarRentals\\Models\\Customer', NULL, 'approved', NULL),
(23, 'Renault Clio 6', NULL, '<ul><li>Unveiled on <strong>8 September 2025</strong> at the Munich Motor Show.&nbsp;</li><li>It’s Renault’s biggest redesign of the Clio in 13 years.&nbsp;</li><li>The Clio 6 is <strong>7 cm longer</strong> than the Clio 5, with a sleeker, more modern and sporty look, especially in front &amp; rear styling.&nbsp;</li><li>More tech: dual 10-inch screens, a Google-based infotainment system (including Google Maps, Google Assistant, Google Play) in higher trims.&nbsp;</li><li>Many driver-assistance features: up to <strong>29 driver aids</strong> in higher trim</li></ul>', '{\"1\":\"customers\\/14\\/a.jpeg\"}', 'AK-1332', 14, 'available', NULL, NULL, NULL, 1, 1, 1, NULL, NULL, 200, 1, NULL, 'per_hour', NULL, NULL, '231321', 'Los angelus,california,usa', 11, 11, 1, 0, 0, 0, 0.00, '', NULL, NULL, 'available', NULL, '2025-09-11 03:59:21', '2025-09-11 05:04:54', 14, 'Botble\\CarRentals\\Models\\Customer', NULL, 'approved', NULL),
(24, 'Ford Mustang GT', 'Classic American muscle car, 5.0L V8 engine', '<figure class=\"table\"><table><tbody><tr><td>2-door coupe, 450 HP, Bluetooth, ABS brakes</td></tr></tbody></table></figure><figure class=\"table\"><table><tbody><tr><td>&nbsp;</td></tr></tbody></table></figure><p>&nbsp;</p><p>&nbsp;</p><p>&nbsp;</p><p>&nbsp;</p><p>&nbsp;</p>', '{\"1\":\"customers\\/14\\/ford-mustang-gt.jpeg\",\"2\":\"customers\\/14\\/ford-mustang-gt02.jpeg\"}', 'UA-4585', 10, 'available', 2025, 70, 10.00, 6, 1, 1, 4, 4, 500, 1, NULL, 'per_day', NULL, 'Insured by GEICO, Policy #TX452190', '1FA6P8CF9M5102345', 'Dallas, Texas', 11, 10, 12, 0, 0, 0, 0.00, '', NULL, NULL, 'available', 'https://booking.example.com/ford-mustang', '2025-09-16 07:13:53', '2025-09-16 07:26:29', 14, 'Botble\\CarRentals\\Models\\Customer', NULL, 'approved', NULL);

-- --------------------------------------------------------

--
-- Table structure for table `cr_cars_amenities`
--

CREATE TABLE `cr_cars_amenities` (
  `id` bigint(20) UNSIGNED NOT NULL,
  `cr_car_id` bigint(20) UNSIGNED NOT NULL,
  `cr_car_amenity_id` bigint(20) UNSIGNED NOT NULL,
  `created_at` timestamp NULL DEFAULT NULL,
  `updated_at` timestamp NULL DEFAULT NULL
) ENGINE=InnoDB DEFAULT CHARSET=utf8mb4 COLLATE=utf8mb4_unicode_ci;

--
-- Dumping data for table `cr_cars_amenities`
--

INSERT INTO `cr_cars_amenities` (`id`, `cr_car_id`, `cr_car_amenity_id`, `created_at`, `updated_at`) VALUES
(1, 1, 14, NULL, NULL),
(2, 1, 23, NULL, NULL),
(3, 1, 45, NULL, NULL),
(4, 1, 46, NULL, NULL),
(5, 1, 47, NULL, NULL),
(6, 1, 2, NULL, NULL),
(7, 1, 4, NULL, NULL),
(8, 1, 7, NULL, NULL),
(9, 1, 10, NULL, NULL),
(10, 1, 15, NULL, NULL),
(11, 1, 18, NULL, NULL),
(12, 1, 28, NULL, NULL),
(13, 1, 32, NULL, NULL),
(14, 1, 35, NULL, NULL),
(15, 2, 13, NULL, NULL),
(16, 2, 14, NULL, NULL),
(17, 2, 22, NULL, NULL),
(18, 2, 23, NULL, NULL),
(19, 2, 46, NULL, NULL),
(20, 2, 2, NULL, NULL),
(21, 2, 4, NULL, NULL),
(22, 2, 8, NULL, NULL),
(23, 2, 19, NULL, NULL),
(24, 2, 7, NULL, NULL),
(25, 2, 10, NULL, NULL),
(26, 2, 12, NULL, NULL),
(27, 2, 16, NULL, NULL),
(28, 2, 17, NULL, NULL),
(29, 2, 30, NULL, NULL),
(30, 2, 31, NULL, NULL),
(31, 2, 25, NULL, NULL),
(32, 2, 38, NULL, NULL),
(33, 2, 43, NULL, NULL),
(34, 3, 14, NULL, NULL),
(35, 3, 22, NULL, NULL),
(36, 3, 23, NULL, NULL),
(37, 3, 45, NULL, NULL),
(38, 3, 47, NULL, NULL),
(39, 3, 6, NULL, NULL),
(40, 3, 16, NULL, NULL),
(41, 3, 18, NULL, NULL),
(42, 4, 14, NULL, NULL),
(43, 4, 22, NULL, NULL),
(44, 4, 23, NULL, NULL),
(45, 4, 46, NULL, NULL),
(46, 4, 1, NULL, NULL),
(47, 4, 18, NULL, NULL),
(48, 4, 38, NULL, NULL),
(49, 4, 41, NULL, NULL),
(50, 4, 43, NULL, NULL),
(51, 5, 13, NULL, NULL),
(52, 5, 22, NULL, NULL),
(53, 5, 47, NULL, NULL),
(54, 5, 5, NULL, NULL),
(55, 5, 9, NULL, NULL),
(56, 5, 20, NULL, NULL),
(57, 5, 21, NULL, NULL),
(58, 5, 33, NULL, NULL),
(59, 5, 7, NULL, NULL),
(60, 5, 10, NULL, NULL),
(61, 5, 11, NULL, NULL),
(62, 5, 15, NULL, NULL),
(63, 5, 16, NULL, NULL),
(64, 5, 17, NULL, NULL),
(65, 5, 31, NULL, NULL),
(66, 5, 32, NULL, NULL),
(67, 5, 35, NULL, NULL),
(68, 5, 38, NULL, NULL),
(69, 5, 39, NULL, NULL),
(70, 5, 40, NULL, NULL),
(71, 5, 41, NULL, NULL),
(72, 5, 42, NULL, NULL),
(73, 6, 13, NULL, NULL),
(74, 6, 22, NULL, NULL),
(75, 6, 45, NULL, NULL),
(76, 6, 46, NULL, NULL),
(77, 6, 47, NULL, NULL),
(78, 6, 1, NULL, NULL),
(79, 6, 4, NULL, NULL),
(80, 6, 6, NULL, NULL),
(81, 6, 8, NULL, NULL),
(82, 6, 19, NULL, NULL),
(83, 6, 10, NULL, NULL),
(84, 6, 11, NULL, NULL),
(85, 6, 12, NULL, NULL),
(86, 6, 15, NULL, NULL),
(87, 6, 18, NULL, NULL),
(88, 6, 28, NULL, NULL),
(89, 6, 30, NULL, NULL),
(90, 6, 34, NULL, NULL),
(91, 6, 25, NULL, NULL),
(92, 6, 27, NULL, NULL),
(93, 7, 14, NULL, NULL),
(94, 7, 22, NULL, NULL),
(95, 7, 23, NULL, NULL),
(96, 7, 45, NULL, NULL),
(97, 7, 47, NULL, NULL),
(98, 7, 1, NULL, NULL),
(99, 7, 2, NULL, NULL),
(100, 7, 8, NULL, NULL),
(101, 7, 7, NULL, NULL),
(102, 7, 10, NULL, NULL),
(103, 7, 32, NULL, NULL),
(104, 8, 14, NULL, NULL),
(105, 8, 23, NULL, NULL),
(106, 8, 46, NULL, NULL),
(107, 8, 1, NULL, NULL),
(108, 8, 4, NULL, NULL),
(109, 8, 6, NULL, NULL),
(110, 8, 19, NULL, NULL),
(111, 8, 12, NULL, NULL),
(112, 8, 15, NULL, NULL),
(113, 8, 17, NULL, NULL),
(114, 8, 18, NULL, NULL),
(115, 8, 28, NULL, NULL),
(116, 8, 30, NULL, NULL),
(117, 8, 35, NULL, NULL),
(118, 8, 37, NULL, NULL),
(119, 8, 43, NULL, NULL),
(120, 9, 13, NULL, NULL),
(121, 9, 23, NULL, NULL),
(122, 9, 45, NULL, NULL),
(123, 9, 3, NULL, NULL),
(124, 9, 5, NULL, NULL),
(125, 9, 20, NULL, NULL),
(126, 9, 21, NULL, NULL),
(127, 9, 25, NULL, NULL),
(128, 9, 33, NULL, NULL),
(129, 9, 7, NULL, NULL),
(130, 9, 10, NULL, NULL),
(131, 9, 11, NULL, NULL),
(132, 9, 12, NULL, NULL),
(133, 9, 29, NULL, NULL),
(134, 9, 30, NULL, NULL),
(135, 9, 31, NULL, NULL),
(136, 9, 32, NULL, NULL),
(137, 9, 37, NULL, NULL),
(138, 9, 38, NULL, NULL),
(139, 9, 41, NULL, NULL),
(140, 9, 43, NULL, NULL),
(141, 10, 14, NULL, NULL),
(142, 10, 22, NULL, NULL),
(143, 10, 47, NULL, NULL),
(144, 10, 3, NULL, NULL),
(145, 10, 9, NULL, NULL),
(146, 10, 21, NULL, NULL),
(147, 10, 25, NULL, NULL),
(148, 10, 33, NULL, NULL),
(149, 10, 10, NULL, NULL),
(150, 10, 11, NULL, NULL),
(151, 10, 12, NULL, NULL),
(152, 10, 15, NULL, NULL),
(153, 10, 16, NULL, NULL),
(154, 10, 18, NULL, NULL),
(155, 10, 28, NULL, NULL),
(156, 10, 32, NULL, NULL),
(157, 10, 34, NULL, NULL),
(158, 10, 39, NULL, NULL),
(159, 10, 40, NULL, NULL),
(160, 10, 42, NULL, NULL),
(161, 10, 37, NULL, NULL),
(162, 11, 14, NULL, NULL),
(163, 11, 22, NULL, NULL),
(164, 11, 23, NULL, NULL),
(165, 11, 45, NULL, NULL),
(166, 11, 47, NULL, NULL),
(167, 11, 1, NULL, NULL),
(168, 11, 2, NULL, NULL),
(169, 11, 4, NULL, NULL),
(170, 11, 10, NULL, NULL),
(171, 11, 11, NULL, NULL),
(172, 11, 15, NULL, NULL),
(173, 11, 30, NULL, NULL),
(174, 11, 31, NULL, NULL),
(175, 11, 32, NULL, NULL),
(176, 11, 35, NULL, NULL),
(177, 11, 3, NULL, NULL),
(178, 11, 25, NULL, NULL),
(179, 11, 27, NULL, NULL),
(180, 11, 38, NULL, NULL),
(181, 11, 41, NULL, NULL),
(182, 11, 42, NULL, NULL),
(183, 11, 43, NULL, NULL),
(184, 12, 13, NULL, NULL),
(185, 12, 23, NULL, NULL),
(186, 12, 45, NULL, NULL),
(187, 12, 46, NULL, NULL),
(188, 12, 47, NULL, NULL),
(189, 12, 1, NULL, NULL),
(190, 12, 4, NULL, NULL),
(191, 12, 6, NULL, NULL),
(192, 12, 8, NULL, NULL),
(193, 12, 19, NULL, NULL),
(194, 12, 11, NULL, NULL),
(195, 12, 15, NULL, NULL),
(196, 12, 16, NULL, NULL),
(197, 12, 18, NULL, NULL),
(198, 12, 29, NULL, NULL),
(199, 12, 30, NULL, NULL),
(200, 12, 32, NULL, NULL),
(201, 12, 34, NULL, NULL),
(202, 12, 25, NULL, NULL),
(203, 13, 22, NULL, NULL),
(204, 13, 23, NULL, NULL),
(205, 13, 47, NULL, NULL),
(206, 13, 6, NULL, NULL),
(207, 13, 8, NULL, NULL),
(208, 13, 19, NULL, NULL),
(209, 13, 10, NULL, NULL),
(210, 13, 18, NULL, NULL),
(211, 13, 28, NULL, NULL),
(212, 13, 30, NULL, NULL),
(213, 13, 34, NULL, NULL),
(214, 14, 13, NULL, NULL),
(215, 14, 14, NULL, NULL),
(216, 14, 22, NULL, NULL),
(217, 14, 45, NULL, NULL),
(218, 14, 46, NULL, NULL),
(219, 14, 1, NULL, NULL),
(220, 14, 10, NULL, NULL),
(221, 14, 12, NULL, NULL),
(222, 14, 38, NULL, NULL),
(223, 14, 39, NULL, NULL),
(224, 14, 40, NULL, NULL),
(225, 15, 13, NULL, NULL),
(226, 15, 22, NULL, NULL),
(227, 15, 45, NULL, NULL),
(228, 15, 46, NULL, NULL),
(229, 15, 47, NULL, NULL),
(230, 15, 1, NULL, NULL),
(231, 15, 6, NULL, NULL),
(232, 15, 19, NULL, NULL),
(233, 15, 7, NULL, NULL),
(234, 15, 10, NULL, NULL),
(235, 15, 11, NULL, NULL),
(236, 15, 18, NULL, NULL),
(237, 15, 31, NULL, NULL),
(238, 15, 34, NULL, NULL),
(239, 15, 35, NULL, NULL),
(240, 15, 9, NULL, NULL),
(241, 16, 13, NULL, NULL),
(242, 16, 14, NULL, NULL),
(243, 16, 22, NULL, NULL),
(244, 16, 45, NULL, NULL),
(245, 16, 46, NULL, NULL),
(246, 16, 3, NULL, NULL),
(247, 16, 9, NULL, NULL),
(248, 16, 20, NULL, NULL),
(249, 16, 25, NULL, NULL),
(250, 16, 33, NULL, NULL),
(251, 16, 10, NULL, NULL),
(252, 16, 11, NULL, NULL),
(253, 16, 12, NULL, NULL),
(254, 16, 16, NULL, NULL),
(255, 16, 18, NULL, NULL),
(256, 16, 29, NULL, NULL),
(257, 16, 30, NULL, NULL),
(258, 16, 31, NULL, NULL),
(259, 16, 34, NULL, NULL),
(260, 16, 35, NULL, NULL),
(261, 16, 37, NULL, NULL),
(262, 16, 42, NULL, NULL),
(263, 16, 38, NULL, NULL),
(264, 16, 40, NULL, NULL),
(265, 16, 41, NULL, NULL),
(266, 17, 14, NULL, NULL),
(267, 17, 45, NULL, NULL),
(268, 17, 46, NULL, NULL),
(269, 17, 3, NULL, NULL),
(270, 17, 9, NULL, NULL),
(271, 17, 20, NULL, NULL),
(272, 17, 21, NULL, NULL),
(273, 17, 27, NULL, NULL),
(274, 17, 33, NULL, NULL),
(275, 17, 11, NULL, NULL),
(276, 17, 12, NULL, NULL),
(277, 17, 15, NULL, NULL),
(278, 17, 16, NULL, NULL),
(279, 17, 17, NULL, NULL),
(280, 17, 28, NULL, NULL),
(281, 17, 31, NULL, NULL),
(282, 17, 32, NULL, NULL),
(283, 17, 34, NULL, NULL),
(284, 17, 39, NULL, NULL),
(285, 17, 40, NULL, NULL),
(286, 17, 42, NULL, NULL),
(287, 17, 43, NULL, NULL),
(288, 18, 14, NULL, NULL),
(289, 18, 22, NULL, NULL),
(290, 18, 45, NULL, NULL),
(291, 18, 47, NULL, NULL),
(292, 18, 2, NULL, NULL),
(293, 18, 6, NULL, NULL),
(294, 18, 19, NULL, NULL),
(295, 18, 7, NULL, NULL),
(296, 18, 15, NULL, NULL),
(297, 18, 17, NULL, NULL),
(298, 18, 29, NULL, NULL),
(299, 19, 13, NULL, NULL),
(300, 19, 14, NULL, NULL),
(301, 19, 23, NULL, NULL),
(302, 19, 45, NULL, NULL),
(303, 19, 47, NULL, NULL),
(304, 19, 1, NULL, NULL),
(305, 19, 4, NULL, NULL),
(306, 19, 6, NULL, NULL),
(307, 19, 8, NULL, NULL),
(308, 19, 19, NULL, NULL),
(309, 19, 10, NULL, NULL),
(310, 19, 12, NULL, NULL),
(311, 19, 16, NULL, NULL),
(312, 19, 17, NULL, NULL),
(313, 19, 18, NULL, NULL),
(314, 19, 30, NULL, NULL),
(315, 19, 32, NULL, NULL),
(316, 19, 35, NULL, NULL),
(317, 19, 21, NULL, NULL),
(318, 19, 27, NULL, NULL),
(319, 19, 33, NULL, NULL),
(320, 20, 13, NULL, NULL),
(321, 20, 14, NULL, NULL),
(322, 20, 22, NULL, NULL),
(323, 20, 45, NULL, NULL),
(324, 20, 47, NULL, NULL),
(325, 20, 2, NULL, NULL),
(326, 20, 16, NULL, NULL),
(327, 20, 18, NULL, NULL),
(387, 25, 13, NULL, NULL),
(388, 25, 22, NULL, NULL),
(389, 25, 46, NULL, NULL),
(390, 25, 1, NULL, NULL),
(391, 25, 2, NULL, NULL),
(392, 25, 6, NULL, NULL),
(393, 25, 8, NULL, NULL),
(394, 25, 19, NULL, NULL),
(395, 25, 7, NULL, NULL),
(396, 25, 11, NULL, NULL),
(397, 25, 15, NULL, NULL),
(398, 25, 18, NULL, NULL),
(399, 25, 34, NULL, NULL),
(400, 25, 35, NULL, NULL),
(401, 25, 20, NULL, NULL),
(402, 25, 25, NULL, NULL),
(403, 25, 33, NULL, NULL),
(404, 25, 38, NULL, NULL),
(405, 25, 39, NULL, NULL),
(406, 26, 13, NULL, NULL),
(407, 26, 14, NULL, NULL),
(408, 26, 22, NULL, NULL),
(409, 26, 45, NULL, NULL),
(410, 26, 47, NULL, NULL),
(411, 26, 1, NULL, NULL),
(412, 26, 4, NULL, NULL),
(413, 26, 12, NULL, NULL),
(414, 26, 15, NULL, NULL),
(415, 27, 13, NULL, NULL),
(416, 27, 22, NULL, NULL),
(417, 27, 23, NULL, NULL),
(418, 27, 46, NULL, NULL),
(419, 27, 47, NULL, NULL),
(420, 27, 3, NULL, NULL),
(421, 27, 9, NULL, NULL),
(422, 27, 20, NULL, NULL),
(423, 27, 21, NULL, NULL),
(424, 27, 33, NULL, NULL),
(425, 27, 7, NULL, NULL),
(426, 27, 11, NULL, NULL),
(427, 27, 12, NULL, NULL),
(428, 27, 16, NULL, NULL),
(429, 27, 28, NULL, NULL),
(430, 27, 30, NULL, NULL),
(431, 27, 31, NULL, NULL),
(432, 27, 32, NULL, NULL),
(433, 27, 34, NULL, NULL),
(434, 27, 38, NULL, NULL),
(435, 27, 39, NULL, NULL),
(436, 27, 40, NULL, NULL),
(437, 28, 22, NULL, NULL),
(438, 28, 23, NULL, NULL),
(439, 28, 46, NULL, NULL),
(440, 28, 1, NULL, NULL),
(441, 28, 2, NULL, NULL),
(442, 28, 17, NULL, NULL),
(443, 28, 18, NULL, NULL),
(444, 28, 34, NULL, NULL),
(445, 28, 38, NULL, NULL),
(446, 28, 39, NULL, NULL),
(447, 28, 41, NULL, NULL),
(448, 29, 13, NULL, NULL),
(449, 29, 14, NULL, NULL),
(450, 29, 22, NULL, NULL),
(451, 29, 46, NULL, NULL),
(452, 29, 47, NULL, NULL),
(453, 29, 3, NULL, NULL),
(454, 29, 9, NULL, NULL),
(455, 29, 20, NULL, NULL),
(456, 29, 21, NULL, NULL),
(457, 29, 27, NULL, NULL),
(458, 29, 7, NULL, NULL),
(459, 29, 11, NULL, NULL),
(460, 29, 12, NULL, NULL),
(461, 29, 18, NULL, NULL),
(462, 29, 29, NULL, NULL),
(463, 29, 30, NULL, NULL),
(464, 29, 32, NULL, NULL),
(465, 29, 34, NULL, NULL),
(466, 29, 39, NULL, NULL),
(467, 29, 41, NULL, NULL),
(468, 29, 42, NULL, NULL),
(469, 29, 43, NULL, NULL),
(470, 30, 22, NULL, NULL),
(471, 30, 45, NULL, NULL),
(472, 30, 47, NULL, NULL),
(473, 30, 8, NULL, NULL),
(474, 30, 19, NULL, NULL),
(475, 30, 11, NULL, NULL),
(476, 30, 17, NULL, NULL),
(477, 30, 29, NULL, NULL),
(478, 30, 32, NULL, NULL),
(479, 31, 13, NULL, NULL),
(480, 31, 14, NULL, NULL),
(481, 31, 22, NULL, NULL),
(482, 31, 23, NULL, NULL),
(483, 31, 47, NULL, NULL),
(484, 31, 3, NULL, NULL),
(485, 31, 5, NULL, NULL),
(486, 31, 9, NULL, NULL),
(487, 31, 25, NULL, NULL),
(488, 31, 33, NULL, NULL),
(489, 31, 10, NULL, NULL),
(490, 31, 11, NULL, NULL),
(491, 31, 15, NULL, NULL),
(492, 31, 16, NULL, NULL),
(493, 31, 30, NULL, NULL),
(494, 31, 31, NULL, NULL),
(495, 31, 32, NULL, NULL),
(496, 31, 40, NULL, NULL),
(497, 31, 41, NULL, NULL),
(498, 32, 14, NULL, NULL),
(499, 32, 23, NULL, NULL),
(500, 32, 46, NULL, NULL),
(501, 32, 3, NULL, NULL),
(502, 32, 9, NULL, NULL),
(503, 32, 21, NULL, NULL),
(504, 32, 25, NULL, NULL),
(505, 32, 33, NULL, NULL),
(506, 32, 7, NULL, NULL),
(507, 32, 12, NULL, NULL),
(508, 32, 15, NULL, NULL),
(509, 32, 18, NULL, NULL),
(510, 32, 28, NULL, NULL),
(511, 32, 32, NULL, NULL),
(512, 32, 34, NULL, NULL),
(513, 32, 37, NULL, NULL),
(514, 32, 39, NULL, NULL),
(515, 32, 40, NULL, NULL),
(516, 32, 42, NULL, NULL),
(517, 33, 14, NULL, NULL),
(518, 33, 22, NULL, NULL),
(519, 33, 45, NULL, NULL),
(520, 33, 46, NULL, NULL),
(521, 33, 1, NULL, NULL),
(522, 33, 4, NULL, NULL),
(523, 33, 15, NULL, NULL),
(524, 33, 16, NULL, NULL),
(525, 33, 37, NULL, NULL),
(526, 33, 40, NULL, NULL),
(527, 33, 42, NULL, NULL),
(528, 33, 43, NULL, NULL),
(529, 34, 13, NULL, NULL),
(530, 34, 23, NULL, NULL),
(531, 34, 45, NULL, NULL),
(532, 34, 47, NULL, NULL),
(533, 34, 3, NULL, NULL),
(534, 34, 5, NULL, NULL),
(535, 34, 20, NULL, NULL),
(536, 34, 21, NULL, NULL),
(537, 34, 27, NULL, NULL),
(538, 34, 33, NULL, NULL),
(539, 34, 7, NULL, NULL),
(540, 34, 11, NULL, NULL),
(541, 34, 12, NULL, NULL),
(542, 34, 15, NULL, NULL),
(543, 34, 29, NULL, NULL),
(544, 34, 30, NULL, NULL),
(545, 34, 31, NULL, NULL),
(546, 34, 32, NULL, NULL),
(547, 34, 35, NULL, NULL),
(548, 34, 40, NULL, NULL),
(549, 34, 42, NULL, NULL),
(550, 34, 41, NULL, NULL),
(551, 35, 13, NULL, NULL),
(552, 35, 22, NULL, NULL),
(553, 35, 23, NULL, NULL),
(554, 35, 46, NULL, NULL),
(555, 35, 47, NULL, NULL),
(556, 35, 3, NULL, NULL),
(557, 35, 9, NULL, NULL),
(558, 35, 20, NULL, NULL),
(559, 35, 21, NULL, NULL),
(560, 35, 25, NULL, NULL),
(561, 35, 33, NULL, NULL),
(562, 35, 7, NULL, NULL),
(563, 35, 10, NULL, NULL),
(564, 35, 12, NULL, NULL),
(565, 35, 17, NULL, NULL),
(566, 35, 18, NULL, NULL),
(567, 35, 28, NULL, NULL),
(568, 35, 30, NULL, NULL),
(569, 35, 31, NULL, NULL),
(570, 35, 34, NULL, NULL),
(571, 35, 35, NULL, NULL),
(572, 35, 39, NULL, NULL),
(573, 35, 42, NULL, NULL),
(574, 36, 13, NULL, NULL),
(575, 36, 23, NULL, NULL),
(576, 36, 45, NULL, NULL),
(577, 36, 46, NULL, NULL),
(578, 36, 47, NULL, NULL),
(579, 36, 1, NULL, NULL),
(580, 36, 2, NULL, NULL),
(581, 36, 4, NULL, NULL),
(582, 36, 6, NULL, NULL),
(583, 36, 19, NULL, NULL),
(584, 36, 10, NULL, NULL),
(585, 36, 11, NULL, NULL),
(586, 36, 16, NULL, NULL),
(587, 36, 17, NULL, NULL),
(588, 36, 18, NULL, NULL),
(589, 36, 28, NULL, NULL),
(590, 36, 31, NULL, NULL),
(591, 36, 35, NULL, NULL),
(592, 36, 9, NULL, NULL),
(593, 36, 27, NULL, NULL),
(594, 37, 13, NULL, NULL),
(595, 37, 14, NULL, NULL),
(596, 37, 45, NULL, NULL),
(597, 37, 46, NULL, NULL),
(598, 37, 47, NULL, NULL),
(599, 37, 3, NULL, NULL),
(600, 37, 5, NULL, NULL),
(601, 37, 9, NULL, NULL),
(602, 37, 20, NULL, NULL),
(603, 37, 21, NULL, NULL),
(604, 37, 33, NULL, NULL),
(605, 37, 11, NULL, NULL),
(606, 37, 16, NULL, NULL),
(607, 37, 17, NULL, NULL),
(608, 37, 18, NULL, NULL),
(609, 37, 28, NULL, NULL),
(610, 37, 30, NULL, NULL),
(611, 37, 31, NULL, NULL),
(612, 37, 34, NULL, NULL),
(613, 37, 35, NULL, NULL),
(614, 37, 37, NULL, NULL),
(615, 37, 40, NULL, NULL),
(616, 38, 14, NULL, NULL),
(617, 38, 22, NULL, NULL),
(618, 38, 46, NULL, NULL),
(619, 38, 1, NULL, NULL),
(620, 38, 2, NULL, NULL),
(621, 38, 8, NULL, NULL),
(622, 38, 19, NULL, NULL),
(623, 38, 7, NULL, NULL),
(624, 38, 11, NULL, NULL),
(625, 38, 12, NULL, NULL),
(626, 38, 15, NULL, NULL),
(627, 38, 16, NULL, NULL),
(628, 38, 28, NULL, NULL),
(629, 38, 30, NULL, NULL),
(630, 38, 3, NULL, NULL),
(631, 38, 9, NULL, NULL),
(632, 39, 13, NULL, NULL),
(633, 39, 14, NULL, NULL),
(634, 39, 23, NULL, NULL),
(635, 39, 46, NULL, NULL),
(636, 39, 3, NULL, NULL),
(637, 39, 5, NULL, NULL),
(638, 39, 9, NULL, NULL),
(639, 39, 20, NULL, NULL),
(640, 39, 21, NULL, NULL),
(641, 39, 33, NULL, NULL),
(642, 39, 11, NULL, NULL),
(643, 39, 12, NULL, NULL),
(644, 39, 17, NULL, NULL),
(645, 39, 18, NULL, NULL),
(646, 39, 28, NULL, NULL),
(647, 39, 29, NULL, NULL),
(648, 39, 30, NULL, NULL),
(649, 39, 31, NULL, NULL),
(650, 39, 32, NULL, NULL),
(651, 39, 38, NULL, NULL),
(652, 39, 40, NULL, NULL),
(653, 39, 42, NULL, NULL),
(654, 39, 43, NULL, NULL),
(655, 39, 39, NULL, NULL),
(656, 40, 23, NULL, NULL),
(657, 40, 45, NULL, NULL),
(658, 40, 47, NULL, NULL),
(659, 40, 3, NULL, NULL),
(660, 40, 5, NULL, NULL),
(661, 40, 25, NULL, NULL),
(662, 40, 33, NULL, NULL),
(663, 40, 7, NULL, NULL),
(664, 40, 11, NULL, NULL),
(665, 40, 12, NULL, NULL),
(666, 40, 15, NULL, NULL),
(667, 40, 16, NULL, NULL),
(668, 40, 18, NULL, NULL),
(669, 40, 28, NULL, NULL),
(670, 40, 30, NULL, NULL),
(671, 40, 31, NULL, NULL),
(672, 40, 32, NULL, NULL),
(673, 40, 38, NULL, NULL),
(674, 40, 40, NULL, NULL),
(675, 40, 43, NULL, NULL),
(676, 41, 13, NULL, NULL),
(677, 41, 14, NULL, NULL),
(678, 41, 23, NULL, NULL),
(679, 41, 47, NULL, NULL),
(680, 41, 3, NULL, NULL),
(681, 41, 21, NULL, NULL),
(682, 41, 27, NULL, NULL),
(683, 41, 33, NULL, NULL),
(684, 41, 10, NULL, NULL),
(685, 41, 11, NULL, NULL),
(686, 41, 16, NULL, NULL),
(687, 41, 17, NULL, NULL),
(688, 41, 18, NULL, NULL),
(689, 41, 29, NULL, NULL),
(690, 41, 34, NULL, NULL),
(691, 41, 35, NULL, NULL),
(692, 41, 37, NULL, NULL),
(693, 41, 38, NULL, NULL),
(694, 41, 39, NULL, NULL),
(695, 41, 42, NULL, NULL),
(696, 42, 13, NULL, NULL),
(697, 42, 22, NULL, NULL),
(698, 42, 45, NULL, NULL),
(699, 42, 46, NULL, NULL),
(700, 42, 3, NULL, NULL),
(701, 42, 5, NULL, NULL),
(702, 42, 9, NULL, NULL),
(703, 42, 21, NULL, NULL),
(704, 42, 25, NULL, NULL),
(705, 42, 7, NULL, NULL),
(706, 42, 11, NULL, NULL),
(707, 42, 12, NULL, NULL),
(708, 42, 15, NULL, NULL),
(709, 42, 16, NULL, NULL),
(710, 42, 18, NULL, NULL),
(711, 42, 29, NULL, NULL),
(712, 42, 30, NULL, NULL),
(713, 42, 31, NULL, NULL),
(714, 42, 35, NULL, NULL),
(715, 42, 37, NULL, NULL),
(716, 42, 38, NULL, NULL),
(717, 42, 40, NULL, NULL),
(718, 42, 42, NULL, NULL),
(719, 42, 43, NULL, NULL),
(720, 43, 45, NULL, NULL),
(721, 43, 46, NULL, NULL),
(722, 43, 47, NULL, NULL),
(723, 43, 6, NULL, NULL),
(724, 43, 8, NULL, NULL),
(725, 43, 19, NULL, NULL),
(726, 43, 7, NULL, NULL),
(727, 43, 10, NULL, NULL),
(728, 43, 11, NULL, NULL),
(729, 43, 16, NULL, NULL),
(730, 43, 28, NULL, NULL),
(731, 43, 31, NULL, NULL),
(732, 44, 14, NULL, NULL),
(733, 44, 22, NULL, NULL),
(734, 44, 45, NULL, NULL),
(735, 44, 47, NULL, NULL),
(736, 44, 2, NULL, NULL),
(737, 44, 4, NULL, NULL),
(738, 44, 6, NULL, NULL),
(739, 44, 8, NULL, NULL),
(740, 44, 19, NULL, NULL),
(741, 44, 12, NULL, NULL),
(742, 44, 17, NULL, NULL),
(743, 44, 18, NULL, NULL),
(744, 44, 28, NULL, NULL),
(745, 44, 31, NULL, NULL),
(746, 44, 5, NULL, NULL),
(747, 44, 20, NULL, NULL),
(748, 44, 33, NULL, NULL),
(749, 44, 38, NULL, NULL),
(750, 44, 43, NULL, NULL),
(751, 45, 14, NULL, NULL),
(752, 45, 22, NULL, NULL),
(753, 45, 23, NULL, NULL),
(754, 45, 46, NULL, NULL),
(755, 45, 47, NULL, NULL),
(756, 45, 3, NULL, NULL),
(757, 45, 20, NULL, NULL),
(758, 45, 27, NULL, NULL),
(759, 45, 33, NULL, NULL),
(760, 45, 10, NULL, NULL),
(761, 45, 11, NULL, NULL),
(762, 45, 12, NULL, NULL),
(763, 45, 15, NULL, NULL),
(764, 45, 17, NULL, NULL),
(765, 45, 28, NULL, NULL),
(766, 45, 29, NULL, NULL),
(767, 45, 30, NULL, NULL),
(768, 45, 31, NULL, NULL),
(769, 45, 35, NULL, NULL),
(770, 45, 40, NULL, NULL),
(771, 45, 41, NULL, NULL),
(772, 45, 43, NULL, NULL),
(773, 45, 39, NULL, NULL),
(774, 46, 13, NULL, NULL),
(775, 46, 14, NULL, NULL),
(776, 46, 22, NULL, NULL),
(777, 46, 45, NULL, NULL),
(778, 46, 47, NULL, NULL),
(779, 46, 20, NULL, NULL),
(780, 46, 21, NULL, NULL),
(781, 46, 27, NULL, NULL),
(782, 46, 33, NULL, NULL),
(783, 46, 7, NULL, NULL),
(784, 46, 11, NULL, NULL),
(785, 46, 17, NULL, NULL),
(786, 46, 18, NULL, NULL),
(787, 46, 29, NULL, NULL),
(788, 46, 31, NULL, NULL),
(789, 46, 32, NULL, NULL),
(790, 46, 34, NULL, NULL),
(791, 46, 37, NULL, NULL),
(792, 46, 40, NULL, NULL),
(793, 46, 41, NULL, NULL),
(794, 46, 42, NULL, NULL),
(795, 47, 13, NULL, NULL),
(796, 47, 23, NULL, NULL),
(797, 47, 46, NULL, NULL),
(798, 47, 47, NULL, NULL),
(799, 47, 3, NULL, NULL),
(800, 47, 5, NULL, NULL),
(801, 47, 9, NULL, NULL),
(802, 47, 20, NULL, NULL),
(803, 47, 27, NULL, NULL),
(804, 47, 33, NULL, NULL),
(805, 47, 7, NULL, NULL),
(806, 47, 15, NULL, NULL),
(807, 47, 17, NULL, NULL),
(808, 47, 18, NULL, NULL),
(809, 47, 28, NULL, NULL),
(810, 47, 29, NULL, NULL),
(811, 47, 31, NULL, NULL),
(812, 47, 34, NULL, NULL),
(813, 47, 35, NULL, NULL),
(814, 47, 37, NULL, NULL),
(815, 47, 39, NULL, NULL),
(816, 47, 41, NULL, NULL),
(817, 47, 43, NULL, NULL),
(818, 47, 40, NULL, NULL),
(819, 48, 14, NULL, NULL),
(820, 48, 22, NULL, NULL),
(821, 48, 23, NULL, NULL),
(822, 48, 46, NULL, NULL),
(823, 48, 47, NULL, NULL),
(824, 48, 1, NULL, NULL),
(825, 48, 2, NULL, NULL),
(826, 48, 8, NULL, NULL),
(827, 48, 19, NULL, NULL),
(828, 48, 7, NULL, NULL),
(829, 48, 11, NULL, NULL),
(830, 48, 16, NULL, NULL),
(831, 48, 28, NULL, NULL),
(832, 48, 30, NULL, NULL),
(833, 48, 31, NULL, NULL),
(834, 48, 35, NULL, NULL),
(835, 48, 27, NULL, NULL),
(836, 49, 13, NULL, NULL),
(837, 49, 14, NULL, NULL),
(838, 49, 22, NULL, NULL),
(839, 49, 45, NULL, NULL),
(840, 49, 47, NULL, NULL),
(841, 49, 3, NULL, NULL),
(842, 49, 5, NULL, NULL),
(843, 49, 9, NULL, NULL),
(844, 49, 25, NULL, NULL),
(845, 49, 27, NULL, NULL),
(846, 49, 33, NULL, NULL),
(847, 49, 10, NULL, NULL),
(848, 49, 11, NULL, NULL),
(849, 49, 12, NULL, NULL),
(850, 49, 16, NULL, NULL),
(851, 49, 28, NULL, NULL),
(852, 49, 31, NULL, NULL),
(853, 49, 32, NULL, NULL),
(854, 49, 34, NULL, NULL),
(855, 49, 35, NULL, NULL),
(856, 49, 37, NULL, NULL),
(857, 49, 38, NULL, NULL),
(858, 49, 40, NULL, NULL),
(859, 50, 13, NULL, NULL),
(860, 50, 22, NULL, NULL),
(861, 50, 23, NULL, NULL),
(862, 50, 45, NULL, NULL),
(863, 50, 47, NULL, NULL),
(864, 50, 20, NULL, NULL),
(865, 50, 25, NULL, NULL),
(866, 50, 27, NULL, NULL),
(867, 50, 33, NULL, NULL),
(868, 50, 7, NULL, NULL),
(869, 50, 10, NULL, NULL),
(870, 50, 12, NULL, NULL),
(871, 50, 16, NULL, NULL),
(872, 50, 18, NULL, NULL),
(873, 50, 28, NULL, NULL),
(874, 50, 29, NULL, NULL),
(875, 50, 31, NULL, NULL),
(876, 50, 32, NULL, NULL),
(877, 50, 35, NULL, NULL),
(878, 50, 37, NULL, NULL),
(879, 50, 39, NULL, NULL),
(880, 50, 43, NULL, NULL),
(881, 51, 22, NULL, NULL),
(882, 51, 23, NULL, NULL),
(883, 51, 45, NULL, NULL),
(884, 51, 47, NULL, NULL),
(885, 51, 5, NULL, NULL),
(886, 51, 9, NULL, NULL),
(887, 51, 21, NULL, NULL),
(888, 51, 25, NULL, NULL),
(889, 51, 7, NULL, NULL),
(890, 51, 16, NULL, NULL),
(891, 51, 17, NULL, NULL),
(892, 51, 18, NULL, NULL),
(893, 51, 29, NULL, NULL),
(894, 51, 30, NULL, NULL),
(895, 51, 32, NULL, NULL),
(896, 51, 35, NULL, NULL),
(897, 51, 37, NULL, NULL),
(898, 51, 40, NULL, NULL),
(899, 51, 41, NULL, NULL),
(900, 51, 43, NULL, NULL),
(901, 52, 23, NULL, NULL),
(902, 52, 45, NULL, NULL),
(903, 52, 46, NULL, NULL),
(904, 52, 47, NULL, NULL),
(905, 52, 5, NULL, NULL),
(906, 52, 9, NULL, NULL),
(907, 52, 20, NULL, NULL),
(908, 52, 25, NULL, NULL),
(909, 52, 27, NULL, NULL),
(910, 52, 7, NULL, NULL),
(911, 52, 10, NULL, NULL),
(912, 52, 11, NULL, NULL),
(913, 52, 12, NULL, NULL),
(914, 52, 16, NULL, NULL),
(915, 52, 18, NULL, NULL),
(916, 52, 28, NULL, NULL),
(917, 52, 34, NULL, NULL),
(918, 52, 35, NULL, NULL),
(919, 52, 37, NULL, NULL),
(920, 52, 38, NULL, NULL),
(921, 53, 22, NULL, NULL),
(922, 53, 23, NULL, NULL),
(923, 53, 45, NULL, NULL),
(924, 53, 46, NULL, NULL),
(925, 53, 3, NULL, NULL),
(926, 53, 5, NULL, NULL),
(927, 53, 9, NULL, NULL),
(928, 53, 20, NULL, NULL),
(929, 53, 21, NULL, NULL),
(930, 53, 27, NULL, NULL),
(931, 53, 7, NULL, NULL),
(932, 53, 11, NULL, NULL),
(933, 53, 17, NULL, NULL),
(934, 53, 18, NULL, NULL),
(935, 53, 28, NULL, NULL),
(936, 53, 30, NULL, NULL),
(937, 53, 32, NULL, NULL),
(938, 53, 34, NULL, NULL),
(939, 53, 35, NULL, NULL),
(940, 53, 38, NULL, NULL),
(941, 53, 39, NULL, NULL),
(942, 53, 41, NULL, NULL),
(943, 53, 43, NULL, NULL),
(944, 54, 22, NULL, NULL),
(945, 54, 23, NULL, NULL),
(946, 54, 46, NULL, NULL),
(947, 54, 47, NULL, NULL),
(948, 54, 2, NULL, NULL),
(949, 54, 4, NULL, NULL),
(950, 54, 6, NULL, NULL),
(951, 54, 19, NULL, NULL),
(952, 54, 15, NULL, NULL),
(953, 54, 17, NULL, NULL),
(954, 54, 31, NULL, NULL),
(955, 54, 32, NULL, NULL),
(956, 54, 35, NULL, NULL),
(957, 55, 13, NULL, NULL),
(958, 55, 14, NULL, NULL),
(959, 55, 22, NULL, NULL),
(960, 55, 45, NULL, NULL),
(961, 55, 46, NULL, NULL),
(962, 55, 6, NULL, NULL),
(963, 55, 19, NULL, NULL),
(964, 55, 10, NULL, NULL),
(965, 55, 18, NULL, NULL),
(966, 56, 13, NULL, NULL),
(967, 56, 14, NULL, NULL),
(968, 56, 47, NULL, NULL),
(969, 56, 1, NULL, NULL),
(970, 56, 2, NULL, NULL),
(971, 56, 6, NULL, NULL),
(972, 56, 8, NULL, NULL),
(973, 56, 7, NULL, NULL),
(974, 56, 10, NULL, NULL),
(975, 56, 29, NULL, NULL),
(976, 56, 35, NULL, NULL),
(977, 57, 13, NULL, NULL),
(978, 57, 14, NULL, NULL),
(979, 57, 22, NULL, NULL),
(980, 57, 23, NULL, NULL),
(981, 57, 3, NULL, NULL),
(982, 57, 9, NULL, NULL),
(983, 57, 20, NULL, NULL),
(984, 57, 25, NULL, NULL),
(985, 57, 33, NULL, NULL),
(986, 57, 7, NULL, NULL),
(987, 57, 10, NULL, NULL),
(988, 57, 15, NULL, NULL),
(989, 57, 16, NULL, NULL),
(990, 57, 17, NULL, NULL),
(991, 57, 29, NULL, NULL),
(992, 57, 31, NULL, NULL),
(993, 57, 32, NULL, NULL),
(994, 57, 34, NULL, NULL),
(995, 57, 35, NULL, NULL),
(996, 57, 38, NULL, NULL),
(997, 57, 43, NULL, NULL),
(998, 57, 37, NULL, NULL),
(999, 57, 39, NULL, NULL),
(1000, 58, 13, NULL, NULL),
(1001, 58, 23, NULL, NULL),
(1002, 58, 47, NULL, NULL),
(1003, 58, 1, NULL, NULL),
(1004, 58, 19, NULL, NULL),
(1005, 58, 15, NULL, NULL),
(1006, 58, 17, NULL, NULL),
(1007, 58, 18, NULL, NULL),
(1008, 58, 31, NULL, NULL),
(1009, 58, 37, NULL, NULL),
(1010, 58, 43, NULL, NULL),
(1011, 59, 13, NULL, NULL),
(1012, 59, 14, NULL, NULL),
(1013, 59, 22, NULL, NULL),
(1014, 59, 46, NULL, NULL),
(1015, 59, 1, NULL, NULL),
(1016, 59, 4, NULL, NULL),
(1017, 59, 6, NULL, NULL),
(1018, 59, 8, NULL, NULL),
(1019, 59, 10, NULL, NULL),
(1020, 59, 12, NULL, NULL),
(1021, 59, 15, NULL, NULL),
(1022, 59, 16, NULL, NULL),
(1023, 59, 29, NULL, NULL),
(1024, 59, 30, NULL, NULL),
(1025, 59, 34, NULL, NULL),
(1026, 60, 14, NULL, NULL),
(1027, 60, 22, NULL, NULL),
(1028, 60, 23, NULL, NULL),
(1029, 60, 46, NULL, NULL),
(1030, 60, 47, NULL, NULL),
(1031, 60, 1, NULL, NULL),
(1032, 60, 4, NULL, NULL),
(1033, 60, 6, NULL, NULL),
(1034, 60, 12, NULL, NULL),
(1035, 60, 15, NULL, NULL),
(1036, 60, 29, NULL, NULL),
(1037, 60, 30, NULL, NULL),
(1038, 60, 31, NULL, NULL),
(1039, 61, 13, NULL, NULL),
(1040, 61, 22, NULL, NULL),
(1041, 61, 45, NULL, NULL),
(1042, 61, 46, NULL, NULL),
(1043, 61, 47, NULL, NULL),
(1044, 61, 1, NULL, NULL),
(1045, 61, 6, NULL, NULL),
(1046, 61, 19, NULL, NULL),
(1047, 61, 10, NULL, NULL),
(1048, 61, 12, NULL, NULL),
(1049, 61, 16, NULL, NULL),
(1050, 61, 30, NULL, NULL),
(1051, 61, 32, NULL, NULL),
(1052, 61, 35, NULL, NULL),
(1053, 61, 3, NULL, NULL),
(1054, 62, 23, NULL, NULL),
(1055, 62, 46, NULL, NULL),
(1056, 62, 47, NULL, NULL),
(1057, 62, 3, NULL, NULL),
(1058, 62, 5, NULL, NULL),
(1059, 62, 20, NULL, NULL),
(1060, 62, 21, NULL, NULL),
(1061, 62, 27, NULL, NULL),
(1062, 62, 33, NULL, NULL),
(1063, 62, 7, NULL, NULL),
(1064, 62, 11, NULL, NULL),
(1065, 62, 12, NULL, NULL),
(1066, 62, 16, NULL, NULL),
(1067, 62, 17, NULL, NULL),
(1068, 62, 18, NULL, NULL),
(1069, 62, 30, NULL, NULL),
(1070, 62, 31, NULL, NULL),
(1071, 62, 34, NULL, NULL),
(1072, 62, 35, NULL, NULL),
(1073, 62, 37, NULL, NULL),
(1074, 62, 38, NULL, NULL),
(1075, 62, 42, NULL, NULL),
(1076, 62, 43, NULL, NULL),
(1077, 62, 41, NULL, NULL),
(1078, 63, 13, NULL, NULL),
(1079, 63, 22, NULL, NULL),
(1080, 63, 23, NULL, NULL),
(1081, 63, 47, NULL, NULL),
(1082, 63, 1, NULL, NULL),
(1083, 63, 2, NULL, NULL),
(1084, 63, 11, NULL, NULL),
(1085, 63, 12, NULL, NULL),
(1086, 63, 15, NULL, NULL),
(1087, 63, 18, NULL, NULL),
(1088, 63, 28, NULL, NULL),
(1089, 63, 30, NULL, NULL),
(1090, 64, 13, NULL, NULL),
(1091, 64, 46, NULL, NULL),
(1092, 64, 47, NULL, NULL),
(1093, 64, 4, NULL, NULL),
(1094, 64, 6, NULL, NULL),
(1095, 64, 19, NULL, NULL),
(1096, 64, 10, NULL, NULL),
(1097, 64, 16, NULL, NULL),
(1098, 64, 17, NULL, NULL),
(1099, 64, 29, NULL, NULL),
(1100, 64, 31, NULL, NULL),
(1101, 64, 20, NULL, NULL),
(1102, 64, 33, NULL, NULL),
(1103, 65, 13, NULL, NULL),
(1104, 65, 14, NULL, NULL),
(1105, 65, 22, NULL, NULL),
(1106, 65, 47, NULL, NULL),
(1107, 65, 5, NULL, NULL),
(1108, 65, 9, NULL, NULL),
(1109, 65, 20, NULL, NULL),
(1110, 65, 21, NULL, NULL),
(1111, 65, 25, NULL, NULL),
(1112, 65, 33, NULL, NULL),
(1113, 65, 12, NULL, NULL),
(1114, 65, 15, NULL, NULL),
(1115, 65, 16, NULL, NULL),
(1116, 65, 18, NULL, NULL),
(1117, 65, 31, NULL, NULL),
(1118, 65, 32, NULL, NULL),
(1119, 65, 35, NULL, NULL),
(1120, 65, 38, NULL, NULL),
(1121, 65, 43, NULL, NULL),
(1122, 66, 13, NULL, NULL),
(1123, 66, 22, NULL, NULL),
(1124, 66, 46, NULL, NULL),
(1125, 66, 1, NULL, NULL),
(1126, 66, 2, NULL, NULL),
(1127, 66, 6, NULL, NULL),
(1128, 66, 8, NULL, NULL),
(1129, 66, 19, NULL, NULL),
(1130, 66, 15, NULL, NULL),
(1131, 66, 16, NULL, NULL),
(1132, 66, 17, NULL, NULL),
(1133, 66, 18, NULL, NULL),
(1134, 66, 28, NULL, NULL),
(1135, 66, 29, NULL, NULL),
(1136, 66, 34, NULL, NULL),
(1137, 66, 35, NULL, NULL),
(1138, 66, 27, NULL, NULL),
(1139, 67, 13, NULL, NULL),
(1140, 67, 22, NULL, NULL),
(1141, 67, 45, NULL, NULL),
(1142, 67, 46, NULL, NULL),
(1143, 67, 47, NULL, NULL),
(1144, 67, 1, NULL, NULL),
(1145, 67, 2, NULL, NULL),
(1146, 67, 4, NULL, NULL),
(1147, 67, 8, NULL, NULL),
(1148, 67, 19, NULL, NULL),
(1149, 67, 7, NULL, NULL),
(1150, 67, 15, NULL, NULL),
(1151, 67, 16, NULL, NULL),
(1152, 67, 31, NULL, NULL),
(1153, 67, 34, NULL, NULL),
(1154, 67, 35, NULL, NULL),
(1155, 67, 9, NULL, NULL),
(1156, 67, 27, NULL, NULL),
(1157, 67, 33, NULL, NULL),
(1158, 67, 37, NULL, NULL),
(1159, 67, 39, NULL, NULL),
(1160, 67, 42, NULL, NULL),
(1161, 68, 13, NULL, NULL),
(1162, 68, 22, NULL, NULL),
(1163, 68, 23, NULL, NULL),
(1164, 68, 47, NULL, NULL),
(1165, 68, 4, NULL, NULL),
(1166, 68, 11, NULL, NULL),
(1167, 68, 37, NULL, NULL),
(1168, 68, 40, NULL, NULL),
(1169, 68, 43, NULL, NULL),
(1170, 69, 13, NULL, NULL),
(1171, 69, 23, NULL, NULL),
(1172, 69, 46, NULL, NULL),
(1173, 69, 1, NULL, NULL),
(1174, 69, 19, NULL, NULL),
(1175, 69, 7, NULL, NULL),
(1176, 69, 11, NULL, NULL),
(1177, 69, 17, NULL, NULL),
(1178, 69, 18, NULL, NULL),
(1179, 69, 29, NULL, NULL),
(1180, 69, 31, NULL, NULL),
(1181, 70, 13, NULL, NULL),
(1182, 70, 14, NULL, NULL),
(1183, 70, 22, NULL, NULL),
(1184, 70, 45, NULL, NULL),
(1185, 70, 2, NULL, NULL),
(1186, 70, 4, NULL, NULL),
(1187, 70, 6, NULL, NULL),
(1188, 70, 8, NULL, NULL),
(1189, 70, 7, NULL, NULL),
(1190, 70, 10, NULL, NULL),
(1191, 70, 15, NULL, NULL),
(1192, 70, 31, NULL, NULL),
(1193, 71, 13, NULL, NULL),
(1194, 71, 23, NULL, NULL),
(1195, 71, 45, NULL, NULL),
(1196, 71, 46, NULL, NULL),
(1197, 71, 4, NULL, NULL),
(1198, 71, 19, NULL, NULL),
(1199, 71, 7, NULL, NULL),
(1200, 71, 18, NULL, NULL),
(1201, 71, 37, NULL, NULL),
(1202, 71, 38, NULL, NULL),
(1203, 71, 39, NULL, NULL),
(1204, 71, 40, NULL, NULL),
(1205, 72, 13, NULL, NULL),
(1206, 72, 14, NULL, NULL),
(1207, 72, 22, NULL, NULL),
(1208, 72, 45, NULL, NULL),
(1209, 72, 3, NULL, NULL),
(1210, 72, 5, NULL, NULL),
(1211, 72, 25, NULL, NULL),
(1212, 72, 27, NULL, NULL),
(1213, 72, 7, NULL, NULL),
(1214, 72, 10, NULL, NULL),
(1215, 72, 15, NULL, NULL),
(1216, 72, 16, NULL, NULL),
(1217, 72, 17, NULL, NULL),
(1218, 72, 18, NULL, NULL),
(1219, 72, 28, NULL, NULL),
(1220, 72, 30, NULL, NULL),
(1221, 72, 32, NULL, NULL),
(1222, 72, 34, NULL, NULL),
(1223, 72, 35, NULL, NULL),
(1224, 72, 37, NULL, NULL),
(1225, 72, 38, NULL, NULL),
(1226, 72, 43, NULL, NULL),
(1227, 73, 23, NULL, NULL),
(1228, 73, 45, NULL, NULL),
(1229, 73, 46, NULL, NULL),
(1230, 73, 1, NULL, NULL),
(1231, 73, 4, NULL, NULL),
(1232, 73, 6, NULL, NULL),
(1233, 73, 11, NULL, NULL),
(1234, 73, 12, NULL, NULL),
(1235, 73, 15, NULL, NULL),
(1236, 73, 17, NULL, NULL),
(1237, 73, 30, NULL, NULL),
(1238, 73, 32, NULL, NULL),
(1239, 73, 9, NULL, NULL),
(1240, 73, 33, NULL, NULL),
(1241, 73, 37, NULL, NULL),
(1242, 73, 38, NULL, NULL),
(1243, 73, 39, NULL, NULL),
(1244, 73, 42, NULL, NULL),
(1245, 74, 22, NULL, NULL),
(1246, 74, 23, NULL, NULL),
(1247, 74, 45, NULL, NULL),
(1248, 74, 47, NULL, NULL),
(1249, 74, 3, NULL, NULL),
(1250, 74, 5, NULL, NULL),
(1251, 74, 9, NULL, NULL),
(1252, 74, 21, NULL, NULL),
(1253, 74, 25, NULL, NULL),
(1254, 74, 27, NULL, NULL),
(1255, 74, 7, NULL, NULL),
(1256, 74, 12, NULL, NULL),
(1257, 74, 15, NULL, NULL),
(1258, 74, 16, NULL, NULL),
(1259, 74, 18, NULL, NULL),
(1260, 74, 28, NULL, NULL),
(1261, 74, 32, NULL, NULL),
(1262, 74, 35, NULL, NULL),
(1263, 74, 37, NULL, NULL),
(1264, 74, 39, NULL, NULL),
(1265, 74, 40, NULL, NULL),
(1266, 74, 43, NULL, NULL),
(1267, 75, 14, NULL, NULL),
(1268, 75, 22, NULL, NULL),
(1269, 75, 45, NULL, NULL),
(1270, 75, 46, NULL, NULL),
(1271, 75, 1, NULL, NULL),
(1272, 75, 8, NULL, NULL),
(1273, 75, 19, NULL, NULL),
(1274, 75, 11, NULL, NULL),
(1275, 75, 15, NULL, NULL),
(1276, 75, 16, NULL, NULL),
(1277, 75, 18, NULL, NULL),
(1278, 75, 31, NULL, NULL),
(1279, 75, 32, NULL, NULL),
(1280, 75, 34, NULL, NULL),
(1281, 75, 35, NULL, NULL),
(1282, 75, 3, NULL, NULL),
(1283, 75, 33, NULL, NULL),
(1284, 76, 14, NULL, NULL),
(1285, 76, 22, NULL, NULL),
(1286, 76, 47, NULL, NULL),
(1287, 76, 6, NULL, NULL),
(1288, 76, 8, NULL, NULL),
(1289, 76, 19, NULL, NULL),
(1290, 76, 11, NULL, NULL),
(1291, 76, 12, NULL, NULL),
(1292, 76, 16, NULL, NULL),
(1293, 76, 31, NULL, NULL),
(1294, 76, 37, NULL, NULL),
(1295, 76, 40, NULL, NULL),
(1296, 76, 41, NULL, NULL),
(1297, 77, 13, NULL, NULL),
(1298, 77, 14, NULL, NULL),
(1299, 77, 23, NULL, NULL),
(1300, 77, 45, NULL, NULL),
(1301, 77, 46, NULL, NULL),
(1302, 77, 3, NULL, NULL),
(1303, 77, 5, NULL, NULL),
(1304, 77, 9, NULL, NULL),
(1305, 77, 20, NULL, NULL),
(1306, 77, 21, NULL, NULL),
(1307, 77, 25, NULL, NULL),
(1308, 77, 10, NULL, NULL),
(1309, 77, 11, NULL, NULL),
(1310, 77, 12, NULL, NULL),
(1311, 77, 17, NULL, NULL),
(1312, 77, 28, NULL, NULL),
(1313, 77, 29, NULL, NULL),
(1314, 77, 32, NULL, NULL),
(1315, 77, 34, NULL, NULL),
(1316, 77, 35, NULL, NULL),
(1317, 77, 37, NULL, NULL),
(1318, 77, 39, NULL, NULL),
(1319, 77, 41, NULL, NULL),
(1320, 77, 40, NULL, NULL),
(1321, 77, 42, NULL, NULL),
(1322, 77, 43, NULL, NULL),
(1323, 78, 13, NULL, NULL),
(1324, 78, 14, NULL, NULL),
(1325, 78, 45, NULL, NULL),
(1326, 78, 46, NULL, NULL),
(1327, 78, 1, NULL, NULL),
(1328, 78, 6, NULL, NULL),
(1329, 78, 12, NULL, NULL),
(1330, 78, 16, NULL, NULL),
(1331, 78, 38, NULL, NULL),
(1332, 78, 40, NULL, NULL),
(1333, 79, 13, NULL, NULL),
(1334, 79, 14, NULL, NULL),
(1335, 79, 22, NULL, NULL),
(1336, 79, 23, NULL, NULL),
(1337, 79, 46, NULL, NULL),
(1338, 79, 2, NULL, NULL),
(1339, 79, 16, NULL, NULL),
(1340, 80, 14, NULL, NULL),
(1341, 80, 22, NULL, NULL),
(1342, 80, 23, NULL, NULL),
(1343, 80, 45, NULL, NULL),
(1344, 80, 1, NULL, NULL),
(1345, 80, 2, NULL, NULL),
(1346, 80, 4, NULL, NULL),
(1347, 80, 8, NULL, NULL),
(1348, 80, 10, NULL, NULL),
(1349, 80, 11, NULL, NULL),
(1350, 80, 12, NULL, NULL),
(1351, 80, 17, NULL, NULL),
(1352, 80, 18, NULL, NULL),
(1353, 80, 31, NULL, NULL),
(1354, 80, 32, NULL, NULL),
(1355, 80, 5, NULL, NULL),
(1356, 80, 37, NULL, NULL),
(1357, 80, 38, NULL, NULL),
(1358, 80, 39, NULL, NULL),
(1359, 81, 13, NULL, NULL),
(1360, 81, 14, NULL, NULL),
(1361, 81, 46, NULL, NULL),
(1362, 81, 47, NULL, NULL),
(1363, 81, 5, NULL, NULL),
(1364, 81, 9, NULL, NULL),
(1365, 81, 21, NULL, NULL),
(1366, 81, 25, NULL, NULL),
(1367, 81, 27, NULL, NULL),
(1368, 81, 33, NULL, NULL),
(1369, 81, 7, NULL, NULL),
(1370, 81, 11, NULL, NULL),
(1371, 81, 12, NULL, NULL),
(1372, 81, 16, NULL, NULL),
(1373, 81, 28, NULL, NULL),
(1374, 81, 30, NULL, NULL),
(1375, 81, 32, NULL, NULL),
(1376, 81, 34, NULL, NULL),
(1377, 81, 35, NULL, NULL),
(1378, 81, 39, NULL, NULL),
(1379, 81, 40, NULL, NULL),
(1380, 82, 13, NULL, NULL),
(1381, 82, 14, NULL, NULL),
(1382, 82, 23, NULL, NULL),
(1383, 82, 46, NULL, NULL),
(1384, 82, 4, NULL, NULL),
(1385, 82, 8, NULL, NULL),
(1386, 82, 7, NULL, NULL),
(1387, 82, 17, NULL, NULL),
(1388, 82, 31, NULL, NULL),
(1389, 82, 32, NULL, NULL),
(1390, 82, 35, NULL, NULL),
(1391, 83, 14, NULL, NULL),
(1392, 83, 22, NULL, NULL),
(1393, 83, 23, NULL, NULL),
(1394, 83, 1, NULL, NULL),
(1395, 83, 4, NULL, NULL),
(1396, 83, 6, NULL, NULL),
(1397, 83, 8, NULL, NULL),
(1398, 83, 19, NULL, NULL),
(1399, 83, 10, NULL, NULL),
(1400, 83, 15, NULL, NULL),
(1401, 83, 17, NULL, NULL),
(1402, 83, 18, NULL, NULL),
(1403, 83, 28, NULL, NULL),
(1404, 83, 31, NULL, NULL),
(1405, 83, 34, NULL, NULL),
(1406, 83, 9, NULL, NULL),
(1407, 83, 25, NULL, NULL),
(1408, 84, 14, NULL, NULL),
(1409, 84, 22, NULL, NULL),
(1410, 84, 23, NULL, NULL),
(1411, 84, 6, NULL, NULL),
(1412, 84, 8, NULL, NULL),
(1413, 84, 7, NULL, NULL),
(1414, 84, 10, NULL, NULL),
(1415, 84, 15, NULL, NULL),
(1416, 84, 16, NULL, NULL),
(1417, 84, 31, NULL, NULL),
(1418, 84, 34, NULL, NULL),
(1419, 85, 13, NULL, NULL),
(1420, 85, 23, NULL, NULL),
(1421, 85, 45, NULL, NULL),
(1422, 85, 46, NULL, NULL),
(1423, 85, 5, NULL, NULL),
(1424, 85, 9, NULL, NULL),
(1425, 85, 20, NULL, NULL),
(1426, 85, 27, NULL, NULL),
(1427, 85, 33, NULL, NULL),
(1428, 85, 7, NULL, NULL),
(1429, 85, 12, NULL, NULL),
(1430, 85, 15, NULL, NULL),
(1431, 85, 16, NULL, NULL),
(1432, 85, 17, NULL, NULL),
(1433, 85, 18, NULL, NULL),
(1434, 85, 28, NULL, NULL),
(1435, 85, 32, NULL, NULL),
(1436, 85, 35, NULL, NULL),
(1437, 85, 37, NULL, NULL),
(1438, 85, 38, NULL, NULL),
(1439, 85, 41, NULL, NULL),
(1440, 85, 43, NULL, NULL),
(1441, 86, 22, NULL, NULL),
(1442, 86, 23, NULL, NULL),
(1443, 86, 45, NULL, NULL),
(1444, 86, 46, NULL, NULL),
(1445, 86, 47, NULL, NULL),
(1446, 86, 4, NULL, NULL),
(1447, 86, 6, NULL, NULL),
(1448, 86, 7, NULL, NULL),
(1449, 86, 15, NULL, NULL),
(1450, 87, 22, NULL, NULL),
(1451, 87, 23, NULL, NULL),
(1452, 87, 46, NULL, NULL),
(1453, 87, 47, NULL, NULL),
(1454, 87, 1, NULL, NULL),
(1455, 87, 8, NULL, NULL),
(1456, 87, 19, NULL, NULL),
(1457, 87, 11, NULL, NULL),
(1458, 87, 18, NULL, NULL),
(1459, 87, 35, NULL, NULL),
(1460, 88, 14, NULL, NULL),
(1461, 88, 23, NULL, NULL),
(1462, 88, 45, NULL, NULL),
(1463, 88, 46, NULL, NULL),
(1464, 88, 5, NULL, NULL),
(1465, 88, 20, NULL, NULL),
(1466, 88, 27, NULL, NULL),
(1467, 88, 33, NULL, NULL),
(1468, 88, 7, NULL, NULL),
(1469, 88, 15, NULL, NULL),
(1470, 88, 16, NULL, NULL),
(1471, 88, 17, NULL, NULL),
(1472, 88, 18, NULL, NULL),
(1473, 88, 28, NULL, NULL),
(1474, 88, 29, NULL, NULL),
(1475, 88, 32, NULL, NULL),
(1476, 88, 35, NULL, NULL),
(1477, 88, 38, NULL, NULL),
(1478, 88, 41, NULL, NULL),
(1479, 89, 13, NULL, NULL),
(1480, 89, 14, NULL, NULL),
(1481, 89, 45, NULL, NULL),
(1482, 89, 1, NULL, NULL),
(1483, 89, 4, NULL, NULL),
(1484, 89, 19, NULL, NULL),
(1485, 89, 7, NULL, NULL),
(1486, 89, 10, NULL, NULL),
(1487, 89, 16, NULL, NULL),
(1488, 89, 32, NULL, NULL),
(1489, 89, 35, NULL, NULL),
(1490, 90, 14, NULL, NULL),
(1491, 90, 22, NULL, NULL),
(1492, 90, 23, NULL, NULL),
(1493, 90, 45, NULL, NULL),
(1494, 90, 46, NULL, NULL),
(1495, 90, 6, NULL, NULL),
(1496, 90, 19, NULL, NULL),
(1497, 90, 10, NULL, NULL),
(1498, 90, 12, NULL, NULL),
(1499, 90, 18, NULL, NULL),
(1500, 90, 28, NULL, NULL),
(1501, 90, 29, NULL, NULL),
(1502, 91, 13, NULL, NULL),
(1503, 91, 23, NULL, NULL),
(1504, 91, 45, NULL, NULL),
(1505, 91, 46, NULL, NULL),
(1506, 91, 1, NULL, NULL),
(1507, 91, 19, NULL, NULL),
(1508, 91, 10, NULL, NULL),
(1509, 92, 45, NULL, NULL),
(1510, 92, 46, NULL, NULL),
(1511, 92, 47, NULL, NULL),
(1512, 92, 1, NULL, NULL),
(1513, 92, 2, NULL, NULL),
(1514, 92, 11, NULL, NULL),
(1515, 92, 18, NULL, NULL),
(1516, 92, 30, NULL, NULL),
(1517, 92, 32, NULL, NULL),
(1518, 92, 39, NULL, NULL),
(1519, 92, 43, NULL, NULL),
(1520, 93, 13, NULL, NULL),
(1521, 93, 14, NULL, NULL),
(1522, 93, 22, NULL, NULL),
(1523, 93, 23, NULL, NULL),
(1524, 93, 46, NULL, NULL),
(1525, 93, 3, NULL, NULL),
(1526, 93, 20, NULL, NULL),
(1527, 93, 21, NULL, NULL),
(1528, 93, 33, NULL, NULL),
(1529, 93, 11, NULL, NULL),
(1530, 93, 12, NULL, NULL),
(1531, 93, 15, NULL, NULL),
(1532, 93, 16, NULL, NULL),
(1533, 93, 28, NULL, NULL),
(1534, 93, 29, NULL, NULL),
(1535, 93, 31, NULL, NULL),
(1536, 93, 32, NULL, NULL),
(1537, 93, 34, NULL, NULL),
(1538, 93, 39, NULL, NULL),
(1539, 93, 42, NULL, NULL),
(1540, 94, 14, NULL, NULL),
(1541, 94, 22, NULL, NULL),
(1542, 94, 45, NULL, NULL),
(1543, 94, 46, NULL, NULL),
(1544, 94, 5, NULL, NULL),
(1545, 94, 20, NULL, NULL),
(1546, 94, 21, NULL, NULL),
(1547, 94, 27, NULL, NULL),
(1548, 94, 10, NULL, NULL),
(1549, 94, 11, NULL, NULL),
(1550, 94, 12, NULL, NULL),
(1551, 94, 15, NULL, NULL),
(1552, 94, 17, NULL, NULL),
(1553, 94, 18, NULL, NULL),
(1554, 94, 30, NULL, NULL),
(1555, 94, 31, NULL, NULL),
(1556, 94, 32, NULL, NULL),
(1557, 94, 34, NULL, NULL),
(1558, 94, 35, NULL, NULL),
(1559, 94, 39, NULL, NULL),
(1560, 94, 40, NULL, NULL),
(1561, 94, 43, NULL, NULL),
(1562, 95, 13, NULL, NULL),
(1563, 95, 22, NULL, NULL),
(1564, 95, 45, NULL, NULL),
(1565, 95, 47, NULL, NULL),
(1566, 95, 4, NULL, NULL),
(1567, 95, 8, NULL, NULL),
(1568, 95, 19, NULL, NULL),
(1569, 95, 7, NULL, NULL),
(1570, 95, 11, NULL, NULL),
(1571, 95, 15, NULL, NULL),
(1572, 95, 17, NULL, NULL),
(1573, 95, 18, NULL, NULL),
(1574, 95, 32, NULL, NULL),
(1575, 95, 35, NULL, NULL),
(1576, 95, 9, NULL, NULL),
(1577, 95, 27, NULL, NULL),
(1578, 95, 38, NULL, NULL),
(1579, 95, 39, NULL, NULL),
(1580, 95, 40, NULL, NULL),
(1581, 95, 43, NULL, NULL),
(1582, 96, 13, NULL, NULL),
(1583, 96, 22, NULL, NULL),
(1584, 96, 23, NULL, NULL),
(1585, 96, 45, NULL, NULL),
(1586, 96, 1, NULL, NULL),
(1587, 96, 2, NULL, NULL),
(1588, 96, 4, NULL, NULL),
(1589, 96, 6, NULL, NULL),
(1590, 96, 8, NULL, NULL),
(1591, 96, 10, NULL, NULL),
(1592, 96, 11, NULL, NULL),
(1593, 96, 12, NULL, NULL),
(1594, 96, 16, NULL, NULL),
(1595, 96, 18, NULL, NULL),
(1596, 96, 30, NULL, NULL),
(1597, 96, 32, NULL, NULL),
(1598, 96, 3, NULL, NULL),
(1599, 96, 5, NULL, NULL),
(1600, 96, 33, NULL, NULL),
(1601, 97, 14, NULL, NULL),
(1602, 97, 45, NULL, NULL),
(1603, 97, 46, NULL, NULL),
(1604, 97, 47, NULL, NULL),
(1605, 97, 4, NULL, NULL),
(1606, 97, 16, NULL, NULL),
(1607, 97, 38, NULL, NULL),
(1608, 97, 39, NULL, NULL),
(1609, 97, 40, NULL, NULL),
(1610, 97, 42, NULL, NULL),
(1611, 98, 22, NULL, NULL),
(1612, 98, 23, NULL, NULL),
(1613, 98, 46, NULL, NULL),
(1614, 98, 47, NULL, NULL),
(1615, 98, 2, NULL, NULL),
(1616, 98, 4, NULL, NULL),
(1617, 98, 12, NULL, NULL),
(1618, 98, 15, NULL, NULL),
(1619, 99, 13, NULL, NULL),
(1620, 99, 14, NULL, NULL),
(1621, 99, 23, NULL, NULL),
(1622, 99, 46, NULL, NULL),
(1623, 99, 47, NULL, NULL),
(1624, 99, 1, NULL, NULL),
(1625, 99, 2, NULL, NULL),
(1626, 99, 4, NULL, NULL),
(1627, 99, 19, NULL, NULL),
(1628, 99, 12, NULL, NULL),
(1629, 99, 15, NULL, NULL),
(1630, 99, 17, NULL, NULL),
(1631, 99, 28, NULL, NULL),
(1632, 99, 29, NULL, NULL),
(1633, 99, 39, NULL, NULL),
(1634, 99, 41, NULL, NULL),
(1635, 99, 42, NULL, NULL),
(1636, 100, 13, NULL, NULL),
(1637, 100, 14, NULL, NULL),
(1638, 100, 22, NULL, NULL),
(1639, 100, 46, NULL, NULL),
(1640, 100, 47, NULL, NULL),
(1641, 100, 6, NULL, NULL),
(1642, 100, 8, NULL, NULL),
(1643, 100, 15, NULL, NULL),
(1644, 100, 18, NULL, NULL),
(1645, 100, 31, NULL, NULL),
(1646, 100, 32, NULL, NULL),
(1647, 100, 34, NULL, NULL),
(1648, 100, 39, NULL, NULL),
(1649, 100, 43, NULL, NULL);

-- --------------------------------------------------------

--
-- Table structure for table `cr_cars_categories`
--

CREATE TABLE `cr_cars_categories` (
  `id` bigint(20) UNSIGNED NOT NULL,
  `cr_car_category_id` bigint(20) UNSIGNED DEFAULT NULL,
  `cr_car_id` bigint(20) UNSIGNED DEFAULT NULL
) ENGINE=InnoDB DEFAULT CHARSET=utf8mb4 COLLATE=utf8mb4_unicode_ci;

--
-- Dumping data for table `cr_cars_categories`
--

INSERT INTO `cr_cars_categories` (`id`, `cr_car_category_id`, `cr_car_id`) VALUES
(1, 3, 15),
(3, 5, 29),
(4, 5, 76),
(5, 5, 99),
(6, 2, 37),
(7, 3, 44),
(8, 2, 46),
(9, 3, 71),
(10, 1, 75),
(11, 5, 86),
(12, 4, 31),
(13, 3, 68),
(14, 1, 72),
(15, 4, 93),
(16, 2, 11),
(17, 4, 16),
(18, 4, 32),
(19, 2, 79),
(20, 3, 85),
(21, 1, 100),
(22, 2, 3),
(23, 3, 19),
(24, 4, 20),
(25, 2, 39),
(26, 2, 61),
(27, 3, 66),
(28, 1, 73),
(29, 4, 4),
(30, 2, 28),
(31, 3, 67),
(32, 5, 82),
(33, 2, 8),
(34, 1, 12),
(35, 5, 26),
(36, 1, 34),
(37, 2, 41),
(38, 2, 47),
(39, 4, 69),
(40, 1, 97),
(41, 3, 9),
(42, 5, 14),
(43, 1, 18),
(44, 3, 53),
(45, 2, 54),
(46, 3, 59),
(47, 4, 88),
(48, 1, 89),
(49, 2, 96),
(50, 1, 17),
(51, 5, 24),
(52, 5, 40),
(53, 5, 48),
(54, 3, 50),
(55, 5, 63),
(56, 3, 70),
(57, 4, 78),
(58, 5, 83),
(59, 3, 87),
(60, 2, 6),
(62, 2, 27),
(63, 4, 42),
(64, 4, 45),
(65, 4, 55),
(66, 3, 57),
(67, 1, 62),
(68, 4, 64),
(69, 1, 92),
(70, 5, 94),
(71, 2, 98),
(72, 4, 2),
(73, 2, 7),
(74, 5, 38),
(75, 3, 65),
(76, 4, 81),
(77, 4, 91),
(78, 1, 1),
(79, 3, 5),
(80, 3, 10),
(81, 2, 30),
(82, 3, 33),
(83, 3, 35),
(84, 2, 36),
(85, 3, 56),
(86, 1, 58),
(87, 5, 90),
(88, 2, 25),
(89, 1, 43),
(90, 2, 74),
(91, 3, 80),
(92, 2, 84),
(93, 4, 95),
(94, 2, 13),
(95, 5, 22),
(96, 3, 49),
(97, 4, 51),
(98, 4, 52),
(99, 4, 60),
(100, 4, 77),
(101, 5, 21),
(102, 5, 23);

-- --------------------------------------------------------

--
-- Table structure for table `cr_cars_colors`
--

CREATE TABLE `cr_cars_colors` (
  `id` bigint(20) UNSIGNED NOT NULL,
  `cr_car_id` bigint(20) UNSIGNED NOT NULL,
  `cr_car_color_id` bigint(20) UNSIGNED NOT NULL,
  `created_at` timestamp NULL DEFAULT NULL,
  `updated_at` timestamp NULL DEFAULT NULL
) ENGINE=InnoDB DEFAULT CHARSET=utf8mb4 COLLATE=utf8mb4_unicode_ci;

--
-- Dumping data for table `cr_cars_colors`
--

INSERT INTO `cr_cars_colors` (`id`, `cr_car_id`, `cr_car_color_id`, `created_at`, `updated_at`) VALUES
(1, 1, 5, NULL, NULL),
(2, 2, 6, NULL, NULL),
(3, 3, 1, NULL, NULL),
(4, 4, 1, NULL, NULL),
(5, 5, 3, NULL, NULL),
(6, 6, 2, NULL, NULL),
(7, 7, 3, NULL, NULL),
(8, 8, 2, NULL, NULL),
(9, 9, 4, NULL, NULL),
(10, 10, 1, NULL, NULL),
(11, 11, 5, NULL, NULL),
(12, 12, 4, NULL, NULL),
(13, 13, 3, NULL, NULL),
(14, 14, 2, NULL, NULL),
(15, 15, 6, NULL, NULL),
(16, 16, 3, NULL, NULL),
(17, 17, 6, NULL, NULL),
(18, 18, 6, NULL, NULL),
(19, 19, 4, NULL, NULL),
(24, 24, 4, NULL, NULL),
(25, 25, 5, NULL, NULL),
(26, 26, 1, NULL, NULL),
(27, 27, 6, NULL, NULL),
(28, 28, 3, NULL, NULL),
(29, 29, 4, NULL, NULL),
(30, 30, 1, NULL, NULL),
(31, 31, 6, NULL, NULL),
(32, 32, 4, NULL, NULL),
(33, 33, 2, NULL, NULL),
(34, 34, 1, NULL, NULL),
(35, 35, 5, NULL, NULL),
(36, 36, 4, NULL, NULL),
(37, 37, 6, NULL, NULL),
(38, 38, 3, NULL, NULL),
(39, 39, 2, NULL, NULL),
(40, 40, 2, NULL, NULL),
(41, 41, 2, NULL, NULL),
(42, 42, 5, NULL, NULL),
(43, 43, 5, NULL, NULL),
(44, 44, 5, NULL, NULL),
(45, 45, 2, NULL, NULL),
(46, 46, 3, NULL, NULL),
(47, 47, 4, NULL, NULL),
(48, 48, 6, NULL, NULL),
(49, 49, 4, NULL, NULL),
(50, 50, 4, NULL, NULL),
(51, 51, 5, NULL, NULL),
(52, 52, 1, NULL, NULL),
(53, 53, 2, NULL, NULL),
(54, 54, 5, NULL, NULL),
(55, 55, 3, NULL, NULL),
(56, 56, 5, NULL, NULL),
(57, 57, 2, NULL, NULL),
(58, 58, 3, NULL, NULL),
(59, 59, 5, NULL, NULL),
(60, 60, 1, NULL, NULL),
(61, 61, 1, NULL, NULL),
(62, 62, 6, NULL, NULL),
(63, 63, 2, NULL, NULL),
(64, 64, 6, NULL, NULL),
(65, 65, 1, NULL, NULL),
(66, 66, 5, NULL, NULL),
(67, 67, 3, NULL, NULL),
(68, 68, 1, NULL, NULL),
(69, 69, 2, NULL, NULL),
(70, 70, 1, NULL, NULL),
(71, 71, 2, NULL, NULL),
(72, 72, 5, NULL, NULL),
(73, 73, 2, NULL, NULL),
(74, 74, 4, NULL, NULL),
(75, 75, 6, NULL, NULL),
(76, 76, 2, NULL, NULL),
(77, 77, 6, NULL, NULL),
(78, 78, 4, NULL, NULL),
(79, 79, 6, NULL, NULL),
(80, 80, 3, NULL, NULL),
(81, 81, 2, NULL, NULL),
(82, 82, 1, NULL, NULL),
(83, 83, 5, NULL, NULL),
(84, 84, 3, NULL, NULL),
(85, 85, 5, NULL, NULL),
(86, 86, 6, NULL, NULL),
(87, 87, 4, NULL, NULL),
(88, 88, 3, NULL, NULL),
(89, 89, 4, NULL, NULL),
(90, 90, 3, NULL, NULL),
(91, 91, 6, NULL, NULL),
(92, 92, 4, NULL, NULL),
(93, 93, 1, NULL, NULL),
(94, 94, 5, NULL, NULL),
(95, 95, 3, NULL, NULL),
(96, 96, 2, NULL, NULL),
(97, 97, 6, NULL, NULL),
(98, 98, 1, NULL, NULL),
(99, 99, 4, NULL, NULL),
(100, 100, 1, NULL, NULL),
(101, 20, 2, NULL, NULL);

-- --------------------------------------------------------

--
-- Table structure for table `cr_cars_translations`
--

CREATE TABLE `cr_cars_translations` (
  `lang_code` varchar(191) NOT NULL,
  `cr_cars_id` bigint(20) UNSIGNED NOT NULL,
  `name` varchar(191) DEFAULT NULL,
  `description` varchar(191) DEFAULT NULL,
  `content` text DEFAULT NULL
) ENGINE=InnoDB DEFAULT CHARSET=utf8mb4 COLLATE=utf8mb4_unicode_ci;

-- --------------------------------------------------------

--
-- Table structure for table `cr_car_addresses`
--

CREATE TABLE `cr_car_addresses` (
  `id` bigint(20) UNSIGNED NOT NULL,
  `detail_address` varchar(300) NOT NULL DEFAULT '',
  `status` varchar(30) NOT NULL DEFAULT 'published',
  `order` tinyint(4) NOT NULL DEFAULT 0,
  `city_id` bigint(20) UNSIGNED DEFAULT NULL,
  `state_id` bigint(20) UNSIGNED DEFAULT NULL,
  `country_id` bigint(20) UNSIGNED DEFAULT NULL,
  `created_at` timestamp NULL DEFAULT NULL,
  `updated_at` timestamp NULL DEFAULT NULL
) ENGINE=InnoDB DEFAULT CHARSET=utf8mb4 COLLATE=utf8mb4_unicode_ci;

--
-- Dumping data for table `cr_car_addresses`
--

INSERT INTO `cr_car_addresses` (`id`, `detail_address`, `status`, `order`, `city_id`, `state_id`, `country_id`, `created_at`, `updated_at`) VALUES
(1, '6454 Adams Crossing Apt. 156', 'published', 0, 2, 2, 2, '2025-08-01 08:35:58', '2025-08-01 08:35:58'),
(2, '1629 Ullrich Dale Suite 662', 'published', 0, 6, 6, 6, '2025-08-01 08:35:58', '2025-08-01 08:35:58'),
(3, '992 Michaela Falls Suite 958', 'published', 0, 5, 5, 5, '2025-08-01 08:35:58', '2025-08-01 08:35:58'),
(4, '696 Schamberger Club', 'published', 0, 4, 4, 4, '2025-08-01 08:35:58', '2025-08-01 08:35:58'),
(5, '840 Kohler Island Apt. 644', 'published', 0, 1, 1, 1, '2025-08-01 08:35:58', '2025-08-01 08:35:58'),
(6, '73077 Polly Crossing Apt. 991', 'published', 0, 4, 4, 4, '2025-08-01 08:35:58', '2025-08-01 08:35:58'),
(7, '24405 Norbert Mews Suite 178', 'published', 0, 2, 2, 2, '2025-08-01 08:35:58', '2025-08-01 08:35:58'),
(8, '852 Loma Crossroad', 'published', 0, 4, 4, 4, '2025-08-01 08:35:58', '2025-08-01 08:35:58'),
(9, '67807 Swift Spur', 'published', 0, 5, 5, 5, '2025-08-01 08:35:58', '2025-08-01 08:35:58'),
(10, '9661 Rigoberto Point Suite 991', 'published', 0, 4, 4, 4, '2025-08-01 08:35:58', '2025-08-01 08:35:58'),
(11, '168 McDermott Streets Suite 513', 'published', 0, 3, 3, 3, '2025-08-01 08:35:58', '2025-08-01 08:35:58');

-- --------------------------------------------------------

--
-- Table structure for table `cr_car_amenities`
--

CREATE TABLE `cr_car_amenities` (
  `id` bigint(20) UNSIGNED NOT NULL,
  `name` varchar(191) NOT NULL,
  `icon` varchar(191) DEFAULT NULL,
  `category_id` bigint(20) UNSIGNED DEFAULT NULL,
  `status` varchar(191) NOT NULL DEFAULT 'pending',
  `order` tinyint(4) NOT NULL DEFAULT 0,
  `created_at` timestamp NULL DEFAULT NULL,
  `updated_at` timestamp NULL DEFAULT NULL
) ENGINE=InnoDB DEFAULT CHARSET=utf8mb4 COLLATE=utf8mb4_unicode_ci;

--
-- Dumping data for table `cr_car_amenities`
--

INSERT INTO `cr_car_amenities` (`id`, `name`, `icon`, `category_id`, `status`, `order`, `created_at`, `updated_at`) VALUES
(1, 'Leather upholstery', 'ti ti-armchair', NULL, 'published', 0, '2025-08-01 08:35:58', '2025-08-01 08:35:58'),
(2, 'Heated seats', 'ti ti-flame', NULL, 'published', 0, '2025-08-01 08:35:58', '2025-08-01 08:35:58'),
(3, 'Ventilated seats', 'ti ti-air-conditioning', NULL, 'published', 0, '2025-08-01 08:35:58', '2025-08-01 08:35:58'),
(4, 'Memory seats', 'ti ti-device-floppy', NULL, 'published', 0, '2025-08-01 08:35:58', '2025-08-01 08:35:58'),
(5, 'Massage seats', 'ti ti-massage', NULL, 'published', 0, '2025-08-01 08:35:58', '2025-08-01 08:35:58'),
(6, 'Premium sound system', 'ti ti-volume', NULL, 'published', 0, '2025-08-01 08:35:58', '2025-08-01 08:35:58'),
(7, 'Wireless charging', 'ti ti-battery-charging', NULL, 'published', 0, '2025-08-01 08:35:58', '2025-08-01 08:35:58'),
(8, 'Dual-zone climate control', 'ti ti-air-conditioning', NULL, 'published', 0, '2025-08-01 08:35:58', '2025-08-01 08:35:58'),
(9, 'Ambient lighting', 'ti ti-bulb', NULL, 'published', 0, '2025-08-01 08:35:58', '2025-08-01 08:35:58'),
(10, 'Touchscreen display', 'ti ti-device-tablet', NULL, 'published', 0, '2025-08-01 08:35:58', '2025-08-01 08:35:58'),
(11, 'Apple CarPlay', 'ti ti-brand-apple', NULL, 'published', 0, '2025-08-01 08:35:58', '2025-08-01 08:35:58'),
(12, 'Android Auto', 'ti ti-brand-android', NULL, 'published', 0, '2025-08-01 08:35:58', '2025-08-01 08:35:58'),
(13, 'Bluetooth connectivity', 'ti ti-bluetooth', NULL, 'published', 0, '2025-08-01 08:35:58', '2025-08-01 08:35:58'),
(14, 'USB ports', 'ti ti-usb', NULL, 'published', 0, '2025-08-01 08:35:58', '2025-08-01 08:35:58'),
(15, 'Navigation system', 'ti ti-map-pin', NULL, 'published', 0, '2025-08-01 08:35:58', '2025-08-01 08:35:58'),
(16, 'Heads-up display', 'ti ti-device-desktop', NULL, 'published', 0, '2025-08-01 08:35:58', '2025-08-01 08:35:58'),
(17, 'Digital instrument cluster', 'ti ti-dashboard', NULL, 'published', 0, '2025-08-01 08:35:58', '2025-08-01 08:35:58'),
(18, 'Voice control', 'ti ti-microphone', NULL, 'published', 0, '2025-08-01 08:35:58', '2025-08-01 08:35:58'),
(19, 'Sunroof/Moonroof', 'ti ti-sun', NULL, 'published', 0, '2025-08-01 08:35:58', '2025-08-01 08:35:58'),
(20, 'Panoramic roof', 'ti ti-sun-high', NULL, 'published', 0, '2025-08-01 08:35:58', '2025-08-01 08:35:58'),
(21, 'Power tailgate', 'ti ti-door', NULL, 'published', 0, '2025-08-01 08:35:58', '2025-08-01 08:35:58'),
(22, 'Keyless entry', 'ti ti-key', NULL, 'published', 0, '2025-08-01 08:35:58', '2025-08-01 08:35:58'),
(23, 'Push-button start', 'ti ti-power', NULL, 'published', 0, '2025-08-01 08:35:58', '2025-08-01 08:35:58'),
(24, 'Remote start', 'ti ti-remote', NULL, 'published', 0, '2025-08-01 08:35:58', '2025-08-01 08:35:58'),
(25, 'Heated mirrors', 'ti ti-flame', NULL, 'published', 0, '2025-08-01 08:35:58', '2025-08-01 08:35:58'),
(26, 'Rain-sensing wipers', 'ti ti-droplet', NULL, 'published', 0, '2025-08-01 08:35:58', '2025-08-01 08:35:58'),
(27, 'Auto-dimming mirrors', 'ti ti-brightness-down', NULL, 'published', 0, '2025-08-01 08:35:58', '2025-08-01 08:35:58'),
(28, 'Adaptive cruise control', 'ti ti-steering-wheel', NULL, 'published', 0, '2025-08-01 08:35:58', '2025-08-01 08:35:58'),
(29, 'Lane departure warning', 'ti ti-road-sign', NULL, 'published', 0, '2025-08-01 08:35:58', '2025-08-01 08:35:58'),
(30, 'Blind spot monitoring', 'ti ti-eye', NULL, 'published', 0, '2025-08-01 08:35:58', '2025-08-01 08:35:58'),
(31, 'Parking sensors', 'ti ti-radar', NULL, 'published', 0, '2025-08-01 08:35:58', '2025-08-01 08:35:58'),
(32, 'Backup camera', 'ti ti-camera', NULL, 'published', 0, '2025-08-01 08:35:58', '2025-08-01 08:35:58'),
(33, '360-degree camera', 'ti ti-360-view', NULL, 'published', 0, '2025-08-01 08:35:58', '2025-08-01 08:35:58'),
(34, 'Automatic emergency braking', 'ti ti-shield-check', NULL, 'published', 0, '2025-08-01 08:35:58', '2025-08-01 08:35:58'),
(35, 'Cross-traffic alert', 'ti ti-alert-triangle', NULL, 'published', 0, '2025-08-01 08:35:58', '2025-08-01 08:35:58'),
(36, 'Driver attention monitoring', 'ti ti-eye-check', NULL, 'published', 0, '2025-08-01 08:35:58', '2025-08-01 08:35:58'),
(37, 'All-wheel drive', 'ti ti-car-4wd', NULL, 'published', 0, '2025-08-01 08:35:58', '2025-08-01 08:35:58'),
(38, 'Sport mode', 'ti ti-flag', NULL, 'published', 0, '2025-08-01 08:35:58', '2025-08-01 08:35:58'),
(39, 'Paddle shifters', 'ti ti-steering-wheel', NULL, 'published', 0, '2025-08-01 08:35:58', '2025-08-01 08:35:58'),
(40, 'Adaptive suspension', 'ti ti-adjustments', NULL, 'published', 0, '2025-08-01 08:35:58', '2025-08-01 08:35:58'),
(41, 'Electronic stability control', 'ti ti-shield', NULL, 'published', 0, '2025-08-01 08:35:58', '2025-08-01 08:35:58'),
(42, 'Traction control', 'ti ti-wheel', NULL, 'published', 0, '2025-08-01 08:35:58', '2025-08-01 08:35:58'),
(43, 'Hill start assist', 'ti ti-mountain', NULL, 'published', 0, '2025-08-01 08:35:58', '2025-08-01 08:35:58'),
(44, 'Downhill assist control', 'ti ti-trending-down', NULL, 'published', 0, '2025-08-01 08:35:58', '2025-08-01 08:35:58'),
(45, 'Air conditioning', 'ti ti-air-conditioning', NULL, 'published', 0, '2025-08-01 08:35:58', '2025-08-01 08:35:58'),
(46, 'Power windows', 'ti ti-window', NULL, 'published', 0, '2025-08-01 08:35:58', '2025-08-01 08:35:58'),
(47, 'Central locking', 'ti ti-lock', NULL, 'published', 0, '2025-08-01 08:35:58', '2025-08-01 08:35:58');

-- --------------------------------------------------------

--
-- Table structure for table `cr_car_amenities_translations`
--

CREATE TABLE `cr_car_amenities_translations` (
  `lang_code` varchar(191) NOT NULL,
  `cr_car_amenities_id` bigint(20) UNSIGNED NOT NULL,
  `name` varchar(191) DEFAULT NULL
) ENGINE=InnoDB DEFAULT CHARSET=utf8mb4 COLLATE=utf8mb4_unicode_ci;

-- --------------------------------------------------------

--
-- Table structure for table `cr_car_amenity_categories`
--

CREATE TABLE `cr_car_amenity_categories` (
  `id` bigint(20) UNSIGNED NOT NULL,
  `name` varchar(191) NOT NULL,
  `icon` varchar(191) DEFAULT NULL,
  `order` int(11) NOT NULL DEFAULT 0,
  `status` varchar(191) NOT NULL DEFAULT 'published',
  `created_at` timestamp NULL DEFAULT NULL,
  `updated_at` timestamp NULL DEFAULT NULL
) ENGINE=InnoDB DEFAULT CHARSET=utf8mb4 COLLATE=utf8mb4_unicode_ci;

--
-- Dumping data for table `cr_car_amenity_categories`
--

INSERT INTO `cr_car_amenity_categories` (`id`, `name`, `icon`, `order`, `status`, `created_at`, `updated_at`) VALUES
(1, 'Comfort & Interior', 'ti ti-armchair', 1, 'published', '2025-08-01 08:35:58', '2025-08-01 08:35:58'),
(2, 'Technology & Infotainment', 'ti ti-device-tablet', 2, 'published', '2025-08-01 08:35:58', '2025-08-01 08:35:58'),
(3, 'Exterior & Convenience', 'ti ti-sun', 3, 'published', '2025-08-01 08:35:58', '2025-08-01 08:35:58'),
(4, 'Safety & Driver Assistance', 'ti ti-shield-check', 4, 'published', '2025-08-01 08:35:58', '2025-08-01 08:35:58'),
(5, 'Performance & Handling', 'ti ti-steering-wheel', 5, 'published', '2025-08-01 08:35:58', '2025-08-01 08:35:58'),
(6, 'Basic Features', 'ti ti-car', 6, 'published', '2025-08-01 08:35:58', '2025-08-01 08:35:58');

-- --------------------------------------------------------

--
-- Table structure for table `cr_car_amenity_categories_translations`
--

CREATE TABLE `cr_car_amenity_categories_translations` (
  `lang_code` varchar(191) NOT NULL,
  `cr_car_amenity_categories_id` bigint(20) UNSIGNED NOT NULL,
  `name` varchar(191) DEFAULT NULL
) ENGINE=InnoDB DEFAULT CHARSET=utf8mb4 COLLATE=utf8mb4_unicode_ci;

-- --------------------------------------------------------

--
-- Table structure for table `cr_car_categories`
--

CREATE TABLE `cr_car_categories` (
  `id` bigint(20) UNSIGNED NOT NULL,
  `name` varchar(120) NOT NULL DEFAULT '',
  `parent_id` bigint(20) UNSIGNED NOT NULL DEFAULT 0,
  `description` varchar(400) DEFAULT NULL,
  `status` varchar(60) NOT NULL DEFAULT 'published',
  `icon` varchar(60) DEFAULT NULL,
  `order` tinyint(4) NOT NULL DEFAULT 0,
  `is_featured` tinyint(3) UNSIGNED NOT NULL DEFAULT 0,
  `is_default` tinyint(3) UNSIGNED NOT NULL DEFAULT 0,
  `created_at` timestamp NULL DEFAULT NULL,
  `updated_at` timestamp NULL DEFAULT NULL
) ENGINE=InnoDB DEFAULT CHARSET=utf8mb4 COLLATE=utf8mb4_unicode_ci;

--
-- Dumping data for table `cr_car_categories`
--

INSERT INTO `cr_car_categories` (`id`, `name`, `parent_id`, `description`, `status`, `icon`, `order`, `is_featured`, `is_default`, `created_at`, `updated_at`) VALUES
(1, 'Sport', 0, 'Sport cars model', 'published', 'ti ti-sport-billard', 1, 0, 0, '2025-08-01 08:36:44', '2025-08-01 08:36:44'),
(2, 'Maserati', 1, '', 'published', 'ti ti-activity', 3, 0, 0, '2025-08-01 08:36:44', '2025-08-01 08:36:44'),
(3, 'Ferrari', 1, '', 'published', NULL, 3, 0, 0, '2025-08-01 08:36:44', '2025-08-01 08:36:44'),
(4, 'Classic', 0, 'Classic cars model', 'published', 'ti ti-alpha', 2, 0, 0, '2025-08-01 08:36:44', '2025-08-01 08:36:44'),
(5, 'New', 0, 'New cars model', 'published', 'ti ti-new-section', 4, 0, 1, '2025-08-01 08:36:44', '2025-08-01 08:36:44');

-- --------------------------------------------------------

--
-- Table structure for table `cr_car_categories_translations`
--

CREATE TABLE `cr_car_categories_translations` (
  `lang_code` varchar(191) NOT NULL,
  `cr_car_categories_id` bigint(20) UNSIGNED NOT NULL,
  `name` varchar(191) DEFAULT NULL,
  `description` varchar(191) DEFAULT NULL,
  `content` text DEFAULT NULL
) ENGINE=InnoDB DEFAULT CHARSET=utf8mb4 COLLATE=utf8mb4_unicode_ci;

-- --------------------------------------------------------

--
-- Table structure for table `cr_car_colors`
--

CREATE TABLE `cr_car_colors` (
  `id` bigint(20) UNSIGNED NOT NULL,
  `name` varchar(120) NOT NULL,
  `status` varchar(191) NOT NULL DEFAULT 'pending',
  `order` tinyint(4) NOT NULL DEFAULT 0,
  `created_at` timestamp NULL DEFAULT NULL,
  `updated_at` timestamp NULL DEFAULT NULL
) ENGINE=InnoDB DEFAULT CHARSET=utf8mb4 COLLATE=utf8mb4_unicode_ci;

--
-- Dumping data for table `cr_car_colors`
--

INSERT INTO `cr_car_colors` (`id`, `name`, `status`, `order`, `created_at`, `updated_at`) VALUES
(1, 'Red', 'published', 0, '2025-08-01 08:35:58', '2025-08-01 08:35:58'),
(2, 'White', 'published', 0, '2025-08-01 08:35:58', '2025-08-01 08:35:58'),
(3, 'Black', 'published', 0, '2025-08-01 08:35:58', '2025-08-01 08:35:58'),
(4, 'Blue', 'published', 0, '2025-08-01 08:35:58', '2025-08-01 08:35:58'),
(5, 'Pink', 'published', 0, '2025-08-01 08:35:58', '2025-08-01 08:35:58'),
(6, 'Brown', 'published', 0, '2025-08-01 08:35:58', '2025-08-01 08:35:58');

-- --------------------------------------------------------

--
-- Table structure for table `cr_car_colors_translations`
--

CREATE TABLE `cr_car_colors_translations` (
  `lang_code` varchar(191) NOT NULL,
  `cr_car_colors_id` bigint(20) UNSIGNED NOT NULL,
  `name` varchar(120) DEFAULT NULL
) ENGINE=InnoDB DEFAULT CHARSET=utf8mb4 COLLATE=utf8mb4_unicode_ci;

-- --------------------------------------------------------

--
-- Table structure for table `cr_car_fuels`
--

CREATE TABLE `cr_car_fuels` (
  `id` bigint(20) UNSIGNED NOT NULL,
  `name` varchar(191) NOT NULL,
  `icon` varchar(191) DEFAULT NULL,
  `status` varchar(191) NOT NULL DEFAULT 'pending',
  `order` tinyint(4) NOT NULL DEFAULT 0,
  `created_at` timestamp NULL DEFAULT NULL,
  `updated_at` timestamp NULL DEFAULT NULL
) ENGINE=InnoDB DEFAULT CHARSET=utf8mb4 COLLATE=utf8mb4_unicode_ci;

--
-- Dumping data for table `cr_car_fuels`
--

INSERT INTO `cr_car_fuels` (`id`, `name`, `icon`, `status`, `order`, `created_at`, `updated_at`) VALUES
(1, 'Gasoline', 'icons/car-diesel.png', 'published', 0, '2025-08-01 08:35:58', '2025-08-01 08:35:58'),
(2, 'Diesel', 'icons/car-diesel.png', 'published', 0, '2025-08-01 08:35:58', '2025-08-01 08:35:58'),
(3, 'Electric', 'icons/car-electricity.png', 'published', 0, '2025-08-01 08:35:58', '2025-08-01 08:35:58');

-- --------------------------------------------------------

--
-- Table structure for table `cr_car_fuels_translations`
--

CREATE TABLE `cr_car_fuels_translations` (
  `lang_code` varchar(191) NOT NULL,
  `cr_car_fuels_id` bigint(20) UNSIGNED NOT NULL,
  `name` varchar(191) DEFAULT NULL
) ENGINE=InnoDB DEFAULT CHARSET=utf8mb4 COLLATE=utf8mb4_unicode_ci;

-- --------------------------------------------------------

--
-- Table structure for table `cr_car_maintenance_histories`
--

CREATE TABLE `cr_car_maintenance_histories` (
  `id` bigint(20) UNSIGNED NOT NULL,
  `name` varchar(255) NOT NULL,
  `description` text DEFAULT NULL,
  `amount` double NOT NULL DEFAULT 0,
  `currency_id` bigint(20) UNSIGNED NOT NULL,
  `date` datetime DEFAULT NULL,
  `car_id` bigint(20) UNSIGNED NOT NULL,
  `created_at` timestamp NULL DEFAULT NULL,
  `updated_at` timestamp NULL DEFAULT NULL
) ENGINE=InnoDB DEFAULT CHARSET=utf8mb4 COLLATE=utf8mb4_unicode_ci;

--
-- Dumping data for table `cr_car_maintenance_histories`
--

INSERT INTO `cr_car_maintenance_histories` (`id`, `name`, `description`, `amount`, `currency_id`, `date`, `car_id`, `created_at`, `updated_at`) VALUES
(1, 'Brake Pad Replacement', 'Front brake pads replaced', 350, 1, '2025-09-16 00:00:00', 24, '2025-09-16 07:19:34', '2025-09-16 07:19:34'),
(2, 'Tire Rotation & Balance', 'Rotated all four tires, balanced wheels', 80, 1, '2025-09-16 00:00:00', 24, '2025-09-16 07:20:28', '2025-09-16 07:20:28'),
(3, 'Battery Replacement', 'Installed new 12V battery', 220, 1, '2025-09-16 00:00:00', 24, '2025-09-16 07:20:54', '2025-09-16 07:21:36');

-- --------------------------------------------------------

--
-- Table structure for table `cr_car_maintenance_histories_translations`
--

CREATE TABLE `cr_car_maintenance_histories_translations` (
  `lang_code` varchar(191) NOT NULL,
  `cr_car_maintenance_histories_id` bigint(20) UNSIGNED NOT NULL,
  `name` varchar(120) DEFAULT NULL
) ENGINE=InnoDB DEFAULT CHARSET=utf8mb4 COLLATE=utf8mb4_unicode_ci;

-- --------------------------------------------------------

--
-- Table structure for table `cr_car_makes`
--

CREATE TABLE `cr_car_makes` (
  `id` bigint(20) UNSIGNED NOT NULL,
  `name` varchar(120) NOT NULL,
  `logo` varchar(191) DEFAULT NULL,
  `status` varchar(30) NOT NULL DEFAULT 'published',
  `order` tinyint(4) NOT NULL DEFAULT 0,
  `created_at` timestamp NULL DEFAULT NULL,
  `updated_at` timestamp NULL DEFAULT NULL
) ENGINE=InnoDB DEFAULT CHARSET=utf8mb4 COLLATE=utf8mb4_unicode_ci;

--
-- Dumping data for table `cr_car_makes`
--

INSERT INTO `cr_car_makes` (`id`, `name`, `logo`, `status`, `order`, `created_at`, `updated_at`) VALUES
(1, 'Lexus', 'icons/lexus.png', 'published', 0, '2025-08-01 08:35:58', '2025-08-01 08:35:58'),
(2, 'Mercedes', 'icons/mer.png', 'published', 0, '2025-08-01 08:35:58', '2025-08-01 08:35:58'),
(3, 'Bugatti', 'icons/bugatti.png', 'published', 0, '2025-08-01 08:35:58', '2025-08-01 08:35:58'),
(4, 'Jaguar', 'icons/jaguar.png', 'published', 0, '2025-08-01 08:35:58', '2025-08-01 08:35:58'),
(5, 'Honda', 'icons/honda.png', 'published', 0, '2025-08-01 08:35:58', '2025-08-01 08:35:58'),
(7, 'Acura', 'icons/acura.png', 'published', 0, '2025-08-01 08:35:58', '2025-08-01 08:35:58'),
(8, 'BMW', 'icons/bmw.png', 'published', 0, '2025-08-01 08:35:58', '2025-08-01 08:35:58'),
(9, 'Toyota', 'icons/toyota.png', 'published', 0, '2025-08-01 08:35:58', '2025-08-01 08:35:58'),
(10, 'Ford', 'icons/ford-i.png', 'published', 0, '2025-08-01 08:35:58', '2025-08-01 08:35:58'),
(11, 'Nissan', 'icons/nissan-i.png', 'published', 0, '2025-08-01 08:35:58', '2025-08-01 08:35:58'),
(12, 'Opel', 'icons/opel-i.png', 'published', 0, '2025-08-01 08:35:58', '2025-08-01 08:35:58'),
(13, 'BMW', 'icons/bmw.png', 'published', 0, '2025-08-01 08:35:58', '2025-08-01 08:35:58'),
(14, 'Toyota', 'icons/toyota.png', 'published', 0, '2025-08-01 08:35:58', '2025-08-01 08:35:58');

-- --------------------------------------------------------

--
-- Table structure for table `cr_car_makes_translations`
--

CREATE TABLE `cr_car_makes_translations` (
  `lang_code` varchar(191) NOT NULL,
  `cr_car_makes_id` bigint(20) UNSIGNED NOT NULL,
  `name` varchar(191) DEFAULT NULL
) ENGINE=InnoDB DEFAULT CHARSET=utf8mb4 COLLATE=utf8mb4_unicode_ci;

-- --------------------------------------------------------

--
-- Table structure for table `cr_car_reviews`
--

CREATE TABLE `cr_car_reviews` (
  `id` bigint(20) UNSIGNED NOT NULL,
  `content` text NOT NULL,
  `star` double NOT NULL DEFAULT 0,
  `customer_id` bigint(20) UNSIGNED NOT NULL,
  `car_id` bigint(20) UNSIGNED NOT NULL,
  `booking_id` bigint(20) UNSIGNED DEFAULT NULL,
  `status` varchar(191) NOT NULL DEFAULT 'pending',
  `created_at` timestamp NULL DEFAULT NULL,
  `updated_at` timestamp NULL DEFAULT NULL
) ENGINE=InnoDB DEFAULT CHARSET=utf8mb4 COLLATE=utf8mb4_unicode_ci;

--
-- Dumping data for table `cr_car_reviews`
--

INSERT INTO `cr_car_reviews` (`id`, `content`, `star`, `customer_id`, `car_id`, `booking_id`, `status`, `created_at`, `updated_at`) VALUES
(1, 'Really enjoyed driving this car. Seats were supportive and adjustable Reliable performance throughout our trip Made our trip so much more enjoyable Only minor complaint is the return process was slightly confusing. Highly recommend!', 4, 6, 38, NULL, 'published', '2023-11-07 23:22:22', '2025-08-01 08:36:44'),
(2, 'Average rental experience. The vehicle met basic expectations Could use a bit more trunk space but the staff was professional. Nothing special but gets the job done.', 3, 6, 59, NULL, 'published', '2025-04-17 09:15:03', '2025-08-01 08:36:44'),
(3, 'Very disappointed. The maintenance was clearly lacking The exterior was not functioning properly and the brakes were concerning. Not worth the money at all.', 1, 3, 100, NULL, 'published', '2025-06-30 01:32:50', '2025-08-01 08:36:44'),
(4, 'Decent car for the price. The air conditioning was effective a small scuff on the rear bumper but overall acceptable for conference. Would consider again if needed.', 3, 8, 82, NULL, 'published', '2025-02-24 21:24:26', '2025-08-01 08:36:44'),
(5, 'Absolutely fantastic! Advanced capabilities that impressed everyone Zero problems - just pure dependability The best rental car experience we\'ve ever had This is how car rentals should be done. Thank you for an amazing experience!', 5, 3, 81, NULL, 'published', '2025-01-30 03:39:13', '2025-08-01 08:36:44'),
(6, 'Best rental car I\'ve ever had! The quality was absolutely pristine Outstanding professionalism and care Outstanding value for the price paid Everything was perfect from start to finish. Will definitely use again!', 5, 5, 9, NULL, 'published', '2024-01-07 12:05:13', '2025-08-01 08:36:44'),
(7, 'Best rental car I\'ve ever had! The quality was absolutely pristine Outstanding professionalism and care Incredible bang for your buck Everything was perfect from start to finish. Will definitely use again!', 5, 1, 96, NULL, 'published', '2024-05-07 08:20:22', '2025-08-01 08:36:44'),
(8, 'Terrible experience with this car. There were scratches and dents all over The vehicle was showing significant wear and felt unsafe to drive. Would not recommend to anyone. Customer service was unhelpful when I reported the issues.', 1, 2, 35, NULL, 'published', '2024-09-03 22:14:48', '2025-08-01 08:36:44'),
(9, 'Outstanding rental experience! The car was immaculate inside and out The car was absolutely pristine and handled like a dream on every road. Outstanding customer service from start to finish Exceeded all expectations. Will definitely be back!', 5, 2, 10, NULL, 'published', '2023-10-07 07:18:39', '2025-08-01 08:36:44'),
(10, 'Standard rental car. Served our transportation needs Minor scuff on the bumper Nothing exceptional but nothing terrible Met basic expectations.', 3, 6, 23, NULL, 'published', '2023-11-27 21:52:53', '2025-08-01 08:36:44'),
(11, 'Standard rental car. Adequate for the rental period Minor scuff on the bumper Meets expectations without exceeding them Met basic expectations.', 3, 6, 24, NULL, 'published', '2024-06-24 18:07:46', '2025-08-01 08:36:44'),
(12, 'Below expectations. Minor scuff on the bumper The car was adequate for the price point but The overall value proposition. The staff was friendly enough but overall not satisfied with the rental.', 2, 11, 75, NULL, 'published', '2024-01-21 16:07:56', '2025-08-01 08:36:44'),
(13, 'Very pleased with this rental. The build quality was impressive Quick and easy pickup process Perfect for business or leisure travel Just a small issue with one cup holder being a bit loose but nothing major.', 4, 9, 29, NULL, 'published', '2025-02-24 21:09:52', '2025-08-01 08:36:44'),
(14, 'Outstanding rental experience! Premium sound system was amazing The car was mechanically perfect and provided effortless acceleration. The team was absolutely wonderful to work with Exceeded all expectations. Will definitely be back!', 5, 2, 64, NULL, 'published', '2024-05-02 01:28:58', '2025-08-01 08:36:44'),
(15, 'Standard rental car. No major issues during our rental Minor scuff on the bumper A typical rental car experience Met basic expectations.', 3, 9, 65, NULL, 'published', '2024-12-21 01:02:19', '2025-08-01 08:36:44'),
(16, 'Below expectations. Could use a bit more trunk space The car was adequate for the price point but The vehicle\'s mechanical condition. The fuel economy was good but overall not satisfied with the rental.', 2, 5, 88, NULL, 'published', '2025-07-23 21:20:04', '2025-08-01 08:36:44'),
(17, 'Outstanding rental experience! Surprisingly spacious for our family The car was showroom quality and handled like a dream on every road. The staff went above and beyond to help us Exceeded all expectations. Will definitely be back!', 5, 6, 74, NULL, 'published', '2024-06-26 12:53:36', '2025-08-01 08:36:44'),
(18, 'Disappointing rental experience. The pickup/return process was problematic and The air conditioning wasn\'t working properly. Some good points but too many negatives.', 2, 9, 67, NULL, 'published', '2025-03-16 02:08:39', '2025-08-01 08:36:44'),
(19, 'Perfect car for our weekend getaway! Premium seating that rivals luxury vehicles The performance was absolutely flawless Outstanding professionalism and care Cannot fault anything about this rental. 10/10 would recommend!', 5, 7, 46, NULL, 'published', '2025-02-01 22:46:59', '2025-08-01 08:36:44'),
(20, 'Had some issues with this rental. The air conditioning was barely working making the trip uncomfortable in hot weather The price was reasonable but the quality didn\'t match.', 2, 3, 35, NULL, 'published', '2023-10-19 05:16:45', '2025-08-01 08:36:44'),
(21, 'Absolutely fantastic! Advanced capabilities that impressed everyone Absolutely perfect reliability record Absolutely outstanding in every possible way This is how car rentals should be done. Thank you for an amazing experience!', 5, 9, 90, NULL, 'published', '2023-09-20 05:18:35', '2025-08-01 08:36:44'),
(22, 'Absolutely fantastic! Every feature worked flawlessly Absolutely perfect reliability record The best rental car experience we\'ve ever had This is how car rentals should be done. Thank you for an amazing experience!', 5, 1, 13, NULL, 'published', '2025-04-23 15:42:46', '2025-08-01 08:36:44'),
(23, 'Average rental experience. The vehicle met basic expectations The GPS was a bit outdated but the pickup was convenient. Nothing special but gets the job done.', 3, 7, 6, NULL, 'published', '2023-08-29 11:02:28', '2025-08-01 08:36:44'),
(24, 'Disappointing rental experience. The overall value proposition was problematic and The air conditioning wasn\'t working properly. Some good points but too many negatives.', 2, 8, 39, NULL, 'published', '2024-02-03 02:55:31', '2025-08-01 08:36:44'),
(25, 'Terrible experience with this car. The air conditioning wasn\'t working properly The vehicle was dirty inside and out and clearly hadn\'t been maintained. Would not recommend to anyone. Customer service was unhelpful when I reported the issues.', 1, 7, 13, NULL, 'published', '2025-02-27 10:28:30', '2025-08-01 08:36:44'),
(26, 'Absolutely fantastic! State-of-the-art amenities throughout Reliability that exceeded all expectations The best rental car experience we\'ve ever had This is how car rentals should be done. Thank you for an amazing experience!', 5, 7, 56, NULL, 'published', '2025-02-15 11:27:18', '2025-08-01 08:36:44'),
(27, 'Perfect car for our weekend getaway! Premium seating that rivals luxury vehicles Exceptional driving dynamics in all conditions Exceptional attention to customer needs Cannot fault anything about this rental. 10/10 would recommend!', 5, 3, 45, NULL, 'published', '2024-01-28 08:55:02', '2025-08-01 08:36:44'),
(28, 'Outstanding rental experience! Whisper-quiet cabin and smooth ride The car was showroom quality and provided effortless acceleration. Outstanding customer service from start to finish Exceeded all expectations. Will definitely be back!', 5, 1, 86, NULL, 'published', '2024-02-21 05:06:05', '2025-08-01 08:36:44'),
(29, 'Great rental experience! Spacious interior The car was very reliable and handled beautifully on both city and highway. The GPS was a bit outdated but overall very satisfied. Would definitely rent again.', 4, 4, 9, NULL, 'published', '2024-04-12 22:47:17', '2025-08-01 08:36:44'),
(30, 'Great rental experience! Great sound system The car was spotless inside and out and handled beautifully on both city and highway. The GPS was a bit outdated but overall very satisfied. Would definitely rent again.', 4, 3, 23, NULL, 'published', '2024-04-25 00:04:53', '2025-08-01 08:36:44'),
(32, 'Not great but manageable. The ride quality was rougher than expected The car started reliably Would look for other options next time.', 2, 10, 91, NULL, 'published', '2025-03-13 12:44:53', '2025-08-01 08:36:44'),
(33, 'Mixed feelings about this rental. the fuel economy exceeded expectations but the car showed some wear and tear. Reasonable option if you\'re not picky Fair value for money.', 3, 4, 98, NULL, 'published', '2023-12-09 22:52:13', '2025-08-01 08:36:44'),
(34, 'Really enjoyed driving this car. Very quiet cabin for conversations Reliable performance throughout our trip Impressed all our passengers Only minor complaint is the pickup location was hard to find. Highly recommend!', 4, 4, 44, NULL, 'published', '2024-08-06 16:07:07', '2025-08-01 08:36:44'),
(35, 'Absolutely fantastic! The technology was cutting-edge and intuitive Reliability that exceeded all expectations A truly exceptional experience from start to finish This is how car rentals should be done. Thank you for an amazing experience!', 5, 3, 17, NULL, 'published', '2024-04-03 08:51:26', '2025-08-01 08:36:44'),
(36, 'Had some issues with this rental. The radio kept cutting out that we couldn\'t get rid of despite airing out The price was reasonable but the quality didn\'t match.', 2, 8, 4, NULL, 'published', '2024-04-30 14:30:30', '2025-08-01 08:36:44'),
(37, 'Really enjoyed driving this car. Very quiet cabin for conversations Good handling in various driving conditions Impressed all our passengers Only minor complaint is the pickup location was hard to find. Highly recommend!', 4, 7, 6, NULL, 'published', '2024-09-05 06:51:16', '2025-08-01 08:36:44'),
(38, 'Perfect car for our weekend getaway! Unparalleled comfort for long-distance driving Performance that rivals much more expensive cars Service that sets the gold standard Cannot fault anything about this rental. 10/10 would recommend!', 5, 11, 40, NULL, 'published', '2024-11-02 19:42:29', '2025-08-01 08:36:44'),
(39, 'Excellent value for money. The keyless entry was very convenient Completely dependable for our entire trip Perfect companion for our business travel Will book with them again for sure.', 4, 6, 22, NULL, 'published', '2023-11-18 23:50:55', '2025-08-01 08:36:44'),
(40, 'Really enjoyed driving this car. Incredibly comfortable for long drives The car felt stable and well-balanced Perfect for our family vacation Only minor complaint is the pickup location was hard to find. Highly recommend!', 4, 6, 87, NULL, 'published', '2024-11-21 17:53:35', '2025-08-01 08:36:44'),
(41, 'Really enjoyed driving this car. Plenty of legroom for everyone The car felt stable and well-balanced Perfect for our family vacation Only minor complaint is the pickup location was hard to find. Highly recommend!', 4, 12, 4, NULL, 'published', '2024-09-05 07:36:15', '2025-08-01 08:36:44'),
(42, 'Not great but manageable. The technology was quite outdated The trunk space was adequate Would look for other options next time.', 2, 3, 62, NULL, 'published', '2023-08-18 09:54:40', '2025-08-01 08:36:44'),
(43, 'Outstanding rental experience! Surprisingly spacious for our family The car was immaculate in every detail and exceeded all performance expectations. The team was absolutely wonderful to work with Exceeded all expectations. Will definitely be back!', 5, 8, 50, NULL, 'published', '2024-04-01 20:36:11', '2025-08-01 08:36:44'),
(44, 'Really enjoyed driving this car. Very quiet cabin for conversations Good handling in various driving conditions Impressed all our passengers Only minor complaint is the pickup location was hard to find. Highly recommend!', 4, 6, 19, NULL, 'published', '2024-07-12 08:22:49', '2025-08-01 08:36:44'),
(45, 'Excellent value for money. The infotainment system was user-friendly Started every time without hesitation Perfect companion for our business travel Will book with them again for sure.', 4, 2, 97, NULL, 'published', '2023-11-23 11:03:36', '2025-08-01 08:36:44'),
(46, 'Absolutely fantastic! The technology was cutting-edge and intuitive Performed flawlessly under all conditions The best rental car experience we\'ve ever had This is how car rentals should be done. Thank you for an amazing experience!', 5, 8, 24, NULL, 'published', '2024-08-13 07:53:31', '2025-08-01 08:36:44'),
(47, 'Great rental experience! Very comfortable seats The car was running smoothly and was surprisingly quiet and smooth. The pickup process took a while but overall very satisfied. Would definitely rent again.', 4, 5, 74, NULL, 'published', '2025-06-11 17:59:06', '2025-08-01 08:36:44'),
(48, 'Really enjoyed driving this car. Plenty of legroom for everyone The engine performed well on both city and highway Great for city driving and parking Only minor complaint is the cup holders were a bit small. Highly recommend!', 4, 3, 56, NULL, 'published', '2025-07-06 17:41:21', '2025-08-01 08:36:44'),
(49, 'Mixed feelings about this rental. the comfort level was quite good but the car showed some wear and tear. Does what it\'s supposed to do Fair value for money.', 3, 6, 40, NULL, 'published', '2025-07-22 11:13:27', '2025-08-01 08:36:44'),
(50, 'Very pleased with this rental. High-quality materials and finishes Very helpful with directions Excellent option for families Just a small issue with a small scuff on the rear bumper but nothing major.', 4, 12, 80, NULL, 'published', '2024-11-02 09:06:44', '2025-08-01 08:36:44'),
(51, 'Excellent value for money. The automatic climate control worked perfectly Performed consistently throughout our rental Made our vacation stress-free and enjoyable Will book with them again for sure.', 4, 8, 74, NULL, 'published', '2024-08-06 13:22:46', '2025-08-01 08:36:44'),
(52, 'Mixed feelings about this rental. the overall condition was satisfactory but some features weren\'t working perfectly. Standard rental experience Fair value for money.', 3, 8, 31, NULL, 'published', '2024-10-03 17:42:10', '2025-08-01 08:36:44'),
(53, 'Best rental car I\'ve ever had! Impeccable attention to every detail Service that sets the gold standard Premium experience at a fair price Everything was perfect from start to finish. Will definitely use again!', 5, 3, 76, NULL, 'published', '2025-05-01 15:08:47', '2025-08-01 08:36:44'),
(54, 'Absolutely fantastic! State-of-the-art amenities throughout Reliability that exceeded all expectations A truly exceptional experience from start to finish This is how car rentals should be done. Thank you for an amazing experience!', 5, 1, 99, NULL, 'published', '2024-03-23 05:02:13', '2025-08-01 08:36:44'),
(55, 'Very pleased with this rental. The build quality was impressive Excellent customer service Perfect for business or leisure travel Just a small issue with the pickup location being slightly hard to find but nothing major.', 4, 11, 19, NULL, 'published', '2024-08-08 00:11:49', '2025-08-01 08:36:44'),
(56, 'Absolutely fantastic! Premium features that enhanced every moment Performed flawlessly under all conditions Everything about this rental was perfect This is how car rentals should be done. Thank you for an amazing experience!', 5, 7, 87, NULL, 'published', '2025-03-01 03:04:30', '2025-08-01 08:36:44'),
(57, 'Absolutely fantastic! Advanced capabilities that impressed everyone Reliability that exceeded all expectations This rental exceeded every expectation This is how car rentals should be done. Thank you for an amazing experience!', 5, 11, 62, NULL, 'published', '2023-11-22 21:21:54', '2025-08-01 08:36:44'),
(58, 'Mixed feelings about this rental. the overall condition was satisfactory but the car showed some wear and tear. Reasonable option if you\'re not picky Fair value for money.', 3, 4, 50, NULL, 'published', '2024-05-10 09:13:55', '2025-08-01 08:36:44'),
(59, 'Great rental experience! Smooth and quiet ride The car was in excellent mechanical condition and had plenty of power when needed. The radio presets weren\'t cleared but overall very satisfied. Would definitely rent again.', 4, 1, 22, NULL, 'published', '2024-02-21 23:10:39', '2025-08-01 08:36:44'),
(60, 'Perfect car for our conference! Unparalleled comfort for long-distance driving The performance was absolutely flawless Service that sets the gold standard Cannot fault anything about this rental. 10/10 would recommend!', 5, 5, 68, NULL, 'published', '2025-02-08 07:01:43', '2025-08-01 08:36:44'),
(61, 'Very pleased with this rental. Well-maintained and cared for vehicle Made the rental process seamless Great choice for anyone needing a reliable car Just a small issue with the radio taking a moment to connect to Bluetooth but nothing major.', 4, 2, 31, NULL, 'published', '2025-04-24 18:38:22', '2025-08-01 08:36:44'),
(62, 'Really enjoyed driving this car. Seats were supportive and adjustable Smooth acceleration and responsive braking Great for city driving and parking Only minor complaint is the return process was slightly confusing. Highly recommend!', 4, 11, 16, NULL, 'published', '2023-08-18 14:23:26', '2025-08-01 08:36:44'),
(63, 'Excellent', 3, 13, 1, NULL, 'published', '2025-09-24 11:24:28', '2025-09-24 11:24:28');

-- --------------------------------------------------------

--
-- Table structure for table `cr_car_tag`
--

CREATE TABLE `cr_car_tag` (
  `id` bigint(20) UNSIGNED NOT NULL,
  `car_id` bigint(20) UNSIGNED NOT NULL,
  `tag_id` bigint(20) UNSIGNED NOT NULL
) ENGINE=InnoDB DEFAULT CHARSET=utf8mb4 COLLATE=utf8mb4_unicode_ci;

-- --------------------------------------------------------

--
-- Table structure for table `cr_car_transmissions`
--

CREATE TABLE `cr_car_transmissions` (
  `id` bigint(20) UNSIGNED NOT NULL,
  `name` varchar(191) NOT NULL,
  `icon` varchar(191) DEFAULT NULL,
  `status` varchar(191) NOT NULL DEFAULT 'pending',
  `order` tinyint(4) NOT NULL DEFAULT 0,
  `created_at` timestamp NULL DEFAULT NULL,
  `updated_at` timestamp NULL DEFAULT NULL
) ENGINE=InnoDB DEFAULT CHARSET=utf8mb4 COLLATE=utf8mb4_unicode_ci;

--
-- Dumping data for table `cr_car_transmissions`
--

INSERT INTO `cr_car_transmissions` (`id`, `name`, `icon`, `status`, `order`, `created_at`, `updated_at`) VALUES
(1, 'Automatic', 'icons/car-transmission-auto.png', 'published', 0, '2025-08-01 08:35:58', '2025-08-01 08:35:58'),
(2, 'Manual', 'icons/car-transmission-manual.png', 'published', 0, '2025-08-01 08:35:58', '2025-08-01 08:35:58');

-- --------------------------------------------------------

--
-- Table structure for table `cr_car_transmissions_translations`
--

CREATE TABLE `cr_car_transmissions_translations` (
  `lang_code` varchar(191) NOT NULL,
  `cr_car_transmissions_id` bigint(20) UNSIGNED NOT NULL,
  `name` varchar(191) DEFAULT NULL
) ENGINE=InnoDB DEFAULT CHARSET=utf8mb4 COLLATE=utf8mb4_unicode_ci;

-- --------------------------------------------------------

--
-- Table structure for table `cr_car_types`
--

CREATE TABLE `cr_car_types` (
  `id` bigint(20) UNSIGNED NOT NULL,
  `name` varchar(191) DEFAULT NULL,
  `image` varchar(191) DEFAULT NULL,
  `icon` varchar(191) DEFAULT NULL,
  `status` varchar(191) NOT NULL DEFAULT 'pending',
  `order` tinyint(4) NOT NULL DEFAULT 0,
  `created_at` timestamp NULL DEFAULT NULL,
  `updated_at` timestamp NULL DEFAULT NULL
) ENGINE=InnoDB DEFAULT CHARSET=utf8mb4 COLLATE=utf8mb4_unicode_ci;

--
-- Dumping data for table `cr_car_types`
--

INSERT INTO `cr_car_types` (`id`, `name`, `image`, `icon`, `status`, `order`, `created_at`, `updated_at`) VALUES
(1, 'SUV', 'car-types/suv.jpg', 'ti ti-car-suv', 'published', 0, '2025-06-10 20:28:34', '2025-06-26 05:53:45'),
(2, 'Hatchback', 'car-types/hatchback.jpg', 'ti ti-car', 'published', 0, '2025-06-10 20:28:34', '2025-06-26 05:53:59'),
(3, 'Sedan', 'car-types/sedan.jpg', 'ti ti-car', 'published', 0, '2025-06-10 20:28:34', '2025-06-26 05:54:13'),
(4, 'Crossover', 'car-types/cressover.jpg', 'ti ti-car-4wd', 'published', 0, '2025-06-10 20:28:34', '2025-06-26 05:55:02'),
(5, 'Minivan', 'car-types/minivan.jpg', 'ti ti-caravan', 'published', 0, '2025-06-10 20:28:34', '2025-06-26 05:54:48'),
(6, 'Coupe', 'car-types/coupe.jpg', 'ti ti-car', 'published', 0, '2025-06-10 20:28:34', '2025-06-26 05:55:16'),
(7, 'Sport Cars', 'car-types/sports-car.jpg', 'ti ti-car-turbine', 'published', 0, '2025-06-10 20:28:34', '2025-06-26 05:55:31'),
(8, 'Pickup Truck', 'car-types/pickup.jpg', 'ti ti-truck', 'published', 0, '2025-06-10 20:28:34', '2025-06-26 06:09:10');

-- --------------------------------------------------------

--
-- Table structure for table `cr_car_types_translations`
--

CREATE TABLE `cr_car_types_translations` (
  `lang_code` varchar(191) NOT NULL,
  `cr_car_types_id` bigint(20) UNSIGNED NOT NULL,
  `name` varchar(191) DEFAULT NULL
) ENGINE=InnoDB DEFAULT CHARSET=utf8mb4 COLLATE=utf8mb4_unicode_ci;

-- --------------------------------------------------------

--
-- Table structure for table `cr_car_views`
--

CREATE TABLE `cr_car_views` (
  `id` bigint(20) UNSIGNED NOT NULL,
  `car_id` bigint(20) UNSIGNED NOT NULL,
  `views` int(11) NOT NULL DEFAULT 1,
  `date` date NOT NULL DEFAULT '2025-08-01'
) ENGINE=InnoDB DEFAULT CHARSET=utf8mb4 COLLATE=utf8mb4_unicode_ci;

-- --------------------------------------------------------

--
-- Table structure for table `cr_category_commissions`
--

CREATE TABLE `cr_category_commissions` (
  `id` bigint(20) UNSIGNED NOT NULL,
  `car_category_id` bigint(20) UNSIGNED NOT NULL,
  `commission_percentage` decimal(10,2) NOT NULL DEFAULT 0.00,
  `created_at` timestamp NULL DEFAULT NULL,
  `updated_at` timestamp NULL DEFAULT NULL
) ENGINE=InnoDB DEFAULT CHARSET=utf8mb4 COLLATE=utf8mb4_unicode_ci;

-- --------------------------------------------------------

--
-- Table structure for table `cr_coupons`
--

CREATE TABLE `cr_coupons` (
  `id` bigint(20) UNSIGNED NOT NULL,
  `code` varchar(20) NOT NULL,
  `type` varchar(60) NOT NULL,
  `value` double NOT NULL,
  `is_unlimited_expires` tinyint(4) NOT NULL DEFAULT 0,
  `expires_at` datetime DEFAULT NULL,
  `is_unlimited` tinyint(4) NOT NULL DEFAULT 1,
  `limit` int(11) NOT NULL DEFAULT 0,
  `used` int(11) NOT NULL DEFAULT 0,
  `created_at` timestamp NULL DEFAULT NULL,
  `updated_at` timestamp NULL DEFAULT NULL
) ENGINE=InnoDB DEFAULT CHARSET=utf8mb4 COLLATE=utf8mb4_unicode_ci;

--
-- Dumping data for table `cr_coupons`
--

INSERT INTO `cr_coupons` (`id`, `code`, `type`, `value`, `is_unlimited_expires`, `expires_at`, `is_unlimited`, `limit`, `used`, `created_at`, `updated_at`) VALUES
(1, '2vBjbUeRTwv0', 'money', 5, 0, '2025-09-01 15:35:58', 0, 361, 128, '2025-08-01 08:35:58', '2025-08-01 08:35:58'),
(2, 'rA8yeLNvqzot', 'percentage', 93.83, 1, NULL, 0, 127, 25, '2025-08-01 08:35:58', '2025-08-01 08:35:58'),
(3, 'DNXIW3FazTfO', 'money', 7, 1, NULL, 0, 590, 64, '2025-08-01 08:35:58', '2025-08-01 08:35:58'),
(4, 'yhxG5QfqtJiS', 'percentage', 10.13, 1, NULL, 1, 0, 75, '2025-08-01 08:35:58', '2025-08-01 08:35:58'),
(5, 'PxJcVzyYhJ6o', 'money', 2, 0, '2025-10-01 15:35:58', 1, 0, 106, '2025-08-01 08:35:58', '2025-08-01 08:35:58'),
(6, '7tEcooDAegJw', 'money', 7, 0, '2025-11-01 15:35:58', 0, 382, 66, '2025-08-01 08:35:58', '2025-08-01 08:35:58'),
(7, '3NLiz2n5eKBk', 'money', 9, 1, NULL, 1, 0, 60, '2025-08-01 08:35:58', '2025-08-01 08:35:58'),
(8, 'PslrTiVtthNX', 'percentage', 93.68, 0, '2025-12-01 15:35:58', 1, 0, 107, '2025-08-01 08:35:58', '2025-08-01 08:35:58'),
(9, 'jhkZjcoghpVw', 'percentage', 30.99, 1, NULL, 1, 0, 61, '2025-08-01 08:35:58', '2025-08-01 08:35:58'),
(10, 'IST93CX1pt5l', 'percentage', 33.72, 1, NULL, 0, 602, 92, '2025-08-01 08:35:58', '2025-08-01 08:35:58'),
(11, '2qdn3DVuPPWv', 'money', 2, 0, '2026-01-01 15:35:58', 1, 0, 122, '2025-08-01 08:35:58', '2025-08-01 08:35:58'),
(12, 'SaUzkXVykJ2q', 'money', 5, 0, '2026-02-01 15:35:58', 0, 340, 84, '2025-08-01 08:35:58', '2025-08-01 08:35:58'),
(13, 'h2vv5bYB5IXL', 'money', 7, 1, NULL, 0, 157, 81, '2025-08-01 08:35:58', '2025-08-01 08:35:58'),
(14, 'BxEEj8FkBOyn', 'percentage', 35.11, 1, NULL, 0, 566, 14, '2025-08-01 08:35:58', '2025-08-01 08:35:58'),
(15, 'DDqtVKeFTqSq', 'money', 5, 0, '2026-03-01 15:35:58', 0, 136, 55, '2025-08-01 08:35:58', '2025-08-01 08:35:58'),
(16, 'JvZGLwVfAbsf', 'money', 0, 1, NULL, 1, 0, 44, '2025-08-01 08:35:58', '2025-08-01 08:35:58'),
(17, '9RIoOULvLve1', 'percentage', 16.42, 1, NULL, 1, 0, 106, '2025-08-01 08:35:58', '2025-08-01 08:35:58'),
(18, 'LrLEPitq44Pj', 'money', 1, 1, NULL, 0, 191, 45, '2025-08-01 08:35:58', '2025-08-01 08:35:58'),
(19, 'fPFL5GmtH1UZ', 'money', 6, 1, NULL, 1, 0, 34, '2025-08-01 08:35:58', '2025-08-01 08:35:58'),
(20, 'zAiVI35RjpdW', 'money', 9, 0, '2026-04-01 15:35:58', 1, 0, 17, '2025-08-01 08:35:58', '2025-08-01 08:35:58'),
(21, 'V47UQgNbqVOA', 'money', 7, 0, '2026-05-01 15:35:58', 1, 0, 54, '2025-08-01 08:35:58', '2025-08-01 08:35:58'),
(22, '1i35g45nANqO', 'money', 8, 0, '2026-06-01 15:35:58', 0, 820, 86, '2025-08-01 08:35:58', '2025-08-01 08:35:58'),
(23, 'SqzkeLu7CyRD', 'money', 0, 1, NULL, 0, 103, 118, '2025-08-01 08:35:58', '2025-08-01 08:35:58'),
(24, 'vdDOqaoHqXuO', 'percentage', 9.92, 0, '2026-07-01 15:35:58', 0, 347, 106, '2025-08-01 08:35:58', '2025-08-01 08:35:58'),
(25, 'LbseEbJV4GUG', 'money', 2, 1, NULL, 0, 261, 29, '2025-08-01 08:35:58', '2025-08-01 08:35:58'),
(26, 'IHB87E33At2A', 'money', 8, 0, '2026-08-01 15:35:58', 0, 337, 26, '2025-08-01 08:35:58', '2025-08-01 08:35:58'),
(27, 'bclb4xrEvi1F', 'percentage', 96.64, 1, NULL, 0, 866, 112, '2025-08-01 08:35:58', '2025-08-01 08:35:58'),
(28, '93XzJSBA25JB', 'percentage', 23.6, 1, NULL, 1, 0, 49, '2025-08-01 08:35:58', '2025-08-01 08:35:58'),
(29, 'hzLF1g0TgZrl', 'percentage', 91.38, 0, '2026-09-01 15:35:58', 0, 598, 87, '2025-08-01 08:35:58', '2025-08-01 08:35:58'),
(30, 'ZAUvA7wspu3U', 'money', 2, 1, NULL, 1, 0, 49, '2025-08-01 08:35:58', '2025-08-01 08:35:58'),
(31, 'pHQhrIFhVonF', 'percentage', 99.99, 0, '2026-10-01 15:35:58', 1, 0, 50, '2025-08-01 08:35:58', '2025-08-01 08:35:58');

-- --------------------------------------------------------

--
-- Table structure for table `cr_currencies`
--

CREATE TABLE `cr_currencies` (
  `id` bigint(20) UNSIGNED NOT NULL,
  `title` varchar(60) NOT NULL,
  `symbol` varchar(10) NOT NULL,
  `is_prefix_symbol` tinyint(3) UNSIGNED NOT NULL DEFAULT 0,
  `decimals` tinyint(3) UNSIGNED NOT NULL DEFAULT 0,
  `order` int(10) UNSIGNED NOT NULL DEFAULT 0,
  `is_default` tinyint(4) NOT NULL DEFAULT 0,
  `exchange_rate` double NOT NULL DEFAULT 1,
  `created_at` timestamp NULL DEFAULT NULL,
  `updated_at` timestamp NULL DEFAULT NULL
) ENGINE=InnoDB DEFAULT CHARSET=utf8mb4 COLLATE=utf8mb4_unicode_ci;

--
-- Dumping data for table `cr_currencies`
--

INSERT INTO `cr_currencies` (`id`, `title`, `symbol`, `is_prefix_symbol`, `decimals`, `order`, `is_default`, `exchange_rate`, `created_at`, `updated_at`) VALUES
(1, 'USD', '$', 1, 0, 0, 1, 1, '2025-08-01 08:35:58', '2025-08-01 08:35:58'),
(2, 'EUR', '€', 0, 0, 1, 0, 0.84, '2025-08-01 08:35:58', '2025-08-01 08:35:58'),
(3, 'VND', '₫', 0, 0, 2, 0, 23203, '2025-08-01 08:35:58', '2025-08-01 08:35:58'),
(4, 'NGN', '₦', 1, 0, 2, 0, 895.52, '2025-08-01 08:35:58', '2025-08-01 08:35:58');

-- --------------------------------------------------------

--
-- Table structure for table `cr_customer_revenues`
--

CREATE TABLE `cr_customer_revenues` (
  `id` bigint(20) UNSIGNED NOT NULL,
  `customer_id` bigint(20) UNSIGNED NOT NULL,
  `booking_id` bigint(20) UNSIGNED DEFAULT NULL,
  `sub_amount` decimal(15,2) NOT NULL,
  `fee` decimal(15,2) NOT NULL,
  `amount` decimal(15,2) NOT NULL,
  `current_balance` decimal(15,2) NOT NULL DEFAULT 0.00,
  `currency` varchar(120) NOT NULL,
  `description` text DEFAULT NULL,
  `user_id` bigint(20) UNSIGNED DEFAULT NULL,
  `type` varchar(60) NOT NULL DEFAULT 'add-amount',
  `created_at` timestamp NULL DEFAULT NULL,
  `updated_at` timestamp NULL DEFAULT NULL
) ENGINE=InnoDB DEFAULT CHARSET=utf8mb4 COLLATE=utf8mb4_unicode_ci;

-- --------------------------------------------------------

--
-- Table structure for table `cr_customer_withdrawals`
--

CREATE TABLE `cr_customer_withdrawals` (
  `id` bigint(20) UNSIGNED NOT NULL,
  `customer_id` bigint(20) UNSIGNED NOT NULL,
  `fee` decimal(15,2) NOT NULL,
  `amount` decimal(15,2) NOT NULL,
  `current_balance` decimal(15,2) NOT NULL DEFAULT 0.00,
  `currency` varchar(120) NOT NULL,
  `description` text DEFAULT NULL,
  `payment_channel` varchar(60) DEFAULT NULL,
  `user_id` bigint(20) UNSIGNED DEFAULT NULL,
  `status` varchar(60) NOT NULL DEFAULT 'pending',
  `images` text DEFAULT NULL,
  `bank_info` text DEFAULT NULL,
  `transaction_id` varchar(60) DEFAULT NULL,
  `created_at` timestamp NULL DEFAULT NULL,
  `updated_at` timestamp NULL DEFAULT NULL
) ENGINE=InnoDB DEFAULT CHARSET=utf8mb4 COLLATE=utf8mb4_unicode_ci;

-- --------------------------------------------------------

--
-- Table structure for table `cr_invoices`
--

CREATE TABLE `cr_invoices` (
  `id` bigint(20) UNSIGNED NOT NULL,
  `customer_id` bigint(20) UNSIGNED NOT NULL,
  `customer_name` varchar(191) NOT NULL,
  `customer_email` varchar(191) DEFAULT NULL,
  `customer_phone` varchar(191) DEFAULT NULL,
  `payment_id` bigint(20) UNSIGNED DEFAULT NULL,
  `currency_id` bigint(20) UNSIGNED DEFAULT NULL,
  `reference_type` varchar(191) NOT NULL,
  `reference_id` bigint(20) UNSIGNED NOT NULL,
  `code` varchar(191) NOT NULL,
  `sub_total` double NOT NULL,
  `tax_amount` double DEFAULT 0,
  `discount_amount` double NOT NULL DEFAULT 0,
  `amount` double NOT NULL,
  `status` varchar(191) NOT NULL DEFAULT 'pending',
  `paid_at` timestamp NULL DEFAULT NULL,
  `created_at` timestamp NULL DEFAULT NULL,
  `updated_at` timestamp NULL DEFAULT NULL,
  `vendor_id` bigint(20) UNSIGNED DEFAULT NULL
) ENGINE=InnoDB DEFAULT CHARSET=utf8mb4 COLLATE=utf8mb4_unicode_ci;

--
-- Dumping data for table `cr_invoices`
--

INSERT INTO `cr_invoices` (`id`, `customer_id`, `customer_name`, `customer_email`, `customer_phone`, `payment_id`, `currency_id`, `reference_type`, `reference_id`, `code`, `sub_total`, `tax_amount`, `discount_amount`, `amount`, `status`, `paid_at`, `created_at`, `updated_at`, `vendor_id`) VALUES
(1, 7, 'Maegan Simonis', 'brady92@example.org', '+13158273898', 1, 1, 'Botble\\CarRentals\\Models\\Booking', 1, 'INV-1', 99, 0, 0, 99, 'pending', NULL, '2025-08-01 08:36:44', '2025-08-01 08:36:44', 12),
(2, 12, 'Mr. Herbert Sawayn DDS', 'vendor@mxcar.com', '+17857256591', 2, 1, 'Botble\\CarRentals\\Models\\Booking', 2, 'INV-2', 49, 0, 0, 49, 'pending', NULL, '2025-08-01 08:36:44', '2025-08-01 08:36:44', NULL),
(3, 4, 'Ms. Madelyn Sawayn', 'kenya.rath@example.com', '+18484316289', 3, 1, 'Botble\\CarRentals\\Models\\Booking', 3, 'INV-3', 98, 0, 0, 98, 'pending', NULL, '2025-08-01 08:36:44', '2025-08-01 08:36:44', NULL),
(4, 5, 'Mr. Kyle Kutch PhD', 'rbreitenberg@example.org', '+12405718718', 4, 1, 'Botble\\CarRentals\\Models\\Booking', 4, 'INV-4', 97, 0, 0, 97, 'completed', '2025-08-01 08:36:44', '2025-08-01 08:36:44', '2025-08-01 08:36:44', 12),
(5, 3, 'Bradly Hessel', 'robel.breanna@example.com', '+16128680370', 5, 1, 'Botble\\CarRentals\\Models\\Booking', 5, 'INV-5', 87, 0, 0, 87, 'completed', '2025-08-01 08:36:44', '2025-08-01 08:36:44', '2025-08-01 08:36:44', NULL),
(6, 5, 'Mr. Kyle Kutch PhD', 'rbreitenberg@example.org', '+12405718718', 6, 1, 'Botble\\CarRentals\\Models\\Booking', 6, 'INV-6', 44, 0, 0, 44, 'pending', NULL, '2025-08-01 08:36:44', '2025-08-01 08:36:44', NULL),
(7, 4, 'Ms. Madelyn Sawayn', 'kenya.rath@example.com', '+18484316289', 7, 1, 'Botble\\CarRentals\\Models\\Booking', 7, 'INV-7', 47, 0, 0, 47, 'pending', NULL, '2025-08-01 08:36:44', '2025-08-01 08:36:44', 12),
(8, 3, 'Bradly Hessel', 'robel.breanna@example.com', '+16128680370', 8, 1, 'Botble\\CarRentals\\Models\\Booking', 8, 'INV-8', 53, 0, 0, 53, 'pending', NULL, '2025-08-01 08:36:44', '2025-08-01 08:36:44', NULL),
(9, 4, 'Ms. Madelyn Sawayn', 'kenya.rath@example.com', '+18484316289', 9, 1, 'Botble\\CarRentals\\Models\\Booking', 9, 'INV-9', 34, 0, 0, 34, 'pending', NULL, '2025-08-01 08:36:44', '2025-08-01 08:36:44', NULL),
(10, 9, 'Jacques O\'Conner', 'fay.keebler@example.net', '+13514216731', 10, 1, 'Botble\\CarRentals\\Models\\Booking', 10, 'INV-10', 60, 0, 0, 60, 'completed', '2025-08-01 08:36:44', '2025-08-01 08:36:44', '2025-08-01 08:36:44', 12),
(11, 7, 'Maegan Simonis', 'brady92@example.org', '+13158273898', 11, 1, 'Botble\\CarRentals\\Models\\Booking', 11, 'INV-11', 80, 0, 0, 80, 'pending', NULL, '2025-08-01 08:36:44', '2025-08-01 08:36:44', NULL),
(12, 7, 'Maegan Simonis', 'brady92@example.org', '+13158273898', 12, 1, 'Botble\\CarRentals\\Models\\Booking', 12, 'INV-12', 97, 0, 0, 97, 'pending', NULL, '2025-08-01 08:36:44', '2025-08-01 08:36:44', NULL),
(13, 6, 'Carolyne Lesch Sr.', 'eichmann.maureen@example.org', '+18593759158', 13, 1, 'Botble\\CarRentals\\Models\\Booking', 13, 'INV-13', 45, 0, 0, 45, 'pending', NULL, '2025-08-01 08:36:44', '2025-08-01 08:36:44', 12),
(14, 5, 'Mr. Kyle Kutch PhD', 'rbreitenberg@example.org', '+12405718718', 14, 1, 'Botble\\CarRentals\\Models\\Booking', 14, 'INV-14', 95, 0, 0, 95, 'pending', NULL, '2025-08-01 08:36:44', '2025-08-01 08:36:44', NULL),
(15, 10, 'Prof. Keshawn Marquardt I', 'ekiehn@example.net', '+17406264254', 15, 1, 'Botble\\CarRentals\\Models\\Booking', 15, 'INV-15', 71, 0, 0, 71, 'completed', '2025-08-01 08:36:44', '2025-08-01 08:36:44', '2025-08-01 08:36:44', NULL),
(16, 2, 'Tyrel Kunze', 'jimmy.mann@example.org', '+17206075748', 16, 1, 'Botble\\CarRentals\\Models\\Booking', 16, 'INV-16', 83, 0, 0, 83, 'pending', NULL, '2025-08-01 08:36:44', '2025-08-01 08:36:44', 12),
(17, 12, 'Mr. Herbert Sawayn DDS', 'vendor@mxcar.com', '+17857256591', 17, 1, 'Botble\\CarRentals\\Models\\Booking', 17, 'INV-17', 97, 0, 0, 97, 'pending', NULL, '2025-08-01 08:36:44', '2025-08-01 08:36:44', NULL),
(18, 6, 'Carolyne Lesch Sr.', 'eichmann.maureen@example.org', '+18593759158', 18, 1, 'Botble\\CarRentals\\Models\\Booking', 18, 'INV-18', 58, 0, 0, 58, 'pending', NULL, '2025-08-01 08:36:44', '2025-08-01 08:36:44', NULL),
(19, 12, 'Mr. Herbert Sawayn DDS', 'vendor@mxcar.com', '+17857256591', 19, 1, 'Botble\\CarRentals\\Models\\Booking', 19, 'INV-19', 83, 0, 0, 83, 'completed', '2025-08-01 08:36:44', '2025-08-01 08:36:44', '2025-08-01 08:36:44', 12),
(20, 9, 'Jacques O\'Conner', 'fay.keebler@example.net', '+13514216731', 20, 1, 'Botble\\CarRentals\\Models\\Booking', 20, 'INV-20', 35, 0, 0, 35, 'pending', NULL, '2025-08-01 08:36:44', '2025-08-01 08:36:44', NULL),
(21, 13, 'User Demo', 'user@demo.com', '+919999996666', NULL, 1, 'Botble\\CarRentals\\Models\\Booking', 24, 'INV-21', 54, 0, 0, 54, 'completed', NULL, '2025-08-20 04:45:11', '2025-08-20 04:45:11', 12),
(22, 13, 'User Demo', 'user@demo.com', '+919999996666', NULL, 1, 'Botble\\CarRentals\\Models\\Booking', 25, 'INV-22', 900, 0, 0, 900, 'completed', NULL, '2025-08-21 12:01:56', '2025-08-21 12:01:56', NULL),
(23, 14, 'Dealer Demo', 'dealer@demo.com', NULL, NULL, 1, 'Botble\\CarRentals\\Models\\Booking', 26, 'INV-23', 30000, 0, 0, 30000, 'completed', NULL, '2025-08-22 04:03:30', '2025-08-22 04:03:30', 14),
(24, 13, 'User Demo', 'user@demo.com', '+91999999667', NULL, 1, 'Botble\\CarRentals\\Models\\Booking', 42, 'INV-24', 1272, 0, 0, 1272, 'completed', NULL, '2025-09-23 10:36:59', '2025-09-23 10:36:59', 14),
(25, 13, 'User Demo', 'user@demo.com', '+91999999667', NULL, 1, 'Botble\\CarRentals\\Models\\Booking', 45, 'INV-25', 1670, 0, 0, 1670, 'completed', NULL, '2025-09-23 10:47:17', '2025-09-23 10:47:17', 12),
(26, 13, 'User Demo', 'user@demo.com', '+91999999667', NULL, 1, 'Botble\\CarRentals\\Models\\Booking', 51, 'INV-26', 900, NULL, 0, 900, 'completed', NULL, '2025-09-23 11:06:15', '2025-09-23 11:06:15', NULL),
(27, 13, 'User Demo', 'user@demo.com', '+91999999667', NULL, 1, 'Botble\\CarRentals\\Models\\Booking', 52, 'INV-27', 852, 0, 0, 852, 'completed', NULL, '2025-09-23 11:11:19', '2025-09-23 11:11:19', NULL),
(28, 13, 'User Demo', 'user@demo.com', '+91999999667', NULL, 1, 'Botble\\CarRentals\\Models\\Booking', 53, 'INV-28', 51, NULL, 0, 51, 'completed', NULL, '2025-09-23 11:15:55', '2025-09-23 11:15:55', NULL),
(29, 13, 'User Demo', 'user@demo.com', '+91999999667', NULL, 1, 'Botble\\CarRentals\\Models\\Booking', 54, 'INV-29', 60, NULL, 0, 60, 'completed', NULL, '2025-09-23 11:16:25', '2025-09-23 11:16:25', NULL),
(30, 13, 'User Demo', 'user@demo.com', '+91999999667', NULL, 1, 'Botble\\CarRentals\\Models\\Booking', 55, 'INV-30', 41, NULL, 0, 41, 'completed', NULL, '2025-09-23 11:19:05', '2025-09-23 11:19:05', NULL),
(31, 13, 'User Demo', 'user@demo.com', '+91999999667', NULL, 1, 'Botble\\CarRentals\\Models\\Booking', 56, 'INV-31', 41, NULL, 0, 41, 'completed', NULL, '2025-09-23 11:22:40', '2025-09-23 11:22:40', NULL),
(32, 13, 'User Demo', 'user@demo.com', '+91999999667', NULL, 1, 'Botble\\CarRentals\\Models\\Booking', 57, 'INV-32', 79, NULL, 0, 79, 'completed', NULL, '2025-09-23 11:23:48', '2025-09-23 11:23:48', NULL),
(33, 13, 'User Demo', 'user@demo.com', '+91999999667', NULL, 1, 'Botble\\CarRentals\\Models\\Booking', 58, 'INV-33', 79, NULL, 0, 79, 'completed', NULL, '2025-09-23 11:25:17', '2025-09-23 11:25:17', NULL),
(34, 13, 'User Demo', 'user@demo.com', '+91999999667', NULL, 1, 'Botble\\CarRentals\\Models\\Booking', 59, 'INV-34', 132, NULL, 0, 132, 'completed', NULL, '2025-09-23 11:30:50', '2025-09-23 11:30:50', NULL),
(35, 13, 'User Demo', 'user@demo.com', '+91999999667', NULL, 1, 'Botble\\CarRentals\\Models\\Booking', 60, 'INV-35', 66, NULL, 0, 66, 'completed', NULL, '2025-09-23 11:31:55', '2025-09-23 11:31:55', NULL),
(36, 13, 'User Demo', 'user@demo.com', '+91999999667', NULL, 1, 'Botble\\CarRentals\\Models\\Booking', 61, 'INV-36', 66, NULL, 0, 66, 'completed', NULL, '2025-09-23 11:42:18', '2025-09-23 11:42:18', NULL),
(37, 13, 'User Demo', 'user@demo.com', '+91999999667', NULL, 1, 'Botble\\CarRentals\\Models\\Booking', 62, 'INV-37', 66, NULL, 0, 66, 'completed', NULL, '2025-09-23 11:43:47', '2025-09-23 11:43:47', NULL),
(38, 13, 'User Demo', 'user@demo.com', '+91999999667', NULL, 1, 'Botble\\CarRentals\\Models\\Booking', 63, 'INV-38', 500, NULL, 0, 500, 'completed', NULL, '2025-09-23 12:08:31', '2025-09-23 12:08:31', NULL),
(39, 13, 'User Demo', 'user@demo.com', '+91999999667', NULL, 1, 'Botble\\CarRentals\\Models\\Booking', 64, 'INV-39', 79, NULL, 0, 79, 'completed', NULL, '2025-09-23 12:14:16', '2025-09-23 12:14:16', NULL),
(40, 13, 'User Demo', 'user@demo.com', '+91999999667', NULL, 1, 'Botble\\CarRentals\\Models\\Booking', 65, 'INV-40', 77, NULL, 0, 77, 'completed', NULL, '2025-09-23 12:19:18', '2025-09-23 12:19:18', NULL),
(41, 13, 'User Demo', 'user@demo.com', '+91999999667', NULL, 1, 'Botble\\CarRentals\\Models\\Booking', 66, 'INV-41', 77, NULL, 0, 77, 'completed', NULL, '2025-09-23 12:21:09', '2025-09-23 12:21:09', NULL),
(42, 13, 'User Demo', 'user@demo.com', '+91999999667', NULL, 1, 'Botble\\CarRentals\\Models\\Booking', 67, 'INV-42', 500, NULL, 0, 500, 'completed', NULL, '2025-09-23 12:26:45', '2025-09-23 12:26:45', NULL),
(43, 13, 'User Demo', 'user@demo.com', '+91999999667', NULL, 1, 'Botble\\CarRentals\\Models\\Booking', 68, 'INV-43', 500, NULL, 0, 500, 'completed', NULL, '2025-09-24 06:24:22', '2025-09-24 06:24:22', NULL),
(44, 13, 'User Demo', 'user@demo.com', '+91999999667', NULL, 1, 'Botble\\CarRentals\\Models\\Booking', 69, 'INV-44', 500, NULL, 0, 500, 'completed', NULL, '2025-09-24 06:30:54', '2025-09-24 06:30:54', NULL),
(45, 13, 'User Demo', 'user@demo.com', '+91999999667', NULL, 1, 'Botble\\CarRentals\\Models\\Booking', 70, 'INV-45', 200, NULL, 0, 200, 'completed', NULL, '2025-09-24 06:43:54', '2025-09-24 06:43:54', NULL),
(46, 13, 'User Demo', 'user@demo.com', '+91999999667', NULL, 1, 'Botble\\CarRentals\\Models\\Booking', 72, 'INV-46', 200, NULL, 0, 200, 'completed', NULL, '2025-09-24 07:23:46', '2025-09-24 07:23:46', NULL),
(47, 13, 'User Demo', 'user@demo.com', '+91999999667', NULL, 1, 'Botble\\CarRentals\\Models\\Booking', 73, 'INV-47', 77, NULL, 0, 77, 'completed', NULL, '2025-09-24 08:16:37', '2025-09-24 08:16:37', NULL),
(48, 13, 'User Demo', 'user@demo.com', '+91999999667', NULL, 1, 'Botble\\CarRentals\\Models\\Booking', 74, 'INV-48', 77, NULL, 0, 77, 'completed', NULL, '2025-09-24 08:22:14', '2025-09-24 08:22:14', NULL),
(49, 13, 'User Demo', 'user@demo.com', '+91999999667', NULL, 1, 'Botble\\CarRentals\\Models\\Booking', 75, 'INV-49', 77, NULL, 0, 77, 'completed', NULL, '2025-09-24 10:22:48', '2025-09-24 10:22:48', NULL),
(50, 13, 'User Demo', 'user@demo.com', '+91999999667', NULL, 1, 'Botble\\CarRentals\\Models\\Booking', 76, 'INV-50', 158, NULL, 0, 158, 'completed', NULL, '2025-09-24 10:54:52', '2025-09-24 10:54:52', NULL),
(51, 13, 'User Demo', 'user@demo.com', '+91999999667', NULL, 1, 'Botble\\CarRentals\\Models\\Booking', 77, 'INV-51', 41, NULL, 0, 41, 'completed', NULL, '2025-09-24 10:58:37', '2025-09-24 10:58:37', NULL),
(52, 13, 'User Demo', 'user@demo.com', '+91999999667', NULL, 1, 'Botble\\CarRentals\\Models\\Booking', 78, 'INV-52', 79, NULL, 0, 79, 'completed', NULL, '2025-09-24 10:59:09', '2025-09-24 10:59:09', NULL),
(53, 13, 'User Demo', 'user@demo.com', '+91999999667', NULL, 1, 'Botble\\CarRentals\\Models\\Booking', 79, 'INV-53', 79, NULL, 0, 79, 'completed', NULL, '2025-09-24 11:06:19', '2025-09-24 11:06:19', NULL),
(54, 13, 'User Demo', 'user@demo.com', '+91999999667', NULL, 1, 'Botble\\CarRentals\\Models\\Booking', 80, 'INV-54', 79, NULL, 0, 79, 'completed', NULL, '2025-09-24 11:07:10', '2025-09-24 11:07:10', NULL),
(55, 13, 'User Demo', 'user@demo.com', '+91999999667', NULL, 1, 'Botble\\CarRentals\\Models\\Booking', 81, 'INV-55', 30, NULL, 0, 30, 'completed', NULL, '2025-09-24 11:10:13', '2025-09-24 11:10:13', NULL),
(56, 13, 'User Demo', 'user@demo.com', '+91999999667', NULL, 1, 'Botble\\CarRentals\\Models\\Booking', 82, 'INV-56', 1000, NULL, 0, 1000, 'completed', NULL, '2025-09-25 08:43:08', '2025-09-25 08:43:08', NULL),
(57, 13, 'User Demo', 'user@demo.com', '+91999999667', NULL, 1, 'Botble\\CarRentals\\Models\\Booking', 83, 'INV-57', 200, NULL, 0, 200, 'completed', NULL, '2025-09-25 09:18:19', '2025-09-25 09:18:19', NULL);

-- --------------------------------------------------------

--
-- Table structure for table `cr_invoice_items`
--

CREATE TABLE `cr_invoice_items` (
  `id` bigint(20) UNSIGNED NOT NULL,
  `invoice_id` bigint(20) UNSIGNED NOT NULL,
  `name` varchar(191) NOT NULL,
  `description` varchar(400) DEFAULT NULL,
  `qty` int(10) UNSIGNED NOT NULL,
  `sub_total` decimal(15,2) UNSIGNED NOT NULL,
  `tax_amount` decimal(15,2) UNSIGNED NOT NULL DEFAULT 0.00,
  `discount_amount` decimal(15,2) UNSIGNED NOT NULL DEFAULT 0.00,
  `amount` decimal(15,2) UNSIGNED NOT NULL,
  `created_at` timestamp NULL DEFAULT NULL,
  `updated_at` timestamp NULL DEFAULT NULL
) ENGINE=InnoDB DEFAULT CHARSET=utf8mb4 COLLATE=utf8mb4_unicode_ci;

--
-- Dumping data for table `cr_invoice_items`
--

INSERT INTO `cr_invoice_items` (`id`, `invoice_id`, `name`, `description`, `qty`, `sub_total`, `tax_amount`, `discount_amount`, `amount`, `created_at`, `updated_at`) VALUES
(1, 1, 'Lincoln Aviator Reserve AWD 2024', '', 1, 99.00, 0.00, 0.00, 99.00, '2025-08-01 08:36:44', '2025-08-01 08:36:44'),
(2, 2, 'Volkswagen Tiguan SEL R-Line 2024', '', 1, 49.00, 0.00, 0.00, 49.00, '2025-08-01 08:36:44', '2025-08-01 08:36:44'),
(3, 3, 'Lexus RX 350 F Sport Handling AWD 2024', '', 1, 98.00, 0.00, 0.00, 98.00, '2025-08-01 08:36:44', '2025-08-01 08:36:44'),
(4, 4, 'Hyundai Tucson Limited AWD 2024', '', 1, 97.00, 0.00, 0.00, 97.00, '2025-08-01 08:36:44', '2025-08-01 08:36:44'),
(5, 5, 'BMW M4 Competition xDrive 2024', '', 1, 87.00, 0.00, 0.00, 87.00, '2025-08-01 08:36:44', '2025-08-01 08:36:44'),
(6, 6, 'Acura MDX Type S Advance 2024', '', 1, 44.00, 0.00, 0.00, 44.00, '2025-08-01 08:36:44', '2025-08-01 08:36:44'),
(7, 7, 'BMW X5 xDrive40i M Sport 2024', '', 1, 47.00, 0.00, 0.00, 47.00, '2025-08-01 08:36:44', '2025-08-01 08:36:44'),
(8, 8, 'Toyota Corolla Hybrid LE 2024', '', 1, 53.00, 0.00, 0.00, 53.00, '2025-08-01 08:36:44', '2025-08-01 08:36:44'),
(9, 9, 'Mercedes-Benz C300 4MATIC 2024', '', 1, 34.00, 0.00, 0.00, 34.00, '2025-08-01 08:36:44', '2025-08-01 08:36:44'),
(10, 10, 'Honda Accord Sport 2.0T 2024', '', 1, 60.00, 0.00, 0.00, 60.00, '2025-08-01 08:36:44', '2025-08-01 08:36:44'),
(11, 11, 'Koenigsegg Jesko Absolut 2024', '', 1, 80.00, 0.00, 0.00, 80.00, '2025-08-01 08:36:44', '2025-08-01 08:36:44'),
(12, 12, 'Lexus ES 350 F Sport 2024', '', 1, 97.00, 0.00, 0.00, 97.00, '2025-08-01 08:36:44', '2025-08-01 08:36:44'),
(13, 13, 'Alfa Romeo Stelvio Veloce AWD 2024', '', 1, 45.00, 0.00, 0.00, 45.00, '2025-08-01 08:36:44', '2025-08-01 08:36:44'),
(14, 14, 'Genesis G70 3.3T Sport Prestige AWD 2024', '', 1, 95.00, 0.00, 0.00, 95.00, '2025-08-01 08:36:44', '2025-08-01 08:36:44'),
(15, 15, 'Toyota Highlander Platinum AWD 2024', '', 1, 71.00, 0.00, 0.00, 71.00, '2025-08-01 08:36:44', '2025-08-01 08:36:44'),
(16, 16, 'Genesis Electrified GV70 Advanced AWD 2024', '', 1, 83.00, 0.00, 0.00, 83.00, '2025-08-01 08:36:44', '2025-08-01 08:36:44'),
(17, 17, 'Hyundai Tucson Limited AWD 2024', '', 1, 97.00, 0.00, 0.00, 97.00, '2025-08-01 08:36:44', '2025-08-01 08:36:44'),
(18, 18, 'McLaren Artura Spider 2024', '', 1, 58.00, 0.00, 0.00, 58.00, '2025-08-01 08:36:44', '2025-08-01 08:36:44'),
(19, 19, 'Genesis Electrified GV70 Advanced AWD 2024', '', 1, 83.00, 0.00, 0.00, 83.00, '2025-08-01 08:36:44', '2025-08-01 08:36:44'),
(20, 20, 'Nissan Altima SR VC-Turbo 2024', '', 1, 35.00, 0.00, 0.00, 35.00, '2025-08-01 08:36:44', '2025-08-01 08:36:44'),
(21, 21, 'Toyota Camry XLE Hybrid 2024', '', 1, 54.00, 0.00, 0.00, 54.00, '2025-08-20 04:45:12', '2025-08-20 04:45:12'),
(22, 22, 'Chevrolet Corvette Stingray', '', 1, 900.00, 0.00, 0.00, 900.00, '2025-08-21 12:01:56', '2025-08-21 12:01:56'),
(23, 23, 'THAR', '', 1, 30000.00, 0.00, 0.00, 30000.00, '2025-08-22 04:03:30', '2025-08-22 04:03:30'),
(24, 24, 'Mahindra BE.06', '', 1, 500.00, 0.00, 0.00, 500.00, '2025-09-23 10:36:59', '2025-09-23 10:36:59'),
(25, 24, 'Driver Rental Service (Services)', '', 1, 636.00, 0.00, 0.00, 636.00, '2025-09-23 10:36:59', '2025-09-23 10:36:59'),
(26, 24, 'Oil Change Service (Services)', '', 1, 136.00, 0.00, 0.00, 136.00, '2025-09-23 10:36:59', '2025-09-23 10:36:59'),
(27, 25, 'Lexus ES 350 F Sport 2024', '', 1, 79.00, 0.00, 0.00, 79.00, '2025-09-23 10:47:17', '2025-09-23 10:47:17'),
(28, 25, 'Driver Rental Service (Services)', '', 1, 636.00, 0.00, 0.00, 636.00, '2025-09-23 10:47:17', '2025-09-23 10:47:17'),
(29, 25, 'Temporary Car Replacement (Services)', '', 1, 246.00, 0.00, 0.00, 246.00, '2025-09-23 10:47:17', '2025-09-23 10:47:17'),
(30, 25, 'Tire Replacement &amp; Balancing (Services)', '', 1, 709.00, 0.00, 0.00, 709.00, '2025-09-23 10:47:17', '2025-09-23 10:47:17'),
(31, 26, 'McLaren 720S', '', 1, 300.00, 0.00, 0.00, 300.00, '2025-09-23 11:06:15', '2025-09-23 11:06:15'),
(32, 27, 'Honda Accord Sport 2.0T 2024', '', 1, 80.00, 0.00, 0.00, 80.00, '2025-09-23 11:11:19', '2025-09-23 11:11:19'),
(33, 27, 'Driver Rental Service (Services)', '', 1, 636.00, 0.00, 0.00, 636.00, '2025-09-23 11:11:19', '2025-09-23 11:11:19'),
(34, 27, 'Oil Change Service (Services)', '', 1, 136.00, 0.00, 0.00, 136.00, '2025-09-23 11:11:19', '2025-09-23 11:11:19'),
(35, 28, 'Honda CR-V Touring Hybrid AWD 2024', '', 1, 51.00, 0.00, 0.00, 51.00, '2025-09-23 11:15:55', '2025-09-23 11:15:55'),
(36, 29, 'Lexus RX 350 F Sport Handling AWD 2024', '', 1, 60.00, 0.00, 0.00, 60.00, '2025-09-23 11:16:25', '2025-09-23 11:16:25'),
(37, 30, 'Mercedes-Benz C300 4MATIC 2024', '', 1, 41.00, 0.00, 0.00, 41.00, '2025-09-23 11:19:06', '2025-09-23 11:19:06'),
(38, 31, 'Mercedes-Benz C300 4MATIC 2024', '', 1, 41.00, 0.00, 0.00, 41.00, '2025-09-23 11:22:40', '2025-09-23 11:22:40'),
(39, 32, 'Lexus ES 350 F Sport 2024', '', 1, 79.00, 0.00, 0.00, 79.00, '2025-09-23 11:23:48', '2025-09-23 11:23:48'),
(40, 33, 'Lexus ES 350 F Sport 2024', '', 1, 79.00, 0.00, 0.00, 79.00, '2025-09-23 11:25:17', '2025-09-23 11:25:17'),
(41, 34, 'Toyota RAV4 Prime XSE AWD 2024', '', 1, 66.00, 0.00, 0.00, 66.00, '2025-09-23 11:30:50', '2025-09-23 11:30:50'),
(42, 35, 'Toyota RAV4 Prime XSE AWD 2024', '', 1, 66.00, 0.00, 0.00, 66.00, '2025-09-23 11:31:55', '2025-09-23 11:31:55'),
(43, 36, 'Toyota RAV4 Prime XSE AWD 2024', '', 1, 66.00, 0.00, 0.00, 66.00, '2025-09-23 11:42:18', '2025-09-23 11:42:18'),
(44, 37, 'Toyota RAV4 Prime XSE AWD 2024', '', 1, 66.00, 0.00, 0.00, 66.00, '2025-09-23 11:43:47', '2025-09-23 11:43:47'),
(45, 38, 'Ford Mustang GT', '', 1, 500.00, 0.00, 0.00, 500.00, '2025-09-23 12:08:31', '2025-09-23 12:08:31'),
(46, 39, 'Lexus ES 350 F Sport 2024', '', 1, 79.00, 0.00, 0.00, 79.00, '2025-09-23 12:14:16', '2025-09-23 12:14:16'),
(47, 40, 'BMW X5 xDrive40i M Sport 2024', '', 1, 77.00, 0.00, 0.00, 77.00, '2025-09-23 12:19:18', '2025-09-23 12:19:18'),
(48, 41, 'BMW X5 xDrive40i M Sport 2024', '', 1, 77.00, 0.00, 0.00, 77.00, '2025-09-23 12:21:09', '2025-09-23 12:21:09'),
(49, 42, 'Ford Mustang GT', '', 1, 500.00, 0.00, 0.00, 500.00, '2025-09-23 12:26:45', '2025-09-23 12:26:45'),
(50, 43, 'Ford Mustang GT', '', 1, 500.00, 0.00, 0.00, 500.00, '2025-09-24 06:24:22', '2025-09-24 06:24:22'),
(51, 44, 'Ford Mustang GT', '', 1, 500.00, 0.00, 0.00, 500.00, '2025-09-24 06:30:54', '2025-09-24 06:30:54'),
(52, 45, 'Renault Clio 6', '', 1, 200.00, 0.00, 0.00, 200.00, '2025-09-24 06:43:54', '2025-09-24 06:43:54'),
(53, 46, 'Renault Clio 6', '', 1, 200.00, 0.00, 0.00, 200.00, '2025-09-24 07:23:46', '2025-09-24 07:23:46'),
(54, 47, 'BMW X5 xDrive40i M Sport 2024', '', 1, 77.00, 0.00, 0.00, 77.00, '2025-09-24 08:16:37', '2025-09-24 08:16:37'),
(55, 48, 'BMW X5 xDrive40i M Sport 2024', '', 1, 77.00, 0.00, 0.00, 77.00, '2025-09-24 08:22:14', '2025-09-24 08:22:14'),
(56, 49, 'BMW X5 xDrive40i M Sport 2024', '', 1, 77.00, 0.00, 0.00, 77.00, '2025-09-24 10:22:48', '2025-09-24 10:22:48'),
(57, 50, 'Lexus ES 350 F Sport 2024', '', 1, 79.00, 0.00, 0.00, 79.00, '2025-09-24 10:54:52', '2025-09-24 10:54:52'),
(58, 51, 'Mercedes-Benz C300 4MATIC 2024', '', 1, 41.00, 0.00, 0.00, 41.00, '2025-09-24 10:58:37', '2025-09-24 10:58:37'),
(59, 52, 'Lexus ES 350 F Sport 2024', '', 1, 79.00, 0.00, 0.00, 79.00, '2025-09-24 10:59:09', '2025-09-24 10:59:09'),
(60, 53, 'Lexus ES 350 F Sport 2024', '', 1, 79.00, 0.00, 0.00, 79.00, '2025-09-24 11:06:19', '2025-09-24 11:06:19'),
(61, 54, 'Lexus ES 350 F Sport 2024', '', 1, 79.00, 0.00, 0.00, 79.00, '2025-09-24 11:07:10', '2025-09-24 11:07:10'),
(62, 55, 'Toyota Camry XLE Hybrid 2024', '', 1, 30.00, 0.00, 0.00, 30.00, '2025-09-24 11:10:13', '2025-09-24 11:10:13'),
(63, 56, 'Mahindra XUV700', '', 1, 1000.00, 0.00, 0.00, 1000.00, '2025-09-25 08:43:08', '2025-09-25 08:43:08'),
(64, 57, 'Renault Clio 6', '', 1, 200.00, 0.00, 0.00, 200.00, '2025-09-25 09:18:19', '2025-09-25 09:18:19');

-- --------------------------------------------------------

--
-- Table structure for table `cr_messages`
--

CREATE TABLE `cr_messages` (
  `id` bigint(20) UNSIGNED NOT NULL,
  `car_id` bigint(20) UNSIGNED DEFAULT NULL,
  `customer_id` bigint(20) UNSIGNED DEFAULT NULL,
  `name` varchar(60) NOT NULL,
  `email` varchar(60) DEFAULT NULL,
  `content` text DEFAULT NULL,
  `ip_address` varchar(45) DEFAULT NULL,
  `created_at` timestamp NULL DEFAULT NULL,
  `updated_at` timestamp NULL DEFAULT NULL,
  `phone` varchar(60) DEFAULT NULL,
  `status` varchar(60) NOT NULL DEFAULT 'unread',
  `vendor_id` bigint(20) UNSIGNED DEFAULT NULL
) ENGINE=InnoDB DEFAULT CHARSET=utf8mb4 COLLATE=utf8mb4_unicode_ci;

--
-- Dumping data for table `cr_messages`
--

INSERT INTO `cr_messages` (`id`, `car_id`, `customer_id`, `name`, `email`, `content`, `ip_address`, `created_at`, `updated_at`, `phone`, `status`, `vendor_id`) VALUES
(1, NULL, 10, 'John Doe', 'johndoe@example.com', 'I would like to know more about your services.', '192.168.1.1', '2025-08-01 08:36:44', '2025-08-01 08:36:44', '123-456-7890', 'unread', 12),
(2, NULL, 3, 'Jane Smith', 'janesmith@example.com', 'Can you provide a quotation for the project?', '192.168.1.2', '2025-08-01 08:36:44', '2025-08-01 08:36:44', '987-654-3210', 'unread', NULL),
(3, NULL, 11, 'Alice Brown', 'alicebrown@example.com', 'I am having an issue with my recent order.', '192.168.1.3', '2025-08-01 08:36:44', '2025-08-01 08:36:44', '555-666-7777', 'read', NULL),
(4, NULL, 9, 'Bob Green', 'bobgreen@example.com', 'What are your business hours?', '192.168.1.4', '2025-08-01 08:36:44', '2025-08-01 08:36:44', '222-333-4444', 'unread', 12),
(5, NULL, 4, 'Charlie White', 'charliewhite@example.com', 'I need assistance with your product.', '192.168.1.5', '2025-08-01 08:36:44', '2025-08-01 08:36:44', '333-444-5555', 'unread', NULL),
(6, NULL, 5, 'Diana Blue', 'dianablue@example.com', 'Do you offer international shipping?', '192.168.1.6', '2025-08-01 08:36:44', '2025-08-01 08:36:44', '444-555-6666', 'unread', NULL),
(7, NULL, 2, 'Edward Black', 'edwardblack@example.com', 'Can I schedule an appointment?', '192.168.1.7', '2025-08-01 08:36:44', '2025-08-01 08:36:44', '555-666-7778', 'unread', 12),
(8, NULL, 11, 'Fiona Gray', 'fionagray@example.com', 'Your website is not loading for me.', '192.168.1.8', '2025-08-01 08:36:44', '2025-08-01 08:36:44', '666-777-8888', 'read', NULL),
(9, NULL, 6, 'George Violet', 'georgeviolet@example.com', 'I want to change my order details.', '192.168.1.9', '2025-08-01 08:36:44', '2025-08-01 08:36:44', '777-888-9999', 'unread', NULL),
(10, NULL, 11, 'Hannah Pink', 'hannahpink@example.com', 'Can you send me a catalog of your products?', '192.168.1.10', '2025-08-01 08:36:44', '2025-08-01 08:36:44', '888-999-0000', 'unread', 12),
(11, NULL, 11, 'Ian Orange', 'ianorange@example.com', 'Do you offer discounts for bulk purchases?', '192.168.1.11', '2025-08-01 08:36:44', '2025-08-01 08:36:44', '999-000-1111', 'unread', NULL),
(12, NULL, 4, 'Jack Purple', 'jackpurple@example.com', 'I forgot my account password.', '192.168.1.12', '2025-08-01 08:36:44', '2025-08-01 08:36:44', '000-111-2222', 'unread', NULL),
(13, NULL, 2, 'Karen Yellow', 'karenyellow@example.com', 'Can you expedite my order?', '192.168.1.13', '2025-08-01 08:36:44', '2025-08-01 08:36:44', '111-222-3333', 'unread', 12),
(14, NULL, 11, 'Liam Red', 'liamred@example.com', 'Do you have a return policy?', '192.168.1.14', '2025-08-01 08:36:44', '2025-08-01 08:36:44', '222-333-4445', 'read', NULL),
(15, NULL, 10, 'Mia Silver', 'miasilver@example.com', 'Thank you for resolving my issue quickly.', '192.168.1.15', '2025-08-01 08:36:44', '2025-08-01 08:36:44', '333-444-5556', 'unread', NULL),
(16, NULL, 2, 'Noah Gold', 'noahgold@example.com', 'Can I get an invoice for my purchase?', '192.168.1.16', '2025-08-01 08:36:44', '2025-08-01 08:36:44', '444-555-6667', 'unread', 12),
(17, NULL, 3, 'Olivia Bronze', 'oliviabronze@example.com', 'I would like to cancel my order.', '192.168.1.17', '2025-08-01 08:36:44', '2025-08-01 08:36:44', '555-666-7779', 'unread', NULL),
(18, NULL, 8, 'Paul Amber', 'paulamber@example.com', 'Your support team is very helpful.', '192.168.1.18', '2025-08-01 08:36:44', '2025-08-01 08:36:44', '666-777-8889', 'unread', NULL),
(19, NULL, 8, 'Quinn Platinum', 'quinnplatinum@example.com', 'How do I track my shipment?', '192.168.1.19', '2025-08-01 08:36:44', '2025-08-01 08:36:44', '777-888-9990', 'read', 12),
(20, NULL, 2, 'Ruby Diamond', 'rubydiamond@example.com', 'Great service and prompt delivery!', '192.168.1.20', '2025-08-01 08:36:44', '2025-08-01 08:36:44', '888-999-0001', 'unread', NULL);

-- --------------------------------------------------------

--
-- Table structure for table `cr_services`
--

CREATE TABLE `cr_services` (
  `id` bigint(20) UNSIGNED NOT NULL,
  `name` varchar(191) NOT NULL,
  `description` text DEFAULT NULL,
  `content` text DEFAULT NULL,
  `price` double UNSIGNED NOT NULL DEFAULT 0,
  `currency_id` bigint(20) UNSIGNED DEFAULT NULL,
  `price_type` varchar(191) NOT NULL DEFAULT 'once',
  `image` varchar(191) DEFAULT NULL,
  `logo` varchar(191) DEFAULT NULL,
  `status` varchar(191) NOT NULL DEFAULT 'pending',
  `created_at` timestamp NULL DEFAULT NULL,
  `updated_at` timestamp NULL DEFAULT NULL
) ENGINE=InnoDB DEFAULT CHARSET=utf8mb4 COLLATE=utf8mb4_unicode_ci;

--
-- Dumping data for table `cr_services`
--

INSERT INTO `cr_services` (`id`, `name`, `description`, `content`, `price`, `currency_id`, `price_type`, `image`, `logo`, `status`, `created_at`, `updated_at`) VALUES
(1, 'Driver Rental Service', 'In addition to our car rental service, we offer professional drivers for hire. Enjoy a stress-free journey with our experienced drivers handling the road.', '<h6>Determine Your Trip Purpose</h6><p class=\"neutral-1000\">The first step in choosing the right rental car is to clearly define the purpose of your trip. Are you traveling alone or with family? Is it a business trip or a leisure vacation? The purpose of your trip will greatly influence the type of car you need. For instance, a compact car might be ideal for a solo business trip in a busy city, while a spacious SUV or minivan would be better suited for a family road trip.</p><h6>Consider the Number of Passengers and Luggage</h6><p>The number of passengers and the amount of luggage you need to carry are crucial factors in choosing a rental car. If you\'re traveling with a large group or have plenty of baggage, a larger vehicle like an SUV or minivan will provide the space and comfort you need. On the other hand, if you\'re traveling light or with just one other person, a compact or mid-size car may be more economical and easier to maneuver.</p><h6>Think About the Terrain and Weather Conditions</h6><p>Where you’re going plays a significant role in your choice of rental car. If you\'re planning to drive in a mountainous region or during winter, a vehicle with all-wheel drive (AWD) or four-wheel drive (4WD) might be necessary for safety. For urban areas with smooth roads, a standard sedan or compact car should suffice. Additionally, consider the climate; air conditioning is essential in hot climates, while heated seats can be a nice touch in colder regions.</p><h6>Assess Your Budget</h6><p>Your budget is another crucial factor when choosing a rental car. Rental rates vary depending on the vehicle type, rental duration, and additional services or features. Set a budget before you start comparing options and stick to it. Remember to factor in additional costs like insurance, fuel, and any extras such as GPS, child seats, or toll passes.</p><h6>Check for Special Requirements or Preferences</h6><shortcode>[content-columns quantity=\"2\" content_1=\"Sit voluptatem magni consequuntur incidunt quos odio qui facere. Ipsam at architecto perspiciatis provident. Omnis error et et odio dolor corrupti. Illo qui magni architecto autem eos explicabo ducimus. Amet sint vel ratione at voluptas consectetur doloribus. Consequuntur est sint natus dolor occaecati soluta sed.\" content_2=\"Sint doloribus labore saepe iusto. In magni et aperiam saepe est. Recusandae quos eveniet omnis. Sint ut voluptatibus animi veritatis sed qui. Repellendus et quidem eum error velit. Nulla est occaecati quia asperiores consectetur. Veniam quaerat impedit ipsam facere natus quod. Maiores quisquam tenetur at soluta. Voluptas fugit ipsum autem.\"][/content-columns]</shortcode><h6>Conclusion</h6><p>Choosing the right rental car involves more than just picking a vehicle that looks good. By considering the purpose of your trip, the number of passengers, the terrain, fuel efficiency, and your budget, you can select a car that will make your journey smooth, comfortable, and enjoyable. Take your time to compare options and book in advance to ensure you get the best vehicle for your needs. Whether you\'re hitting the open road or navigating city streets, the right rental car can make all the difference in your travel experience.</p>', 636, NULL, 'once', 'services/citron-with-bg-1.png', 'icons/lexus.png', 'published', '2025-06-10 20:28:35', '2025-06-26 09:55:02'),
(2, 'Oil Change Service', 'Keep your engine in top condition with our oil change service. Available as an add-on to any of our maintenance or repair services.', '<h6>Determine Your Trip Purpose</h6><p class=\"neutral-1000\">The first step in choosing the right rental car is to clearly define the purpose of your trip. Are you traveling alone or with family? Is it a business trip or a leisure vacation? The purpose of your trip will greatly influence the type of car you need. For instance, a compact car might be ideal for a solo business trip in a busy city, while a spacious SUV or minivan would be better suited for a family road trip.</p><h6>Consider the Number of Passengers and Luggage</h6><p>The number of passengers and the amount of luggage you need to carry are crucial factors in choosing a rental car. If you\'re traveling with a large group or have plenty of baggage, a larger vehicle like an SUV or minivan will provide the space and comfort you need. On the other hand, if you\'re traveling light or with just one other person, a compact or mid-size car may be more economical and easier to maneuver.</p><h6>Think About the Terrain and Weather Conditions</h6><p>Where you’re going plays a significant role in your choice of rental car. If you\'re planning to drive in a mountainous region or during winter, a vehicle with all-wheel drive (AWD) or four-wheel drive (4WD) might be necessary for safety. For urban areas with smooth roads, a standard sedan or compact car should suffice. Additionally, consider the climate; air conditioning is essential in hot climates, while heated seats can be a nice touch in colder regions.</p><h6>Assess Your Budget</h6><p>Your budget is another crucial factor when choosing a rental car. Rental rates vary depending on the vehicle type, rental duration, and additional services or features. Set a budget before you start comparing options and stick to it. Remember to factor in additional costs like insurance, fuel, and any extras such as GPS, child seats, or toll passes.</p><h6>Check for Special Requirements or Preferences</h6><shortcode>[content-columns quantity=\"2\" content_1=\"Minima unde distinctio voluptatibus. Tempore quasi non ad voluptates. Placeat repellendus et labore maiores et qui numquam. Ea aliquam dolores voluptatem quas et ab omnis dolores. Est necessitatibus quidem asperiores voluptas fugit. Aut quod quae laboriosam accusantium. Dolores non fuga debitis et molestiae excepturi amet. At corrupti inventore est facilis.\" content_2=\"Numquam sed consequuntur asperiores ut inventore sit distinctio. Ullam placeat consequatur sint ipsa dolore. Corporis in in ullam earum. Non quibusdam exercitationem quos voluptatem deleniti. Facilis dolores est ut nam sunt itaque. Dolore amet nobis ipsam illum. Velit quibusdam omnis et sit. Mollitia voluptate dolor repellendus temporibus vel.\"][/content-columns]</shortcode><h6>Conclusion</h6><p>Choosing the right rental car involves more than just picking a vehicle that looks good. By considering the purpose of your trip, the number of passengers, the terrain, fuel efficiency, and your budget, you can select a car that will make your journey smooth, comfortable, and enjoyable. Take your time to compare options and book in advance to ensure you get the best vehicle for your needs. Whether you\'re hitting the open road or navigating city streets, the right rental car can make all the difference in your travel experience.</p>', 136, NULL, 'once', 'services/3-520x380.jpg', 'icons/mer.png', 'published', '2025-06-10 20:28:35', '2025-06-26 10:03:35'),
(3, 'Car Wash & Detailing Package', 'Enhance your car rental or repair experience with our premium car wash and detailing service, leaving your car spotless inside and out.', '<h6>Determine Your Trip Purpose</h6><p class=\"neutral-1000\">The first step in choosing the right rental car is to clearly define the purpose of your trip. Are you traveling alone or with family? Is it a business trip or a leisure vacation? The purpose of your trip will greatly influence the type of car you need. For instance, a compact car might be ideal for a solo business trip in a busy city, while a spacious SUV or minivan would be better suited for a family road trip.</p><h6>Consider the Number of Passengers and Luggage</h6><p>The number of passengers and the amount of luggage you need to carry are crucial factors in choosing a rental car. If you\'re traveling with a large group or have plenty of baggage, a larger vehicle like an SUV or minivan will provide the space and comfort you need. On the other hand, if you\'re traveling light or with just one other person, a compact or mid-size car may be more economical and easier to maneuver.</p><h6>Think About the Terrain and Weather Conditions</h6><p>Where you’re going plays a significant role in your choice of rental car. If you\'re planning to drive in a mountainous region or during winter, a vehicle with all-wheel drive (AWD) or four-wheel drive (4WD) might be necessary for safety. For urban areas with smooth roads, a standard sedan or compact car should suffice. Additionally, consider the climate; air conditioning is essential in hot climates, while heated seats can be a nice touch in colder regions.</p><h6>Assess Your Budget</h6><p>Your budget is another crucial factor when choosing a rental car. Rental rates vary depending on the vehicle type, rental duration, and additional services or features. Set a budget before you start comparing options and stick to it. Remember to factor in additional costs like insurance, fuel, and any extras such as GPS, child seats, or toll passes.</p><h6>Check for Special Requirements or Preferences</h6><shortcode>[content-columns quantity=\"2\" content_1=\"Beatae aperiam recusandae omnis dolor. Cum est possimus fuga nam quaerat. Aut nesciunt totam porro neque facere quae magnam. Rem ea magnam possimus laudantium voluptatibus repellat voluptatem. Officia debitis iusto autem debitis. Temporibus voluptatem labore deserunt itaque. Error eaque aut ut autem. Sed error ipsa nesciunt excepturi. Ipsum aut quaerat et ab sed nihil occaecati.\" content_2=\"Ad aperiam natus blanditiis dolores esse qui officiis omnis. Quia aut eligendi facere excepturi. Error exercitationem id itaque minima enim. Repellat et corrupti qui mollitia vitae. Nemo reiciendis sit mollitia iusto a qui cupiditate. Minima quaerat ab recusandae odit enim necessitatibus. Nihil atque veniam et.\"][/content-columns]</shortcode><h6>Conclusion</h6><p>Choosing the right rental car involves more than just picking a vehicle that looks good. By considering the purpose of your trip, the number of passengers, the terrain, fuel efficiency, and your budget, you can select a car that will make your journey smooth, comfortable, and enjoyable. Take your time to compare options and book in advance to ensure you get the best vehicle for your needs. Whether you\'re hitting the open road or navigating city streets, the right rental car can make all the difference in your travel experience.</p>', 476, NULL, 'once', 'services/top-10-car-wash-services-in-kl-selangor.png', 'icons/bugatti.png', 'published', '2025-06-10 20:28:35', '2025-06-26 10:08:16'),
(4, 'Roadside Assistance', 'Our roadside assistance service ensures peace of mind while you rent or drive. Get help with breakdowns, flat tires, or towing when you need it most.', '<h6>Determine Your Trip Purpose</h6><p class=\"neutral-1000\">The first step in choosing the right rental car is to clearly define the purpose of your trip. Are you traveling alone or with family? Is it a business trip or a leisure vacation? The purpose of your trip will greatly influence the type of car you need. For instance, a compact car might be ideal for a solo business trip in a busy city, while a spacious SUV or minivan would be better suited for a family road trip.</p><h6>Consider the Number of Passengers and Luggage</h6><p>The number of passengers and the amount of luggage you need to carry are crucial factors in choosing a rental car. If you\'re traveling with a large group or have plenty of baggage, a larger vehicle like an SUV or minivan will provide the space and comfort you need. On the other hand, if you\'re traveling light or with just one other person, a compact or mid-size car may be more economical and easier to maneuver.</p><h6>Think About the Terrain and Weather Conditions</h6><p>Where you’re going plays a significant role in your choice of rental car. If you\'re planning to drive in a mountainous region or during winter, a vehicle with all-wheel drive (AWD) or four-wheel drive (4WD) might be necessary for safety. For urban areas with smooth roads, a standard sedan or compact car should suffice. Additionally, consider the climate; air conditioning is essential in hot climates, while heated seats can be a nice touch in colder regions.</p><h6>Assess Your Budget</h6><p>Your budget is another crucial factor when choosing a rental car. Rental rates vary depending on the vehicle type, rental duration, and additional services or features. Set a budget before you start comparing options and stick to it. Remember to factor in additional costs like insurance, fuel, and any extras such as GPS, child seats, or toll passes.</p><h6>Check for Special Requirements or Preferences</h6><shortcode>[content-columns quantity=\"2\" content_1=\"Est ea qui fugit natus et deserunt voluptatum nihil. Delectus omnis dolores qui omnis enim. Qui dolores quae explicabo animi eum et neque velit. Quo iure mollitia soluta et in magni.\" content_2=\"Aut esse ducimus dicta reiciendis cum voluptas. Vel nemo quisquam fugit. Velit nam quia in voluptatem praesentium. Quam sit sit tempora sit. Rem maxime deleniti aspernatur et eum soluta voluptas magni. Et occaecati eligendi et tempora et voluptate. Atque impedit delectus sed provident sed odit occaecati.\"][/content-columns]</shortcode><h6>Conclusion</h6><p>Choosing the right rental car involves more than just picking a vehicle that looks good. By considering the purpose of your trip, the number of passengers, the terrain, fuel efficiency, and your budget, you can select a car that will make your journey smooth, comfortable, and enjoyable. Take your time to compare options and book in advance to ensure you get the best vehicle for your needs. Whether you\'re hitting the open road or navigating city streets, the right rental car can make all the difference in your travel experience.</p>', 428, NULL, 'once', 'services/how-can-we-use-roadside-assistance-cover-in-car-insurance.jpg', 'icons/jaguar.png', 'published', '2025-06-10 20:28:35', '2025-06-26 10:06:43'),
(5, 'Temporary Car Replacement', 'If your car is in for repairs or maintenance, we offer a temporary car replacement service so you’re never without transportation.', '<h6>Determine Your Trip Purpose</h6><p class=\"neutral-1000\">The first step in choosing the right rental car is to clearly define the purpose of your trip. Are you traveling alone or with family? Is it a business trip or a leisure vacation? The purpose of your trip will greatly influence the type of car you need. For instance, a compact car might be ideal for a solo business trip in a busy city, while a spacious SUV or minivan would be better suited for a family road trip.</p><shortcode>[content-images quantity=\"2\" image_1=\"news/5.jpg\" image_2=\"news/1.jpg\"][/content-images]</shortcode><h6>Consider the Number of Passengers and Luggage</h6><p>The number of passengers and the amount of luggage you need to carry are crucial factors in choosing a rental car. If you\'re traveling with a large group or have plenty of baggage, a larger vehicle like an SUV or minivan will provide the space and comfort you need. On the other hand, if you\'re traveling light or with just one other person, a compact or mid-size car may be more economical and easier to maneuver.</p><h6>Think About the Terrain and Weather Conditions</h6><p>Where you’re going plays a significant role in your choice of rental car. If you\'re planning to drive in a mountainous region or during winter, a vehicle with all-wheel drive (AWD) or four-wheel drive (4WD) might be necessary for safety. For urban areas with smooth roads, a standard sedan or compact car should suffice. Additionally, consider the climate; air conditioning is essential in hot climates, while heated seats can be a nice touch in colder regions.</p><h6>Assess Your Budget</h6><p>Your budget is another crucial factor when choosing a rental car. Rental rates vary depending on the vehicle type, rental duration, and additional services or features. Set a budget before you start comparing options and stick to it. Remember to factor in additional costs like insurance, fuel, and any extras such as GPS, child seats, or toll passes.</p><h6>Check for Special Requirements or Preferences</h6><shortcode>[content-columns quantity=\"2\" content_1=\"Facere optio est id a cupiditate qui. Saepe harum sunt numquam iure recusandae sequi. Laboriosam architecto quia ut eaque quae commodi accusantium exercitationem. Dolore totam ab commodi et possimus rerum ex.\" content_2=\"Qui sit voluptates eos amet non doloribus. Quia earum aspernatur similique libero autem. Nisi reiciendis in deleniti. Non corrupti necessitatibus quis tenetur ut ut veritatis. Mollitia hic quia id commodi molestias eaque. Debitis minus sit nihil.\"][/content-columns]</shortcode><shortcode>[content-images quantity=\"2\" image_1=\"news/5.jpg\" image_2=\"news/1.jpg\"][/content-images]</shortcode><h6>Conclusion</h6><p>Choosing the right rental car involves more than just picking a vehicle that looks good. By considering the purpose of your trip, the number of passengers, the terrain, fuel efficiency, and your budget, you can select a car that will make your journey smooth, comfortable, and enjoyable. Take your time to compare options and book in advance to ensure you get the best vehicle for your needs. Whether you\'re hitting the open road or navigating city streets, the right rental car can make all the difference in your travel experience.</p>', 246, NULL, 'once', 'services/car-replace.jpg', 'icons/honda.png', 'published', '2025-06-10 20:28:35', '2025-06-26 10:08:05'),
(6, 'Tire Replacement & Balancing', 'We provide tire replacement and wheel balancing services, ensuring your car is safe and smooth on the road, available as an add-on to any maintenance package.', '<h6>Determine Your Trip Purpose</h6><p class=\"neutral-1000\">The first step in choosing the right rental car is to clearly define the purpose of your trip. Are you traveling alone or with family? Is it a business trip or a leisure vacation? The purpose of your trip will greatly influence the type of car you need. For instance, a compact car might be ideal for a solo business trip in a busy city, while a spacious SUV or minivan would be better suited for a family road trip.</p><shortcode>[content-images quantity=\"2\" image_1=\"news/9.jpg\" image_2=\"news/7.jpg\"][/content-images]</shortcode><h6>Consider the Number of Passengers and Luggage</h6><p>The number of passengers and the amount of luggage you need to carry are crucial factors in choosing a rental car. If you\'re traveling with a large group or have plenty of baggage, a larger vehicle like an SUV or minivan will provide the space and comfort you need. On the other hand, if you\'re traveling light or with just one other person, a compact or mid-size car may be more economical and easier to maneuver.</p><h6>Think About the Terrain and Weather Conditions</h6><p>Where you’re going plays a significant role in your choice of rental car. If you\'re planning to drive in a mountainous region or during winter, a vehicle with all-wheel drive (AWD) or four-wheel drive (4WD) might be necessary for safety. For urban areas with smooth roads, a standard sedan or compact car should suffice. Additionally, consider the climate; air conditioning is essential in hot climates, while heated seats can be a nice touch in colder regions.</p><h6>Assess Your Budget</h6><p>Your budget is another crucial factor when choosing a rental car. Rental rates vary depending on the vehicle type, rental duration, and additional services or features. Set a budget before you start comparing options and stick to it. Remember to factor in additional costs like insurance, fuel, and any extras such as GPS, child seats, or toll passes.</p><h6>Check for Special Requirements or Preferences</h6><shortcode>[content-columns quantity=\"2\" content_1=\"Dignissimos omnis dolorum delectus earum error. Laborum soluta ad doloremque excepturi beatae aut omnis. Rem magni culpa explicabo doloribus. Hic pariatur aut similique. Voluptatem hic a consequatur hic similique vel. Voluptatum rem illum maxime debitis sed. Fuga placeat aut cum autem dolorem qui nesciunt.\" content_2=\"Voluptatem ratione aut atque. Reiciendis aspernatur ipsum voluptatum delectus. Nihil corrupti temporibus dolores vel. Maxime ea saepe facilis dolores illum. Et cumque ut ut iste. Provident voluptate sit minima non. Aut aliquid beatae harum voluptas asperiores quis dolores tenetur. Et exercitationem quisquam molestiae atque sit.\"][/content-columns]</shortcode><shortcode>[content-images quantity=\"2\" image_1=\"news/9.jpg\" image_2=\"news/7.jpg\"][/content-images]</shortcode><h6>Conclusion</h6><p>Choosing the right rental car involves more than just picking a vehicle that looks good. By considering the purpose of your trip, the number of passengers, the terrain, fuel efficiency, and your budget, you can select a car that will make your journey smooth, comfortable, and enjoyable. Take your time to compare options and book in advance to ensure you get the best vehicle for your needs. Whether you\'re hitting the open road or navigating city streets, the right rental car can make all the difference in your travel experience.</p>', 709, NULL, 'once', 'services/tire-replacement.jpg', 'icons/chevrolet.png', 'published', '2025-06-10 20:28:35', '2025-06-26 10:04:45');

-- --------------------------------------------------------

--
